000
CXUS54 KEPZ 011156
CLMELP


CLIMATE REPORT
NATIONAL WEATHER SERVICE EL PASO, TX
551 AM MDT WED NOV 1 2017

...................................

...THE EL PASO     CLIMATE SUMMARY FOR THE MONTH OF OCTOBER 2017...

CLIMATE NORMAL PERIOD 1981 TO 2010
CLIMATE RECORD PERIOD 1879 TO 2017

WEATHER         OBSERVED          NORMAL  DEPART  LAST YEAR`S
                 VALUE   DATE(S)  VALUE   FROM    VALUE  DATE(S)
                                          NORMAL
................................................................
TEMPERATURE (F)
RECORD
 HIGH              96   10/02/2015
                        10/05/1994
                        10/11/1979
 LOW               25   10/30/1970
                        10/29/1970
HIGHEST            92   10/06        83       9       90  10/17
                                                          10/16
                                                          10/15
LOWEST             38   10/29        44      -6       48  10/21
AVG. MAXIMUM     82.6              78.2     4.4     84.9
AVG. MINIMUM     56.4              52.0     4.4     57.7
MEAN             69.5              65.1     4.4     71.3
DAYS MAX >= 90      4               0.6     3.4        4
DAYS MAX <= 32      0               0.0     0.0        0
DAYS MIN <= 32      0               0.2    -0.2        0
DAYS MIN <= 0       0               0.0     0.0        0

PRECIPITATION (INCHES)
RECORD
 MAXIMUM         5.15
 MINIMUM         0.00
TOTALS           0.05              0.61   -0.56     0.00
DAYS >= .01         2                                  0
DAYS >= .10         0                                  0
DAYS >= .50         0                                  0
DAYS >= 1.00        0                                  0
GREATEST
 24 HR. TOTAL    0.03   10/19 TO 10/19
 STORM TOTAL       MM
 (MM/DD(HH))            MM

SNOWFALL (INCHES)
TOTALS            0.0                                0.0
SNOWDEPTH AVG.      0                                  0
DAYS >= TRACE       0                                  0
GREATEST
 SNOW DEPTH         0   MM
 24 HR TOTAL      0.0   10/31 TO 10/31
 STORM TOTAL       MM
 (MM/DD(HH))            MM

DEGREE_DAYS
HEATING TOTAL      43                79     -36        2
 SINCE 7/1         43                83     -40        7
COOLING TOTAL     191                82     109      204
 SINCE 1/1       2903              2328     575     2788

FREEZE DATES
RECORD
 EARLIEST     10/16/1880
 LATEST       05/02/1967
EARLIEST                        12/06
LATEST                          02/07
.................................................................

WIND (MPH)
AVERAGE WIND SPEED              7.6
HIGHEST WIND SPEED/DIRECTION    37/020    DATE  10/19
HIGHEST GUST SPEED/DIRECTION    42/020    DATE  10/19

SKY COVER
POSSIBLE SUNSHINE (PERCENT)   MM
AVERAGE SKY COVER           0.20
NUMBER OF DAYS FAIR           23
NUMBER OF DAYS PC              8
NUMBER OF DAYS CLOUDY          0

AVERAGE RH (PERCENT)     39

WEATHER CONDITIONS. NUMBER OF DAYS WITH
THUNDERSTORM              2     MIXED PRECIP               0
HEAVY RAIN                0     RAIN                       0
LIGHT RAIN                4     FREEZING RAIN              0
LT FREEZING RAIN          0     HAIL                       0
HEAVY SNOW                0     SNOW                       0
LIGHT SNOW                0     SLEET                      0
FOG                       0     FOG W/VIS <= 1/4 MILE      0
HAZE                      3

-  INDICATES NEGATIVE NUMBERS.
R  INDICATES RECORD WAS SET OR TIED.
MM INDICATES DATA IS MISSING.
T  INDICATES TRACE AMOUNT.

$$
