891
CXUS53 KTOP 011500
CLMEMP


CLIMATE REPORT
NATIONAL WEATHER SERVICE TOPEKA KS
954 AM CDT SUN MAY 1 2016

...................................

...THE EMPORIA KS CLIMATE SUMMARY FOR THE MONTH OF APRIL 2016...

CLIMATE NORMAL PERIOD 1981 TO 2010
CLIMATE RECORD PERIOD 9999 TO 9999

WEATHER         OBSERVED          NORMAL  DEPART  LAST YEAR`S
                 VALUE   DATE(S)  VALUE   FROM    VALUE
                                          NORMAL
.............................................................
TEMPERATURE (F)
HIGHEST            86   04/05                         84
LOWEST             27   04/02                         26
AVG. MAXIMUM     70.1              67.8     2.3     68.5
AVG. MINIMUM     45.9              43.8     2.1     46.2
MEAN             58.0              55.8     2.2     57.3
DAYS MAX >= 90      0               0.4    -0.4        0
DAYS MAX <= 32      0               0.0     0.0        0
DAYS MIN <= 32      3               3.1    -0.1        1
DAYS MIN <= 0       0               0.0     0.0        0

PRECIPITATION (INCHES)
TOTALS           6.55              3.38    3.17     4.31
DAILY AVG.       0.22                               0.14
DAYS >= .01        10                                 11
DAYS >= .10         7                                 10
DAYS >= .50         4                                  2
DAYS >= 1.00        1                                  1
GREATEST
 24 HR. TOTAL    3.41   04/26 TO 04/27              1.28

DEGREE_DAYS
HEATING TOTAL     222               297     -75      229
 SINCE 7/1       3778              4729    -951     4761
COOLING TOTAL      19                21      -2        5
 SINCE 1/1         20                23      -3        6
..............................................................

WIND (MPH)
AVERAGE WIND SPEED              12.3
HIGHEST WIND SPEED/DIRECTION    39/180    DATE  04/05
HIGHEST GUST SPEED/DIRECTION    52/180    DATE  04/05

SKY COVER
POSSIBLE SUNSHINE (PERCENT)   MM
AVERAGE SKY COVER           0.40
NUMBER OF DAYS FAIR           17
NUMBER OF DAYS PC              7
NUMBER OF DAYS CLOUDY          6

AVERAGE RH (PERCENT)     62

WEATHER CONDITIONS. NUMBER OF DAYS WITH
THUNDERSTORM              5     MIXED PRECIP               0
HEAVY RAIN                4     RAIN                       8
LIGHT RAIN               11     FREEZING RAIN              0
LT FREEZING RAIN          0     HEAVY SNOW                 0
SNOW                      0     LIGHT SNOW                 0
FOG                      12     FOG W/VIS <= 1/4 MILE      1
HAZE                     13

-  INDICATES NEGATIVE NUMBERS.
R  INDICATES RECORD WAS SET OR TIED.
MM INDICATES DATA IS MISSING.
T  INDICATES TRACE AMOUNT.

$$
