000
CXUS53 KTOP 011424
CLMEMP


CLIMATE REPORT
NATIONAL WEATHER SERVICE TOPEKA KS
921 AM CDT SAT JUL 1 2017

...................................

...THE EMPORIA KS CLIMATE SUMMARY FOR THE MONTH OF JUNE 2017...

CLIMATE NORMAL PERIOD 1981 TO 2010
CLIMATE RECORD PERIOD 9999 TO 9999

WEATHER         OBSERVED          NORMAL  DEPART  LAST YEAR`S
                 VALUE   DATE(S)  VALUE   FROM    VALUE
                                          NORMAL
.............................................................
TEMPERATURE (F)
HIGHEST            92   06/15                        101
LOWEST             53   06/08                         56
AVG. MAXIMUM     85.1              84.0     1.1     89.9
AVG. MINIMUM     62.9              63.0    -0.1     66.4
MEAN             74.0              73.5     0.5     78.2
DAYS MAX >= 90      9               4.8     4.2       18
DAYS MAX <= 32      0               0.0     0.0        0
DAYS MIN <= 32      0               0.0     0.0        0
DAYS MIN <= 0       0               0.0     0.0        0

PRECIPITATION (INCHES)
TOTALS           4.20              5.84   -1.64     1.26
DAILY AVG.       0.14                               0.04
DAYS >= .01         9                                  7
DAYS >= .10         6                                  4
DAYS >= .50         4                                  1
DAYS >= 1.00        1                                  0
GREATEST
 24 HR. TOTAL    1.40   06/30 TO 06/30              0.54

DEGREE_DAYS
HEATING TOTAL       0                 8      -8        0
 SINCE 7/1       3916              4819    -903     3902
COOLING TOTAL     278               263      15      402
 SINCE 1/1        410               382      28      478
..............................................................

WIND (MPH)
AVERAGE WIND SPEED              10.4
HIGHEST WIND SPEED/DIRECTION    37/280    DATE  06/15
HIGHEST GUST SPEED/DIRECTION    49/300    DATE  06/15

SKY COVER
POSSIBLE SUNSHINE (PERCENT)   MM
AVERAGE SKY COVER           0.20
NUMBER OF DAYS FAIR           24
NUMBER OF DAYS PC              6
NUMBER OF DAYS CLOUDY          0

AVERAGE RH (PERCENT)     73

WEATHER CONDITIONS. NUMBER OF DAYS WITH
THUNDERSTORM              8     MIXED PRECIP               0
HEAVY RAIN                6     RAIN                       5
LIGHT RAIN               11     FREEZING RAIN              0
LT FREEZING RAIN          0     HEAVY SNOW                 0
SNOW                      0     LIGHT SNOW                 0
FOG                      10     FOG W/VIS <= 1/4 MILE      1
HAZE                      1

-  INDICATES NEGATIVE NUMBERS.
R  INDICATES RECORD WAS SET OR TIED.
MM INDICATES DATA IS MISSING.
T  INDICATES TRACE AMOUNT.

$$
