000
CXUS56 KPQR 011426
CLMEUG


CLIMATE REPORT
NATIONAL WEATHER SERVICE PORTLAND OREGON
726 AM PDT TUE AUG 1 2017

...................................

...THE EUGENE OR CLIMATE SUMMARY FOR THE MONTH OF JULY 2017...

CLIMATE NORMAL PERIOD 1981 TO 2010
CLIMATE RECORD PERIOD 1892 TO 2017

WEATHER         OBSERVED          NORMAL  DEPART  LAST YEAR`S
                 VALUE   DATE(S)  VALUE   FROM    VALUE  DATE(S)
                                          NORMAL
................................................................
TEMPERATURE (F)
HIGHEST            94                                 98  07/29
LOWEST             45                                 47  07/31
                                                          07/20
AVG. MAXIMUM     84.7              82.3     2.4     81.9
AVG. MINIMUM     50.2              51.4    -1.2     52.4
MEAN             67.5              66.8     0.7     67.1
DAYS MAX >= 90      5               5.2    -0.2        4
DAYS MAX <= 32      0               0.0     0.0        0
DAYS MIN <= 32      0               0.0     0.0        0
DAYS MIN <= 0       0               0.0     0.0        0

PRECIPITATION (INCHES)
RECORD
 MAXIMUM         3.38   1916
 MINIMUM         0.00   2013
                        2003
                        1967
TOTALS           0.02              0.54   -0.52     0.25
DAYS >= .01         2               3.1    -1.1        3
DAYS >= .10         0               1.2    -1.2        1
DAYS >= .50         0               0.3    -0.3        0
DAYS >= 1.00        0               0.0     0.0        0
GREATEST
 24 HR. TOTAL    0.01   07/20 TO 07/20
                        07/01 TO 07/01

DEGREE_DAYS
HEATING TOTAL       5                36     -31       10
 SINCE 7/1          5                36     -31       10
COOLING TOTAL      85                93      -8       85
 SINCE 1/1        129               117      12      153
.................................................................

WIND (MPH)
AVERAGE WIND SPEED              7.2
RESULTANT WIND SPEED/DIRECTION   5/002
HIGHEST WIND SPEED/DIRECTION    25/020    DATE  07/23
HIGHEST GUST SPEED/DIRECTION    30/020    DATE  07/31

SKY COVER
POSSIBLE SUNSHINE (PERCENT)   MM
AVERAGE SKY COVER           0.20
NUMBER OF DAYS FAIR           25
NUMBER OF DAYS PC              6
NUMBER OF DAYS CLOUDY          0

AVERAGE RH (PERCENT)     63

WEATHER CONDITIONS. NUMBER OF DAYS WITH
THUNDERSTORM              0     MIXED PRECIP               0
HEAVY RAIN                0     RAIN                       0
LIGHT RAIN                1     FREEZING RAIN              0
LT FREEZING RAIN          0     HAIL                       0
HEAVY SNOW                0     SNOW                       0
LIGHT SNOW                0     SLEET                      0
FOG                       5     FOG W/VIS <= 1/4 MILE      1
HAZE                      3

-  INDICATES NEGATIVE NUMBERS.
R  INDICATES RECORD WAS SET OR TIED.
MM INDICATES DATA IS MISSING.
T  INDICATES TRACE AMOUNT.

$$
