000
CXUS51 KOKX 011542
CLMEWR

CLIMATE REPORT
NATIONAL WEATHER SERVICE NEW YORK NY
1141 AM EDT SUN OCT 1 2017

...................................

...THE NEWARK NJ CLIMATE SUMMARY FOR THE MONTH OF SEPTEMBER 2017...

CLIMATE NORMAL PERIOD 1981 TO 2010
CLIMATE RECORD PERIOD 1929 TO 2017

WEATHER         OBSERVED          NORMAL  DEPART  LAST YEAR`S
                 VALUE   DATE(S)  VALUE   FROM    VALUE  DATE(S)
                                          NORMAL
................................................................
TEMPERATURE (F)
RECORD
 HIGH             105   09/02/1953
 LOW               35   09/27/1947
HIGHEST            92   09/24        MM      MM       94  09/14
LOWEST             49   09/02        MM      MM       51  09/26
AVG. MAXIMUM     79.7              76.7     3.0     80.6
AVG. MINIMUM     62.1              59.7     2.4     63.0
MEAN             70.9              68.2     2.7     71.8
DAYS MAX >= 90      3               1.1     1.9        5
DAYS MAX <= 32      0               0.0     0.0        0
DAYS MIN <= 32      0               0.0     0.0        0
DAYS MIN <= 0       0               0.0     0.0        0

PRECIPITATION (INCHES)
RECORD
 MAXIMUM        17.66   1882
 MINIMUM         0.14   1941
TOTALS           1.72              3.82   -2.10     2.17
DAILY AVG.       0.06              0.13   -0.07     0.07
DAYS >= .01         7               8.6    -1.6        8
DAYS >= .10         4               5.8    -1.8        5
DAYS >= .50         1               2.7    -1.7        1
DAYS >= 1.00        0               0.9    -0.9        1
GREATEST
 24 HR. TOTAL    0.60   09/02 TO 09/02           09/18 TO 09/19
                                                          09/19 TO 09/19
                                                          09/19 TO 09/20
 STORM TOTAL       MM                                 MM
 (MM/DD(HH))            MM                    09/19(00) TO 09/19(00)
                                                 09/19(00) TO 09/19(00)0
                                                 09/20(00) TO 09/20(00)0

DEGREE_DAYS
HEATING TOTAL      17                44     -27       16
 SINCE 7/1         17                45     -28       16
COOLING TOTAL     202               140      62      227
 SINCE 1/1       1230              1174      56     1537
.................................................

WIND (MPH)
AVERAGE WIND SPEED              9.1
HIGHEST WIND SPEED/DIRECTION    31/280    DATE  09/05
HIGHEST GUST SPEED/DIRECTION    39/280    DATE  09/05


WEATHER CONDITIONS. NUMBER OF DAYS WITH
THUNDERSTORM              0     MIXED PRECIP               0
HEAVY RAIN                3     RAIN                       3
LIGHT RAIN                9     FREEZING RAIN              0
LT FREEZING RAIN          0     HAIL                       0
HEAVY SNOW                0     SNOW                       0
LIGHT SNOW                0     SLEET                      0
FOG                       8     FOG W/VIS <= 1/4 MILE      0
HAZE                      5

-  INDICATES NEGATIVE NUMBERS.
R  INDICATES RECORD WAS SET OR TIED.
MM INDICATES DATA IS MISSING.
T  INDICATES TRACE AMOUNT.

$$
