000
CXUS52 KKEY 022246
CLMEYW

CLIMATE REPORT
NATIONAL WEATHER SERVICE KEY WEST, FL
641 PM EDT THU JUL 2 2015

...................................

...THE KEY WEST CLIMATE SUMMARY FOR THE MONTH OF JUNE 2015...

CLIMATE NORMAL PERIOD 1981 TO 2010
CLIMATE RECORD PERIOD 1871 TO 2015

WEATHER         OBSERVED          NORMAL  DEPART  LAST YEAR`S
                 VALUE   DATE(S)  VALUE   FROM    VALUE  DATE(S)
                                          NORMAL
................................................................
TEMPERATURE (F)
RECORD
 HIGH              96   06/06/1881
 LOW               65   06/02/1932
HIGHEST            94   06/30                         91  06/29
                                                          06/28
                                                          06/25
LOWEST             73   06/10                         74  06/12
AVG. MAXIMUM     88.0              87.8     0.2     87.8
AVG. MINIMUM     79.5              78.8     0.7     79.0
MEAN             83.8              83.3     0.5     83.4
DAYS MAX >= 90      8               3.1     4.9       10
DAYS MAX <= 32      0               0.0     0.0        0
DAYS MIN <= 32      0               0.0     0.0        0
DAYS MIN <= 0       0               0.0     0.0        0

PRECIPITATION (INCHES)
RECORD
 MAXIMUM        14.43   1972
 MINIMUM         0.14   1927
TOTALS           2.64              4.11   -1.47     2.38
DAILY AVG.       0.09              0.14   -0.05     0.08
DAYS >= .01        10              11.0    -1.0       13
DAYS >= .10         3               6.3    -3.3        7
DAYS >= .50         2               2.5    -0.5        1
DAYS >= 1.00        1               1.2    -0.2        0

SNOWFALL (INCHES)
RECORDS
 TOTAL
TOTALS            0.0               0.0     0.0      0.0
SINCE 7/1         0.0               0.0     0.0      0.0
SNOWDEPTH AVG.      0                                  0
DAYS >= 1.0         0               0.0     0.0        0
GREATEST
 SNOW DEPTH         0                                  0
 24 HR TOTAL      0.0   06/30 TO 06/30

DEGREE_DAYS
HEATING TOTAL       0                 0       0        0
 SINCE 7/1         27                73     -46       22
COOLING TOTAL     571               549      22      558
 SINCE 1/1       2288              1979     309     2180
.................................................................

WIND (MPH)
AVERAGE WIND SPEED              9.6
HIGHEST WIND SPEED/DIRECTION    38/180    DATE  06/10
HIGHEST GUST SPEED/DIRECTION    59/180    DATE  06/10

SKY COVER
POSSIBLE SUNSHINE (PERCENT)   MM
AVERAGE SKY COVER           0.20
NUMBER OF DAYS FAIR           26
NUMBER OF DAYS PC              4
NUMBER OF DAYS CLOUDY          0

AVERAGE RH (PERCENT)     76

WEATHER CONDITIONS. NUMBER OF DAYS WITH
THUNDERSTORM              0     MIXED PRECIP               0
HEAVY RAIN                4     RAIN                       4
LIGHT RAIN               10     FREEZING RAIN              0
LT FREEZING RAIN          0     HAIL                       0
HEAVY SNOW                0     SNOW                       0
LIGHT SNOW                0     SLEET                      0
FOG                       5     FOG W/VIS <= 1/4 MILE      0
HAZE                      1

-  INDICATES NEGATIVE NUMBERS.
R  INDICATES RECORD WAS SET OR TIED.
MM INDICATES DATA IS MISSING.
T  INDICATES TRACE AMOUNT.

$$
