225
CXAK59 PAFG 020310
CLMFAI


CLIMATE REPORT
NATIONAL WEATHER SERVICE FAIRBANKS, AK
702 PM AKDT TUE AUG 1 2017

...................................

...THE FAIRBANKS CLIMATE SUMMARY FOR THE MONTH OF JULY 2017...

CLIMATE NORMAL PERIOD 1981 TO 2010
CLIMATE RECORD PERIOD 1904 TO 2017

WEATHER         OBSERVED          NORMAL  DEPART  LAST YEAR`S
                 VALUE   DATE(S)  VALUE   FROM    VALUE  DATE(S)
                                          NORMAL
................................................................
TEMPERATURE (F)
RECORD
 HIGH              99   07/28/1919
 LOW               30   07/11/1905
HIGHEST            86   07/06        85       1       88  07/14
                                                          07/13
LOWEST             49   07/22        43       6       50  07/23
AVG. MAXIMUM     75.4              72.7     2.7     71.2
AVG. MINIMUM     56.0              52.3     3.7     55.6
MEAN             65.7              62.5     3.2     63.4
DAYS MAX >= 90      0               0.1    -0.1        0
DAYS MAX <= 32      0               0.0     0.0        0
DAYS MIN <= 32      0               0.0     0.0        0
DAYS MIN <= 0       0               0.0     0.0        0

PRECIPITATION (INCHES)
RECORD
 MAXIMUM         5.96   2003
 MINIMUM         0.06   2009
TOTALS           1.94              2.16   -0.22     4.97
DAILY AVG.       0.06              0.07   -0.01     0.16
DAYS >= .01        14              12.9     1.1       19
DAYS >= .10         5               5.3    -0.3       12
DAYS >= .50         1               1.0     0.0        2
DAYS >= 1.00        0               0.3    -0.3        0
GREATEST
 24 HR. TOTAL    0.83   07/02 TO 07/02           07/17 TO 07/18

SNOWFALL (INCHES)
RECORDS
 TOTAL            0.0   MM
 24 HR TOTAL      0.0   MM
 SNOW DEPTH         0   MM
TOTALS            0.0               0.0     0.0      0.0
SINCE 7/1         0.0               0.0     0.0      0.0
SNOWDEPTH AVG.      0                MM      MM        0
DAYS >= TRACE       0               0.0     0.0        0
DAYS >= 1.0         0               0.0     0.0        0
GREATEST
 SNOW DEPTH         0   MM                             0  MM
 24 HR TOTAL      0.0   07/31 TO 07/31           07/31 TO 07/31

DEGREE_DAYS
HEATING TOTAL      24               108     -84       84
 SINCE 7/1         24               108     -84       84
COOLING TOTAL      55                31      24       43
 SINCE 1/1         90                55      35       68
..................................................

WIND (MPH)
AVERAGE WIND SPEED              3.9
HIGHEST WIND SPEED/DIRECTION    28/250    DATE  07/23
HIGHEST GUST SPEED/DIRECTION    36/250    DATE  07/23

SKY COVER
AVERAGE SKY COVER           0.70


WEATHER CONDITIONS. NUMBER OF DAYS WITH
THUNDERSTORM              0     MIXED PRECIP               0
HEAVY RAIN                0     RAIN                       3
LIGHT RAIN               20     FREEZING RAIN              0
LT FREEZING RAIN          0     HAIL                       0
HEAVY SNOW                0     SNOW                       0
LIGHT SNOW                0     SLEET                      0
FOG                      11     FOG W/VIS <= 1/4 MILE      0
HAZE                      6

-  INDICATES NEGATIVE NUMBERS.
R  INDICATES RECORD WAS SET OR TIED.
MM INDICATES DATA IS MISSING.
T  INDICATES TRACE AMOUNT.

$$
