000
CXUS53 KFGF 011417 CCB
CLMFAR

BISCLMFAR 000...CORRECTED
TTAA00 KFGF 010940


CLIMATE REPORT
NATIONAL WEATHER SERVICE EASTERN NORTH DAKOTA/GRAND FORKS
447 AM CDT FRI SEP 1 2017

...................................

...THE FARGO HECTOR INTL AP ND CLIMATE SUMMARY FOR THE MONTH OF
AUGUST 2017...

CLIMATE NORMAL PERIOD 1981 TO 2010
CLIMATE RECORD PERIOD 1881 TO 2017

WEATHER         OBSERVED          NORMAL  DEPART  LAST YEAR`S
                 VALUE   DATE(S)  VALUE   FROM    VALUE  DATE(S)
                                          NORMAL
................................................................
TEMPERATURE (F)
RECORD
 HIGH             106   08/18/1976
 LOW               32   08/31/1886
                        08/25/1885
HIGHEST            87   08/29        81       6       91  08/23
LOWEST             45   08/23        57     -12       46  08/21
AVG. MAXIMUM     78.3              81.2    -2.9     81.6
AVG. MINIMUM     55.3              57.3    -2.0     58.9
MEAN             66.8              69.3    -2.5     70.3
DAYS MAX >= 90      0               4.0    -4.0        1
DAYS MAX <= 32      0               0.0     0.0        0
DAYS MIN <= 32      0               0.0     0.0        0
DAYS MIN <= 0       0               0.0     0.0        0

PRECIPITATION (INCHES)
RECORD
 MAXIMUM         9.58   1900
 MINIMUM         0.18   1984
TOTALS           2.30              2.56   -0.26     1.56
DAILY AVG.       0.07              0.08   -0.01     0.05
DAYS >= .01         9               9.1    -0.1        9
DAYS >= .10         4               4.6    -0.6        4
DAYS >= .50         2               1.2     0.8        0
DAYS >= 1.00        1               0.5     0.5        0
GREATEST
 24 HR. TOTAL    1.12   08/13 TO 08/13                MM
 STORM TOTAL       MM                                 MM
 (MM/DD(HH))            MM

SNOWFALL (INCHES)
RECORDS
 TOTAL             MM   MM
TOTALS            0.0               0.0     0.0      0.0
SINCE 7/1         0.0               0.0     0.0      0.0
SNOWDEPTH AVG.      0                MM      MM        0
DAYS >= 1.0         0               0.0     0.0        0
GREATEST
 SNOW DEPTH         0   MM                             0  MM
 24 HR TOTAL      0.0   08/31 TO 08/31

DEGREE_DAYS
HEATING TOTAL       9                34     -25        9
 SINCE 7/1         16                50     -34       17
COOLING TOTAL      73               165     -92      180
 SINCE 1/1        447               505     -58      603
..................................................

WIND (MPH)
AVERAGE WIND SPEED              7.4
HIGHEST WIND SPEED/DIRECTION    25/310    DATE  08/22
HIGHEST GUST SPEED/DIRECTION    31/160    DATE  08/31

SKY COVER
POSSIBLE SUNSHINE (PERCENT)   MM
AVERAGE SKY COVER           0.30
NUMBER OF DAYS FAIR           21
NUMBER OF DAYS PC              6
NUMBER OF DAYS CLOUDY          4

AVERAGE RH (PERCENT)     71

WEATHER CONDITIONS. NUMBER OF DAYS WITH
THUNDERSTORM              0     MIXED PRECIP               0
HEAVY RAIN                3     RAIN                       4
LIGHT RAIN               10     FREEZING RAIN              0
LT FREEZING RAIN          0     HAIL                       0
HEAVY SNOW                0     SNOW                       0
LIGHT SNOW                0     SLEET                      0
FOG                      12     FOG W/VIS <= 1/4 MILE      2
HAZE                      0

-  INDICATES NEGATIVE NUMBERS.
R  INDICATES RECORD WAS SET OR TIED.
MM INDICATES DATA IS MISSING.
T  INDICATES TRACE AMOUNT.

&&

REMARKS...

THE MONTH OF AUGUST AT FARGO HECTOR INTERNATIONAL AIRPORT WAS BELOW
NORMAL WITH RESPECT TO TEMPERATURES. THE AVERAGE TEMPERATURE FOR
AUGUST WAS 66.8 DEGREES WHICH IS 2.5 DEGREES BELOW NORMAL.

PRECIPITATION FOR AUGUST WAS BELOW NORMAL.  THE TOTAL RAINFALL FOR
THE MONTH WAS 2.30 INCHES WHICH IS 0.26 INCHES BELOW NORMAL.

REMEMBER...THIS DATA IS PROVISIONAL AND SUBJECT TO CHANGE. THE FINAL
AND OFFICIAL RECORDS WILL BE AVAILABLE FROM THE NATIONAL CENTERS FOR
ENVIRONMENTAL INFORMATION (FORMERLY THE NATIONAL CLIMATE DATA
CENTER).

$$
