000
CXUS53 KFGF 011013 CCA
CLMFAR

BISCLMFAR 000
TTAA00 KFGF 010955


CLIMATE REPORT
NATIONAL WEATHER SERVICE EASTERN NORTH DAKOTA/GRAND FORKS
344 AM CST SUN JAN 1 2017

...................................

...THE FARGO HECTOR INTL AP ND CLIMATE SUMMARY FOR THE MONTH OF DECEMBER 2016...

CLIMATE NORMAL PERIOD 1981 TO 2010
CLIMATE RECORD PERIOD 1881 TO 2016

WEATHER         OBSERVED          NORMAL  DEPART  LAST YEAR`S
                 VALUE   DATE(S)  VALUE   FROM    VALUE  DATE(S)
                                          NORMAL
................................................................
TEMPERATURE (F)
RECORD
 HIGH              65   12/06/1939
 LOW              -36   12/29/1887
HIGHEST            39   12/23        21      18       46  12/10
LOWEST            -20   12/18         4     -24       -5  12/27
AVG. MAXIMUM     23.5              22.3     1.2     29.3
AVG. MINIMUM      8.5               5.9     2.6     16.9
MEAN             16.0              14.1     1.9     23.1
DAYS MAX >= 90      0               0.0     0.0        0
DAYS MAX <= 32     20              22.3    -2.3       17
DAYS MIN <= 32     31              30.8     0.2       30
DAYS MIN <= 0      10              11.1    -1.1        4

PRECIPITATION (INCHES)
RECORD
 MAXIMUM         2.28   1927
 MINIMUM         0.02   1913
TOTALS           1.27              0.83    0.44     0.65
DAILY AVG.       0.04              0.03    0.01     0.02
DAYS >= .01        13               9.2     3.8       10
DAYS >= .10         4               2.4     1.6        2
DAYS >= .50         1               0.3     0.7        0
DAYS >= 1.00        0               0.0     0.0        0
GREATEST
 24 HR. TOTAL    0.73   12/25 TO 12/26           11/30 TO 12/01
                                                          12/16 TO 12/16
                                                          12/16 TO 12/16
 STORM TOTAL       MM                                 MM
 (MM/DD(HH))            MM                    12/01(00) TO 12/01(00)
                                                 12/16(00) TO 12/16(00)6
                                                 12/16(00) TO 12/16(00)6

SNOWFALL (INCHES)
RECORDS
 TOTAL           33.5   2008
TOTALS            8.3              11.2    -2.9      7.7
SINCE 7/1        12.0              19.8    -7.8     10.6
SNOWDEPTH AVG.      2                 4      -2        2
DAYS >= 1.0         2               3.3    -1.3        2
GREATEST
 SNOW DEPTH         5   12/19                          5  12/17
                        12/18
                        12/17
 24 HR TOTAL      2.1   12/11 TO 12/11
 STORM TOTAL       MM                                 MM
 (MM/DD(HH))            MM                    12/16(00) TO 12/16(00)
                                                 12/16(00) TO 12/16(00)6
                                                 12/16(00) TO 12/16(00)6

DEGREE_DAYS
HEATING TOTAL    1510              1578     -68     1290
 SINCE 7/1       2815              3540    -725     2731
COOLING TOTAL       0                 0       0        0
 SINCE 1/1        661               551     110      677
.......................................................

WIND (MPH)
AVERAGE WIND SPEED              13.8
HIGHEST WIND SPEED/DIRECTION    43/280    DATE  12/06
HIGHEST GUST SPEED/DIRECTION    53/280    DATE  12/06

SKY COVER
POSSIBLE SUNSHINE (PERCENT)   MM
AVERAGE SKY COVER           0.60
NUMBER OF DAYS FAIR            8
NUMBER OF DAYS PC             10
NUMBER OF DAYS CLOUDY         13

AVERAGE RH (PERCENT)     75

WEATHER CONDITIONS. NUMBER OF DAYS WITH
THUNDERSTORM              0     MIXED PRECIP               0
HEAVY RAIN                0     RAIN                       1
LIGHT RAIN                2     FREEZING RAIN              1
LT FREEZING RAIN          1     HAIL                       0
HEAVY SNOW                0     SNOW                       4
LIGHT SNOW               19     SLEET                      0
FOG                      13     FOG W/VIS <= 1/4 MILE      2
HAZE                     12

-  INDICATES NEGATIVE NUMBERS.
R  INDICATES RECORD WAS SET OR TIED.
MM INDICATES DATA IS MISSING.
T  INDICATES TRACE AMOUNT.

&&

REMARKS...

DECEMBER 2016 WAS RATHER AVERAGE IN TERMS OF TEMPERATURE. THE
AVERAGE TEMPERATURE OF 16.0 WAS 1.9 DEGREES ABOVE NORMAL. NO HIGH
OR LOW DAILY TEMPERATURE RECORDS WERE SET.

PRECIPITATION WAS A SLIGHTLY DIFFERENT STORY. WHILE THE 8.3 INCHES
OF MONTHLY SNOWFALL WAS A COUPLE OF INCHES BELOW AVERAGE, THE TOTAL
PRECIPITATION OF 1.27 TURNED OUT TO BE THE TENTH HIGHEST ON RECORD.
MUCH OF THE LIQUID EQUIVALENT FELL AS RAIN/FREEZING RAIN AND NOT
SNOW DURING THE CHRISTMAS DAY STORM.

REMEMBER...THIS DATA IS PROVISIONAL AND SUBJECT TO CHANGE. THE FINAL
AND OFFICIAL RECORDS WILL BE AVAILABLE FROM THE FROM THE NATIONAL
CENTERS FOR ENVIRONMENTAL INFORMATION (FORMERLY THE NATIONAL CLIMATE
DATA CENTER).

$$
