000
CXUS52 KRAH 011155
CLMFAY


CLIMATE REPORT
NATIONAL WEATHER SERVICE RALEIGH NC
747 AM EDT SUN MAY 1 2016

...................................

...THE FAYETTEVILLE REGL AIRPORT NC CLIMATE SUMMARY FOR THE MONTH OF APRIL 2016...

CLIMATE NORMAL PERIOD 1981 TO 2010
CLIMATE RECORD PERIOD 1910 TO 2016

WEATHER         OBSERVED          NORMAL  DEPART  LAST YEAR`S
                 VALUE   DATE(S)  VALUE   FROM    VALUE
                                          NORMAL
.............................................................
TEMPERATURE (F)
RECORD
 HIGH              96   04/12/1930
 LOW               22   04/10/1996
HIGHEST            91   04/19                         87
LOWEST             31   04/10                         36
                        04/06
AVG. MAXIMUM     74.6              74.9    -0.3     75.0
AVG. MINIMUM     50.5              50.4     0.1     53.1
MEAN             62.6              62.7    -0.1     64.1
DAYS MAX >= 90      1                                  0
DAYS MAX <= 32      0                                  0
DAYS MIN <= 32      2                                  0
DAYS MIN <= 0       0                                  0

PRECIPITATION (INCHES)
RECORD
 MAXIMUM         7.37   1918
TOTALS           3.53              2.82    0.71     2.66
DAYS >= .01         6
DAYS >= .10         5
DAYS >= .50         3
DAYS >= 1.00        1
GREATEST
 24 HR. TOTAL    1.37   04/28 TO 04/28

DEGREE_DAYS
HEATING TOTAL     139               138       1       95
 SINCE 7/1       2142              2707    -565     2932
COOLING TOTAL      73                67       6       75
 SINCE 1/1        135                83      52       92
..............................................................

WIND (MPH)
AVERAGE WIND SPEED              9.1
HIGHEST WIND SPEED/DIRECTION    36/240    DATE  04/07
HIGHEST GUST SPEED/DIRECTION    45/230    DATE  04/07

SKY COVER
POSSIBLE SUNSHINE (PERCENT)   MM
AVERAGE SKY COVER           0.20
NUMBER OF DAYS FAIR           21
NUMBER OF DAYS PC              7
NUMBER OF DAYS CLOUDY          2

AVERAGE RH (PERCENT)     58

WEATHER CONDITIONS. NUMBER OF DAYS WITH
THUNDERSTORM              4     MIXED PRECIP               0
HEAVY RAIN                3     RAIN                       3
LIGHT RAIN                6     FREEZING RAIN              0
LT FREEZING RAIN          0     HAIL                       0
HEAVY SNOW                0     SNOW                       0
LIGHT SNOW                0     SLEET                      0
FOG                      10     FOG W/VIS <= 1/4 MILE      1
HAZE                      1

-  INDICATES NEGATIVE NUMBERS.
R  INDICATES RECORD WAS SET OR TIED.
MM INDICATES DATA IS MISSING.
T  INDICATES TRACE AMOUNT.

&&

THE MINIMUM TEMPERATURE APRIL 6TH AT FAYETTEVILLE REGIONAL AIRPORT
WAS 31 DEGREES. THIS TIED THE RECORD MINIMUM SET IN 1920.

$$
