000
CXUS53 KLMK 011034 RRB
CLMFFT

CLIMATE REPORT
NATIONAL WEATHER SERVICE LOUISVILLE KY
633 AM EDT SUN MAY 1 2016

...................................

...THE FRANKFORT KY CLIMATE SUMMARY FOR THE MONTH OF APRIL 2016...

CLIMATE NORMAL PERIOD 1981 TO 2010
CLIMATE RECORD PERIOD 1895 TO 2016

WEATHER         OBSERVED          NORMAL  DEPART  LAST YEAR`S
                 VALUE   DATE(S)  VALUE   FROM    VALUE  DATE(S)
                                          NORMAL
................................................................
TEMPERATURE (F)
RECORD
 HIGH              95   04/27/1914
 LOW               16   04/01/1969
HIGHEST            85   04/18        MM      MM       82  04/09
LOWEST             27   04/03        MM      MM       30  04/24
                                                          04/05
AVG. MAXIMUM     69.2              67.0     2.2     67.6
AVG. MINIMUM     44.9              43.3     1.6     44.2
MEAN             57.0              55.2     1.8     55.9
DAYS MAX >= 90      0               0.0     0.0        0
DAYS MAX <= 32      0               0.0     0.0        0
DAYS MIN <= 32      4               3.8     0.2        3
DAYS MIN <= 0       0               0.0     0.0        0

PRECIPITATION (INCHES)
RECORD
 MAXIMUM        13.95   2011
 MINIMUM         0.69   1896
TOTALS           3.07              3.69   -0.62    11.24
DAILY AVG.       0.10              0.12   -0.02     0.37
DAYS >= .01        12                MM      MM       16
DAYS >= .10         5                MM      MM       11
DAYS >= .50         3                MM      MM        4
DAYS >= 1.00        1                MM      MM        3
GREATEST
 24 HR. TOTAL    1.13   04/27 TO 04/28

SNOWFALL (INCHES)
RECORDS
 TOTAL             MM   MM
TOTALS             MM                MM      MM       MM
SINCE 7/1          MM                MM      MM       MM
SNOWDEPTH AVG.     MM                MM      MM       MM
DAYS >= 1.0         0                MM      MM        0
GREATEST
 SNOW DEPTH        MM                                 MM  MM
 24 HR TOTAL       MM

DEGREE_DAYS
HEATING TOTAL     256               314     -58      273
 SINCE 7/1       3738              4578    -840     5065
COOLING TOTAL      25                18       7        8
 SINCE 1/1         26                20       6        8
.................................................................

WIND (MPH)
AVERAGE WIND SPEED              7.4
HIGHEST WIND SPEED/DIRECTION    35/340    DATE  04/26
HIGHEST GUST SPEED/DIRECTION    53/340    DATE  04/26

SKY COVER
POSSIBLE SUNSHINE (PERCENT)   MM
AVERAGE SKY COVER           0.40
NUMBER OF DAYS FAIR           17
NUMBER OF DAYS PC              8
NUMBER OF DAYS CLOUDY          5

AVERAGE RH (PERCENT)     58

WEATHER CONDITIONS. NUMBER OF DAYS WITH
THUNDERSTORM              0     MIXED PRECIP               0
HEAVY RAIN                3     RAIN                       6
LIGHT RAIN               12     FREEZING RAIN              0
LT FREEZING RAIN          0     HAIL                       0
HEAVY SNOW                0     SNOW                       0
LIGHT SNOW                1     SLEET                      0
FOG                       6     FOG W/VIS <= 1/4 MILE      0
HAZE                      3

-  INDICATES NEGATIVE NUMBERS.
R  INDICATES RECORD WAS SET OR TIED.
MM INDICATES DATA IS MISSING.
T  INDICATES TRACE AMOUNT.

$$
