000
CXUS53 KFGF 011035
CLMFGF

CLIMATE REPORT
NATIONAL WEATHER SERVICE EASTERN NORTH DAKOTA/GRAND FORKS
435 AM CST WED FEB 1 2017

...................................

...THE GRAND FORKS UNIV. (NWS) CLIMATE SUMMARY FOR THE MONTH OF JANUARY 2017...

CLIMATE NORMAL PERIOD 1981 TO 2010
CLIMATE RECORD PERIOD 1890 TO 2017

WEATHER         OBSERVED          NORMAL  DEPART  LAST YEAR`S
                 VALUE   DATE(S)  VALUE   FROM    VALUE
                                          NORMAL
.............................................................
TEMPERATURE (F)
RECORD
 HIGH              54   01/10/1990
 LOW              -43   01/11/1912
HIGHEST            37   01/21        15      22
LOWEST            -23   01/13        -3     -20
AVG. MAXIMUM     18.5              16.0     2.5
AVG. MINIMUM      5.0              -1.3     6.3
MEAN             11.8               7.4     4.4
DAYS MAX >= 90      0               0.0     0.0
DAYS MAX <= 32     24              27.0    -3.0
DAYS MIN <= 32     29              31.0    -2.0
DAYS MIN <= 0      13              16.5    -3.5

PRECIPITATION (INCHES)
RECORD
 MAXIMUM         2.65   1989
 MINIMUM         0.05   2008
TOTALS           0.60              0.71   -0.11
DAILY AVG.       0.02              0.02    0.00
DAYS >= .01         6               6.3    -0.3
DAYS >= .10         2               1.9     0.1
DAYS >= .50         0               0.2    -0.2
DAYS >= 1.00        0               0.1    -0.1
GREATEST
 24 HR. TOTAL    0.37   01/02 TO 01/02              0.20
 STORM TOTAL       MM                                 MM
 (MM/DD(HH))            MM

SNOWFALL (INCHES)
RECORDS
 TOTAL           37.9   1996
TOTALS           11.2              10.4     0.8
 LIQUID EQUIV    1.12              1.00    0.12
SINCE 7/1        37.7              28.4     9.3
 LIQUID 7/1      3.77
DAYS >= TRACE      15               7.2     7.8
DAYS >= 1.0         2               2.9    -0.9
GREATEST
 SNOW DEPTH        16   01/03
                        01/02

DEGREE_DAYS
HEATING TOTAL    1643              1787    -144
 SINCE 7/1       4690              5518    -828
COOLING TOTAL       0                 0       0
 SINCE 1/1          0                 0       0
..............................................................

SKY COVER
POSSIBLE SUNSHINE (PERCENT)   MM
AVERAGE SKY COVER             MM
NUMBER OF DAYS FAIR            0
NUMBER OF DAYS PC              0
NUMBER OF DAYS CLOUDY          0


WEATHER CONDITIONS. NUMBER OF DAYS WITH
THUNDERSTORM              0     MIXED PRECIP               0
HEAVY RAIN                0     RAIN                       0
LIGHT RAIN                1     FREEZING RAIN              0
LT FREEZING RAIN          1     HAIL                       0
HEAVY SNOW                0     SNOW                       0
LIGHT SNOW                7     SLEET                      0
FOG                       0     FOG W/VIS <= 1/4 MILE      0
HAZE                      0

-  INDICATES NEGATIVE NUMBERS.
R  INDICATES RECORD WAS SET OR TIED.
MM INDICATES DATA IS MISSING.
T  INDICATES TRACE AMOUNT.

&&
REMARKS...

JANUARY 2017 WAS ABOVE NORMAL IN TERMS OF TEMPERATURE. THE AVERAGE
TEMPERATURE OF 11.8 WAS 4.4 DEGREES ABOVE NORMAL. THE MINIMUM
TEMPERATURE REMAINED ABOVE FREEZING THROUGH 2 STRAIGHT DAYS: JANUARY
20TH AND 21ST...WITH RECORD HIGH MINIMUM TEMPERATURES SET EACH DAY.
A RECORD HIGH MINIMUM TEMPERATURE WAS ALSO WET ON THE THE 22ND WITH
A MINIMUM TEMPERATURE OF 32 DEGREES. IT IS THE SECOND TIME THAT THE
MINIMUM TEMPERATURE REMAINED ABOVE FREEZING FOR TWO DAYS IN JANUARY
AT THIS SITE.

PRECIPITATION AND SNOWFALL WERE NEAR NORMAL. THE TOTAL PRECIPITATION
OF 0.60 INCHES WAS 0.11 INCHES BELOW NORMAL...AND THE TOTAL SNOWFALL
OF 11.2 INCHES WAS 0.8 INCHES ABOVE NORMAL. THE MAJORITY OF THE SNOW
FELL ON JANUARY 2ND AND 3RD WITH 9.4 INCHES MEASURED. DAILY
PRECIPITATION AND SNOWFALL RECORDS WERE BROKEN ON JANUARY 2ND.

REMEMBER...THIS DATA IS PROVISIONAL AND SUBJECT TO CHANGE. THE FINAL
AND OFFICIAL RECORDS WILL BE AVAILABLE FROM THE FROM THE NATIONAL
CENTERS FOR ENVIRONMENTAL INFORMATION (FORMERLY THE NATIONAL CLIMATE
DATA CENTER).

$$
