000
CXUS53 KFGF 011740 AAA
CLMFGF

CLIMATE REPORT ... CORRECTED
NATIONAL WEATHER SERVICE EASTERN NORTH DAKOTA/GRAND FORKS
356 AM CDT TUE JUL 1 2014

...................................

...THE GRAND FORKS UNIV. (NWS) CLIMATE SUMMARY FOR THE MONTH OF JUNE 2014...

CLIMATE NORMAL PERIOD 1981 TO 2010
CLIMATE RECORD PERIOD 1890 TO 2014

WEATHER         OBSERVED          NORMAL  DEPART  LAST YEAR`S
                 VALUE   DATE(S)  VALUE   FROM    VALUE
                                          NORMAL
.............................................................
TEMPERATURE (F)
RECORD
 HIGH             105   06/18/1933
 LOW               28   06/03/1910
                        06/02/1910
HIGHEST            89   06/21        78      11
LOWEST             47   06/13        54      -7
                        06/08
AVG. MAXIMUM     74.4              76.6    -2.2
AVG. MINIMUM     55.9              53.9     2.0
MEAN             65.1              65.3    -0.2
DAYS MAX >= 90      0               1.7    -1.7
DAYS MAX <= 32      0               0.0     0.0
DAYS MIN <= 32      0               0.0     0.0
DAYS MIN <= 0       0               0.0     0.0

PRECIPITATION (INCHES)
RECORD
 MAXIMUM         9.52   1925
 MINIMUM         0.49   1903
TOTALS           6.75              3.74    3.01
DAILY AVG.       0.22              0.12    0.10
DAYS >= .01        15              11.0     4.0
DAYS >= .10        11               6.5     4.5
DAYS >= .50         5               2.4     2.6
DAYS >= 1.00        2               0.7     1.3
GREATEST
 24 HR. TOTAL    1.56   06/02 TO 06/02              1.30
 STORM TOTAL       MM                                 MM
 (MM/DD(HH))            MM

SNOWFALL (INCHES)
RECORDS
 TOTAL             MM   MM
TOTALS            0.0               0.0     0.0
 LIQUID EQUIV    0.00              0.00    0.00
SINCE 7/1        60.3              43.4    16.9
 LIQUID 7/1      6.03
DAYS >= TRACE       0               0.0     0.0
DAYS >= 1.0         0               0.0     0.0
GREATEST
 SNOW DEPTH         0   MM

DEGREE_DAYS
HEATING TOTAL      52                83     -31
 SINCE 7/1      10423              9208    1215
COOLING TOTAL      62                91     -29
 SINCE 1/1        117               117       0
..............................................................

SKY COVER
POSSIBLE SUNSHINE (PERCENT)   MM
AVERAGE SKY COVER             MM
NUMBER OF DAYS FAIR            0
NUMBER OF DAYS PC              0
NUMBER OF DAYS CLOUDY          0


WEATHER CONDITIONS. NUMBER OF DAYS WITH
THUNDERSTORM              0     MIXED PRECIP               0
HEAVY RAIN                2     RAIN                       3
LIGHT RAIN               11     FREEZING RAIN              0
LT FREEZING RAIN          0     HAIL                       0
HEAVY SNOW                0     SNOW                       0
LIGHT SNOW                0     SLEET                      0
FOG                       3     FOG W/VIS <= 1/4 MILE      1
HAZE                      0

-  INDICATES NEGATIVE NUMBERS.
R  INDICATES RECORD WAS SET OR TIED.
MM INDICATES DATA IS MISSING.
T  INDICATES TRACE AMOUNT.

&&

...CORRECTED MONTHLY RAINFALL...

$$
