000
CXUS53 KFGF 011415 CCB
CLMFGF

BISCLMFGF 000...CORRECTED
TTAA00 KFGF 010940

CLIMATE REPORT
NATIONAL WEATHER SERVICE EASTERN NORTH DAKOTA/GRAND FORKS
459 AM CDT FRI SEP 1 2017

...................................

...THE GRAND FORKS UNIV. (NWS) CLIMATE SUMMARY FOR THE MONTH OF
AUGUST 2017...

CLIMATE NORMAL PERIOD 1981 TO 2010
CLIMATE RECORD PERIOD 1893 TO 2017

WEATHER         OBSERVED          NORMAL  DEPART  LAST YEAR`S
                 VALUE   DATE(S)  VALUE   FROM    VALUE
                                          NORMAL
.............................................................
TEMPERATURE (F)
RECORD
 HIGH             104   08/07/1983
 LOW               30   08/30/1931
HIGHEST            89   08/29        81       8
LOWEST             47   08/23        56      -9
AVG. MAXIMUM     79.1              80.4    -1.3
AVG. MINIMUM     55.2              56.2    -1.0
MEAN             67.2              68.3    -1.1
DAYS MAX >= 90      0               2.9    -2.9
DAYS MAX <= 32      0               0.0     0.0
DAYS MIN <= 32      0               0.0     0.0
DAYS MIN <= 0       0               0.0     0.0

PRECIPITATION (INCHES)
RECORD
 MAXIMUM        12.16   1944
 MINIMUM         0.07   1915
TOTALS           0.92              3.14   -2.22
DAILY AVG.       0.03              0.10   -0.07
DAYS >= .01         7               8.9    -1.9
DAYS >= .10         3               5.4    -2.4
DAYS >= .50         0               2.0    -2.0
DAYS >= 1.00        0               0.8    -0.8
GREATEST
 24 HR. TOTAL    0.33   08/16 TO 08/16              1.92
 STORM TOTAL       MM                                 MM
 (MM/DD(HH))            MM

SNOWFALL (INCHES)
RECORDS
 TOTAL             MM   MM
TOTALS            0.0               0.0     0.0
 LIQUID EQUIV    0.00              0.00    0.00
SINCE 7/1           T               0.0     0.0
 LIQUID 7/1        MM
DAYS >= TRACE       0               0.0     0.0
DAYS >= 1.0         0               0.0     0.0
GREATEST
 SNOW DEPTH         0   MM

DEGREE_DAYS
HEATING TOTAL       9                41     -32
 SINCE 7/1         18                64     -46
COOLING TOTAL      83               144     -61
 SINCE 1/1        397               432     -35
..............................................................

SKY COVER
POSSIBLE SUNSHINE (PERCENT)   MM
AVERAGE SKY COVER             MM
NUMBER OF DAYS FAIR            0
NUMBER OF DAYS PC              0
NUMBER OF DAYS CLOUDY          0


WEATHER CONDITIONS. NUMBER OF DAYS WITH
THUNDERSTORM              0     MIXED PRECIP               0
HEAVY RAIN                0     RAIN                       0
LIGHT RAIN                4     FREEZING RAIN              0
LT FREEZING RAIN          0     HAIL                       0
HEAVY SNOW                0     SNOW                       0
LIGHT SNOW                0     SLEET                      0
FOG                       4     FOG W/VIS <= 1/4 MILE      0
HAZE                      0

-  INDICATES NEGATIVE NUMBERS.
R  INDICATES RECORD WAS SET OR TIED.
MM INDICATES DATA IS MISSING.
T  INDICATES TRACE AMOUNT.

&&

REMARKS...

THE MONTH OF AUGUST AT GRAND FORKS NWS/UND SITE WAS BELOW NORMAL
WITH RESPECT TO TEMPERATURES. THE AVERAGE TEMPERATURE FOR AUGUST WAS
67.2 DEGREES WHICH IS 1.1 DEGREES BELOW NORMAL.

PRECIPITATION FOR AUGUST WAS BELOW NORMAL.  THE TOTAL RAINFALL FOR
THE MONTH WAS 0.92 INCHES WHICH IS 2.22 INCHES BELOW NORMAL. THIS IS
THE 10TH DRIEST AUGUST AT THIS LOCATION SINCE 1893.

REMEMBER...THIS DATA IS PROVISIONAL AND SUBJECT TO CHANGE. THE FINAL
AND OFFICIAL RECORDS WILL BE AVAILABLE FROM THE NATIONAL CENTERS FOR
ENVIRONMENTAL INFORMATION (FORMERLY THE NATIONAL CLIMATE DATA
CENTER).

$$
