000
CXUS55 KFGZ 011145
CLMFLG


CLIMATE REPORT
NATIONAL WEATHER SERVICE FLAGSTAFF, AZ
444 AM MST SUN FEB 1 2015

...................................

...THE FLAGSTAFF AZ AIRPORT CLIMATE SUMMARY FOR THE MONTH OF JANUARY 2015...

CLIMATE NORMAL PERIOD 1981 TO 2010
CLIMATE RECORD PERIOD 1898 TO 2015

WEATHER         OBSERVED          NORMAL  DEPART  LAST YEAR`S
                 VALUE   DATE(S)  VALUE   FROM    VALUE  DATE(S)
                                          NORMAL
................................................................
TEMPERATURE (F)
RECORD
 HIGH              66   01/30/1971
 LOW              -30   01/22/1937
HIGHEST            61   01/18                         60  01/29
LOWEST             -2   01/03                         11  01/05
AVG. MAXIMUM     46.9              42.5     4.4     50.7
AVG. MINIMUM     21.0              17.3     3.7     20.2
MEAN             34.0              29.9     4.1     35.5
DAYS MAX >= 90      0               0.0     0.0        0
DAYS MAX <= 32      3               3.6    -0.6        0
DAYS MIN <= 32     30              30.0     0.0       31
DAYS MIN <= 0       2               1.3     0.7        0

PRECIPITATION (INCHES)
RECORD
 MAXIMUM         9.55   1993
 MINIMUM         0.00   1972
TOTALS           2.19              2.05    0.14     0.17
DAILY AVG.       0.07              0.07    0.00     0.01
DAYS >= .01        10               7.6     2.4        1
DAYS >= .10         6               4.4     1.6        1
DAYS >= .50         2               1.2     0.8        0
DAYS >= 1.00        0               0.4    -0.4        0
GREATEST
 24 HR. TOTAL    1.00   01/29 TO 01/30              0.17

SNOWFALL (INCHES)
RECORDS
 TOTAL          104.8   1949
TOTALS           10.7              23.2              1.5
SINCE 7/1        29.7              52.3   -22.6     31.4
SNOWDEPTH AVG.      2                 7      -5        0
GREATEST
 SNOW DEPTH        15   01/01                          3  01/02
                                                          01/01
 24 HR TOTAL      6.0   01/13 TO 01/13               1.5

DEGREE_DAYS
HEATING TOTAL     954              1088    -134      906
 SINCE 7/1       3349              3916    -567     3819
COOLING TOTAL       0                 0       0        0
 SINCE 1/1          0                 0       0        0
.................................................................

WIND (MPH)
AVERAGE WIND SPEED              5.2
HIGHEST WIND SPEED/DIRECTION    32/060    DATE  01/22
HIGHEST GUST SPEED/DIRECTION    38/060    DATE  01/22

SKY COVER
POSSIBLE SUNSHINE (PERCENT)   MM
AVERAGE SKY COVER           0.30
NUMBER OF DAYS FAIR           20
NUMBER OF DAYS PC              4
NUMBER OF DAYS CLOUDY          7

AVERAGE RH (PERCENT)     64

WEATHER CONDITIONS. NUMBER OF DAYS WITH
THUNDERSTORM              0     MIXED PRECIP               0
HEAVY RAIN                0     RAIN                       2
LIGHT RAIN                8     FREEZING RAIN              0
LT FREEZING RAIN          0     HAIL                       0
HEAVY SNOW                1     SNOW                       2
LIGHT SNOW                6     SLEET                      0
FOG                      13     FOG W/VIS <= 1/4 MILE      4
HAZE                      2

-  INDICATES NEGATIVE NUMBERS.
R  INDICATES RECORD WAS SET OR TIED.
MM INDICATES DATA IS MISSING.
T  INDICATES TRACE AMOUNT.

$$
