000
CXUS53 KFSD 011916
CLMFSD

CLIMATE REPORT
NATIONAL WEATHER SERVICE SIOUX FALLS SD
115 PM CST MON JAN 1 2018

...................................

...THE SIOUX FALLS CLIMATE SUMMARY FOR THE MONTH OF DECEMBER 2017...

CLIMATE NORMAL PERIOD 1981 TO 2010
CLIMATE RECORD PERIOD 1893 TO 2017

WEATHER         OBSERVED          NORMAL  DEPART  LAST YEAR`S
                 VALUE   DATE(S)  VALUE   FROM    VALUE  DATE(S)
                                          NORMAL
................................................................
TEMPERATURE (F)
RECORD
 HIGH              63   12/03/1998
                        12/02/1998
 LOW              -31   12/29/1917
HIGHEST            56   12/02        MM      MM       45  12/05
LOWEST            -20   12/31        MM      MM      -27  12/18
AVG. MAXIMUM     30.3              28.5     1.8     28.7
AVG. MINIMUM     11.9               9.8     2.1     11.1
MEAN             21.1              19.2     1.9     19.9
DAYS MAX >= 90      0               0.0     0.0        0
DAYS MAX <= 32     16              17.7    -1.7       16
DAYS MIN <= 32     31              30.5     0.5       31
DAYS MIN <= 0       8               7.3     0.7        8

PRECIPITATION (INCHES)
RECORD
 MAXIMUM         2.97   1945
 MINIMUM            T   1986
                        1944
                        1905
TOTALS           0.68              0.69   -0.01     1.92
DAILY AVG.       0.02              0.02    0.00     0.06
DAYS >= .01         6               6.9    -0.9        5
DAYS >= .10         2               2.0     0.0        3
DAYS >= .50         0               0.3    -0.3        1
DAYS >= 1.00        0               0.0     0.0        1
GREATEST
 24 HR. TOTAL    0.31   12/21 TO 12/21

SNOWFALL (INCHES)
RECORDS
 TOTAL           41.1   1968
TOTALS           10.4               8.2     2.2     10.9
SINCE 7/1        10.6              16.9    -6.3     16.9
SNOWDEPTH AVG.      1                 4      -3        2
DAYS >= 1.0         3               2.4     0.6        2
GREATEST
 SNOW DEPTH         6   12/31                          8  12/18
                                                          12/17
 24 HR TOTAL      4.3   12/21 TO 12/21

DEGREE_DAYS
HEATING TOTAL    1352              1421     -69     1389
 SINCE 7/1       2761              3133    -372     2524
COOLING TOTAL       0                 0       0        0
 SINCE 1/1        776               690      86      879
.................................................................

WIND (MPH)
AVERAGE WIND SPEED              9.9
HIGHEST WIND SPEED/DIRECTION    43/320    DATE  12/13
HIGHEST GUST SPEED/DIRECTION    60/320    DATE  12/04

SKY COVER
POSSIBLE SUNSHINE (PERCENT)   MM
AVERAGE SKY COVER           0.60
NUMBER OF DAYS FAIR            3
NUMBER OF DAYS PC             20
NUMBER OF DAYS CLOUDY          8

AVERAGE RH (PERCENT)     74

WEATHER CONDITIONS. NUMBER OF DAYS WITH
THUNDERSTORM              0     MIXED PRECIP               0
HEAVY RAIN                0     RAIN                       0
LIGHT RAIN                2     FREEZING RAIN              0
LT FREEZING RAIN          1     HAIL                       0
HEAVY SNOW                1     SNOW                       3
LIGHT SNOW               13     SLEET                      0
FOG                      11     FOG W/VIS <= 1/4 MILE      3
HAZE                      0

-  INDICATES NEGATIVE NUMBERS.
R  INDICATES RECORD WAS SET OR TIED.
MM INDICATES DATA IS MISSING.
T  INDICATES TRACE AMOUNT.

$$
