000
CXUS56 KSGX 012001
CLMFUL


CLIMATE REPORT
NATIONAL WEATHER SERVICE SAN DIEGO, CA
1201 PM PST THU JAN 1 2015

...................................

...THE FULLERTON AIRPORT CA CLIMATE SUMMARY FOR THE MONTH OF DECEMBER 2014...

CLIMATE NORMAL PERIOD 1981 TO 2010
CLIMATE RECORD PERIOD 1998 TO 2014

WEATHER         OBSERVED          NORMAL  DEPART  LAST YEAR`S
                 VALUE   DATE(S)  VALUE   FROM    VALUE  DATE(S)
                                          NORMAL
................................................................
TEMPERATURE (F)
RECORD
 HIGH              87   12/12/2010
 LOW               31   12/24/1998
HIGHEST            85   12/23        70      15       85  12/27
                                                          12/16
LOWEST             38   12/28        46      -8       36  12/08
AVG. MAXIMUM     68.6              67.4     1.2     71.8
AVG. MINIMUM     50.0              44.8     5.2     45.0
MEAN             59.3              56.1     3.2     58.4
DAYS MAX >= 90      0               0.0     0.0        0
DAYS MAX <= 32      0               0.0     0.0        0
DAYS MAX >= 100     0                                  0
DAYS MIN <= 32      0               0.0     0.0        0

PRECIPITATION (INCHES)
RECORD
 MAXIMUM         8.95   2010
 MINIMUM         0.02   1990
TOTALS           3.16              2.05    1.11     0.53
DAILY AVG.       0.10              0.07    0.03     0.02
DAYS >= .01         7                MM      MM        2
DAYS >= .10         4                MM      MM        2
DAYS >= .50         3                MM      MM        0
DAYS >= 1.00        1                MM      MM        0
DAYS >= 1.50        0                                  0
DAYS >= 2.00        0                                  0
GREATEST
 24 HR. TOTAL    1.18   12/12 TO 12/12           12/18 TO 12/19
                                                          12/31 TO 12/31
                                                          12/31 TO 12/31
 STORM TOTAL       MM                                 MM
 (MM/DD(HH))            MM                    12/19(00) TO 12/19(00)
                                                 12/31(00) TO 12/31(00)1
                                                 12/31(00) TO 12/31(00)1

SNOWFALL (INCHES)
RECORDS
 TOTAL             MM   MM
TOTALS            0.0
SINCE 7/1         0.0

DEGREE_DAYS
HEATING TOTAL     173               276    -103      205
 SINCE 7/1        197               440    -243      281
COOLING TOTAL       4                 1       3        6
 SINCE 1/1       2113              1252     861     1902

FREEZE DATES
RECORD
 EARLIEST     MM
 LATEST       MM
EARLIEST      12/31             MM
LATEST                          MM
..................................................

WIND (MPH)
AVERAGE WIND SPEED              3.0
RESULTANT WIND SPEED/DIRECTION   1/101
HIGHEST WIND SPEED/DIRECTION    24/080    DATE  12/30
HIGHEST GUST SPEED/DIRECTION    32/140    DATE  12/12

SKY COVER
POSSIBLE SUNSHINE (PERCENT)   MM
AVERAGE SKY COVER           0.30
NUMBER OF DAYS FAIR           21
NUMBER OF DAYS PC              6
NUMBER OF DAYS CLOUDY          4

AVERAGE RH (PERCENT)     64

WEATHER CONDITIONS. NUMBER OF DAYS WITH
THUNDERSTORM              0     MIXED PRECIP               0
HEAVY RAIN                3     RAIN                       6
LIGHT RAIN                8     FREEZING RAIN              0
LT FREEZING RAIN          0     HAIL                       0
HEAVY SNOW                0     SNOW                       0
LIGHT SNOW                0     SLEET                      0
FOG                      15     FOG W/VIS <= 1/4 MILE      1
HAZE                      8

-  INDICATES NEGATIVE NUMBERS.
R  INDICATES RECORD WAS SET OR TIED.
MM INDICATES DATA IS MISSING.
T  INDICATES TRACE AMOUNT.

$$
