000
CXUS53 KUNR 092059
CLMGCC


CLIMATE REPORT
NATIONAL WEATHER SERVICE RAPID CITY SD
159 PM MST THU MAR 9 2017

...................................

...THE GILLETTE AIRPORT WY CLIMATE SUMMARY FOR THE MONTH OF FEBRUARY 2017...

CLIMATE NORMAL PERIOD 1981 TO 2010
CLIMATE RECORD PERIOD 9999 TO 9999

WEATHER         OBSERVED          NORMAL  DEPART  LAST YEAR`S
                 VALUE   DATE(S)  VALUE   FROM    VALUE  DATE(S)
                                          NORMAL
................................................................
TEMPERATURE (F)
HIGHEST            67   02/16                         63  02/18
LOWEST            -13   02/03                          9  02/03
AVG. MAXIMUM     43.4              38.2     5.2     46.3
AVG. MINIMUM     21.0              16.6     4.4     23.9
MEAN             32.2              27.4     4.8     35.1
DAYS MAX >= 90      0                                  0
DAYS MAX <= 32      7                                  4
DAYS MIN <= 32     21                                 27
DAYS MIN <= 0       3                                  0

PRECIPITATION (INCHES)
TOTALS           0.30              0.39   -0.09     1.11
DAILY AVG.       0.01              0.01    0.00     0.04
DAYS >= .01         8                                  8
DAYS >= .10         0                                  4
DAYS >= .50         0                                  1
DAYS >= 1.00        0                                  0
GREATEST
 24 HR. TOTAL    0.20   01/31 TO 02/01              0.52

DEGREE_DAYS
HEATING TOTAL     910              1053    -143      860
 SINCE 7/1       4757              5408    -651     4731
COOLING TOTAL       0                 0       0        0
 SINCE 1/1          0                 0       0        0
.................................................................

WIND (MPH)
AVERAGE WIND SPEED              13.4
HIGHEST WIND SPEED/DIRECTION    40/270    DATE  02/21
HIGHEST GUST SPEED/DIRECTION    52/310    DATE  02/21

AVERAGE RH (PERCENT)     64

WEATHER CONDITIONS. NUMBER OF DAYS WITH
THUNDERSTORM              0     MIXED PRECIP               0
HEAVY RAIN                0     RAIN                       1
LIGHT RAIN                2     FREEZING RAIN              0
LT FREEZING RAIN          0     HAIL                       0
HEAVY SNOW                0     SNOW                       0
LIGHT SNOW                9     SLEET                      0
FOG                      11     FOG W/VIS <= 1/4 MILE      0
HAZE                      5

-  INDICATES NEGATIVE NUMBERS.
R  INDICATES RECORD WAS SET OR TIED.
MM INDICATES DATA IS MISSING.
T  INDICATES TRACE AMOUNT.

$$
