000
CXUS51 KPHI 010846
CLMGED


CLIMATE REPORT
NATIONAL WEATHER SERVICE MOUNT HOLLY NJ
443 AM EDT TUE AUG 1 2017

...................................

...THE GEORGETOWN DE CLIMATE SUMMARY FOR THE MONTH OF JULY 2017...

CLIMATE NORMAL PERIOD 1981 TO 2010
CLIMATE RECORD PERIOD 1948 TO 2017

WEATHER         OBSERVED          NORMAL  DEPART  LAST YEAR`S
                 VALUE   DATE(S)  VALUE   FROM    VALUE
                                          NORMAL
.............................................................
TEMPERATURE (F)
RECORD
 HIGH             104   07/23/2011
                        07/22/2011
 LOW               43   07/02/1952
HIGHEST            96                MM      MM       98
LOWEST             57                MM      MM       61
AVG. MAXIMUM     88.4              86.3     2.1     89.2
AVG. MINIMUM     70.8              67.4     3.4     71.0
MEAN             79.6              76.9     2.7     80.1
DAYS MAX >= 90     14               8.8     5.2       18
DAYS MAX <= 32      0               0.0     0.0        0
DAYS MIN <= 32      0               0.0     0.0        0
DAYS MIN <= 0       0               0.0     0.0        0

PRECIPITATION (INCHES)
RECORD
 MAXIMUM           MM   MM
 MINIMUM           MM   MM
TOTALS           8.61              4.19    4.42     4.26
DAILY AVG.       0.28              0.14    0.14     0.14
DAYS >= .01        12              11.9     0.1       13
DAYS >= .10        10               6.2     3.8        6
DAYS >= .50         5               2.3     2.7        1
DAYS >= 1.00        3               1.0     2.0        1
GREATEST
 24 HR. TOTAL    2.30   07/29 TO 07/29              2.88

DEGREE_DAYS
HEATING TOTAL       0                 0       0        0
 SINCE 7/1          0                 0       0        0
COOLING TOTAL     461               367      94      476
 SINCE 1/1        913               700     213      785
..............................................................

WIND (MPH)
AVERAGE WIND SPEED              5.8
HIGHEST WIND SPEED/DIRECTION    29/030    DATE  07/14
HIGHEST GUST SPEED/DIRECTION    37/030    DATE  07/14

SKY COVER
POSSIBLE SUNSHINE (PERCENT)   MM
AVERAGE SKY COVER           0.30
NUMBER OF DAYS FAIR           19
NUMBER OF DAYS PC             10
NUMBER OF DAYS CLOUDY          2

AVERAGE RH (PERCENT)     71

WEATHER CONDITIONS. NUMBER OF DAYS WITH
THUNDERSTORM              0     MIXED PRECIP               0
HEAVY RAIN                7     RAIN                       9
LIGHT RAIN               14     FREEZING RAIN              0
LT FREEZING RAIN          0     HEAVY SNOW                 0
SNOW                      0     LIGHT SNOW                 0
SLEET                     0     FOG                       18
FOG W/VIS <= 1/4 MILE     3     HAZE                       4

-  INDICATES NEGATIVE NUMBERS.
R  INDICATES RECORD WAS SET OR TIED.
MM INDICATES DATA IS MISSING.
T  INDICATES TRACE AMOUNT.

$$
