000
CXUS51 KPHI 011840
CLMGED


CLIMATE REPORT
NATIONAL WEATHER SERVICE MOUNT HOLLY NJ
139 PM EST FRI DEC 1 2017

...................................

...THE GEORGETOWN DE CLIMATE SUMMARY FOR THE MONTH OF NOVEMBER 2017...

CLIMATE NORMAL PERIOD 1981 TO 2010
CLIMATE RECORD PERIOD 1948 TO 2017

WEATHER         OBSERVED          NORMAL  DEPART  LAST YEAR`S
                 VALUE   DATE(S)  VALUE   FROM    VALUE
                                          NORMAL
.............................................................
TEMPERATURE (F)
RECORD
 HIGH              86   11/01/1950
 LOW               15   11/24/1976
HIGHEST            81                MM      MM       83
LOWEST             24                MM      MM       27
AVG. MAXIMUM     59.4              58.4     1.0     60.9
AVG. MINIMUM     38.6              38.5     0.1     38.8
MEAN             49.0              48.5     0.5     49.8
DAYS MAX >= 90      0               0.0     0.0        0
DAYS MAX <= 32      0               0.0     0.0        0
DAYS MIN <= 32     11               7.5     3.5        6
DAYS MIN <= 0       0               0.0     0.0        0

PRECIPITATION (INCHES)
RECORD
 MAXIMUM           MM   MM
 MINIMUM           MM   MM
TOTALS           2.10              3.36   -1.26     0.35
DAILY AVG.       0.07              0.11   -0.04     0.01
DAYS >= .01         8              10.1    -2.1        6
DAYS >= .10         4               5.1    -1.1        1
DAYS >= .50         2               2.1    -0.1        0
DAYS >= 1.00        0               0.7    -0.7        0
GREATEST
 24 HR. TOTAL    0.96   11/07 TO 11/07              0.10

DEGREE_DAYS
HEATING TOTAL     477               498     -21      457
 SINCE 7/1        617               784    -167      634
COOLING TOTAL       6                 2       4        7
 SINCE 1/1       1517              1196     321     1506
..............................................................

WIND (MPH)
AVERAGE WIND SPEED              6.3
HIGHEST WIND SPEED/DIRECTION    33/210    DATE  11/18
HIGHEST GUST SPEED/DIRECTION    46/210    DATE  11/18

SKY COVER
POSSIBLE SUNSHINE (PERCENT)   MM
AVERAGE SKY COVER           0.30
NUMBER OF DAYS FAIR           20
NUMBER OF DAYS PC              7
NUMBER OF DAYS CLOUDY          3

AVERAGE RH (PERCENT)     69

WEATHER CONDITIONS. NUMBER OF DAYS WITH
THUNDERSTORM              0     MIXED PRECIP               0
HEAVY RAIN                2     RAIN                       4
LIGHT RAIN               10     FREEZING RAIN              0
LT FREEZING RAIN          0     HEAVY SNOW                 0
SNOW                      0     LIGHT SNOW                 0
SLEET                     0     FOG                       13
FOG W/VIS <= 1/4 MILE     1     HAZE                       3

-  INDICATES NEGATIVE NUMBERS.
R  INDICATES RECORD WAS SET OR TIED.
MM INDICATES DATA IS MISSING.
T  INDICATES TRACE AMOUNT.

$$
