000
CXUS53 KIND 011613
CLMGEZ


CLIMATE REPORT
NATIONAL WEATHER SERVICE INDIANAPOLIS IN
1113 AM EST WED FEB 1 2017

...................................

...THE SHELBYVILLE IN CLIMATE SUMMARY FOR THE MONTH OF JANUARY 2017...

CLIMATE NORMAL PERIOD 1981 TO 2010
CLIMATE RECORD PERIOD 9999 TO 9999

WEATHER         OBSERVED          NORMAL  DEPART  LAST YEAR`S
                 VALUE   DATE(S)  VALUE   FROM    VALUE  DATE(S)
                                          NORMAL
................................................................
TEMPERATURE (F)
HIGHEST            66   01/12                         62  01/30
LOWEST              0   01/07                          0  01/13
AVG. MAXIMUM     43.1              36.3     6.8     37.2
AVG. MINIMUM     29.5              21.1     8.4     20.9
MEAN             36.3              28.7     7.6     28.9
DAYS MAX >= 90      0               0.0     0.0        0
DAYS MAX <= 32      4              10.8    -6.8       10
DAYS MIN <= 32     16              25.3    -9.3       28
DAYS MIN <= 0       1               1.7    -0.7        1

PRECIPITATION (INCHES)
TOTALS           4.06              2.39    1.67     1.36
DAILY AVG.       0.13              0.08    0.05     0.04
DAYS >= .01        13                MM      MM       11
DAYS >= .10         9                MM      MM        5
DAYS >= .50         3                MM      MM        0
DAYS >= 1.00        0                MM      MM        0
GREATEST
 24 HR. TOTAL    1.45   01/19 TO 01/20

DEGREE_DAYS
HEATING TOTAL     882              1125    -243     1005
 SINCE 7/1       2597              3229    -632     2365
COOLING TOTAL       0                 0       0        0
 SINCE 1/1          0                 0       0        0
.................................................................

WIND (MPH)
AVERAGE WIND SPEED              10.7
HIGHEST WIND SPEED/DIRECTION    37/260    DATE  01/10
HIGHEST GUST SPEED/DIRECTION    46/270    DATE  01/10

SKY COVER
POSSIBLE SUNSHINE (PERCENT)   MM
AVERAGE SKY COVER           0.70
NUMBER OF DAYS FAIR            7
NUMBER OF DAYS PC              7
NUMBER OF DAYS CLOUDY         17

AVERAGE RH (PERCENT)     76

WEATHER CONDITIONS. NUMBER OF DAYS WITH
THUNDERSTORM              3     MIXED PRECIP               0
HEAVY RAIN                2     RAIN                       9
LIGHT RAIN               12     FREEZING RAIN              0
LT FREEZING RAIN          0     HAIL                       0
HEAVY SNOW                0     SNOW                       0
LIGHT SNOW                5     SLEET                      0
FOG                      21     FOG W/VIS <= 1/4 MILE      2
HAZE                     10

-  INDICATES NEGATIVE NUMBERS.
R  INDICATES RECORD WAS SET OR TIED.
MM INDICATES DATA IS MISSING.
T  INDICATES TRACE AMOUNT.

$$
