000
CXUS52 KRAH 011451
CLMGSO


CLIMATE REPORT
NATIONAL WEATHER SERVICE RALEIGH NC
1047 AM EDT FRI SEP 1 2017

...................................

...THE PIEDMONT TRIAD INTL AIRPORT CLIMATE SUMMARY FOR THE MONTH OF AUGUST 2017...

CLIMATE NORMAL PERIOD 1981 TO 2010
CLIMATE RECORD PERIOD 1903 TO 2017

WEATHER         OBSERVED          NORMAL  DEPART  LAST YEAR`S
                 VALUE   DATE(S)  VALUE   FROM    VALUE
                                          NORMAL
.............................................................
TEMPERATURE (F)
RECORD
 HIGH             103   08/18/1988
 LOW               45   08/30/1986
HIGHEST            93   08/18                         94
                        08/17
LOWEST             59   08/30                         65
                        08/28
AVG. MAXIMUM     85.4              86.3    -0.9     88.6
AVG. MINIMUM     67.3              68.0    -0.7     71.6
MEAN             76.3              77.1    -0.8     80.1
DAYS MAX >= 90      5                                 16
DAYS MAX <= 32      0                                  0
DAYS MIN <= 32      0                                  0
DAYS MIN <= 0       0                                  0

PRECIPITATION (INCHES)
RECORD
 MAXIMUM        12.53   1939
TOTALS           2.44              3.88   -1.44     4.97
DAYS >= .01        12
DAYS >= .10         9
DAYS >= .50         1
DAYS >= 1.00        0
GREATEST
 24 HR. TOTAL    0.76   08/07 TO 08/08

DEGREE_DAYS
HEATING TOTAL       0                 1      -1        0
 SINCE 7/1          0                 1      -1        0
COOLING TOTAL     357               377     -20      478
 SINCE 1/1       1354              1262      92     1567
..............................................................

WIND (MPH)
AVERAGE WIND SPEED              6.1
HIGHEST WIND SPEED/DIRECTION    24/300    DATE  08/18
HIGHEST GUST SPEED/DIRECTION    31/220    DATE  08/07

SKY COVER
POSSIBLE SUNSHINE (PERCENT)   MM
AVERAGE SKY COVER           0.60
NUMBER OF DAYS FAIR            2
NUMBER OF DAYS PC             20
NUMBER OF DAYS CLOUDY          9

AVERAGE RH (PERCENT)     75

WEATHER CONDITIONS. NUMBER OF DAYS WITH
THUNDERSTORM              9     MIXED PRECIP               0
HEAVY RAIN                5     RAIN                       7
LIGHT RAIN               13     FREEZING RAIN              0
LT FREEZING RAIN          0     HAIL                       0
HEAVY SNOW                0     SNOW                       0
LIGHT SNOW                0     SLEET                      0
FOG                      15     FOG W/VIS <= 1/4 MILE      0
HAZE                      0

-  INDICATES NEGATIVE NUMBERS.
R  INDICATES RECORD WAS SET OR TIED.
MM INDICATES DATA IS MISSING.
T  INDICATES TRACE AMOUNT.


&&

THE LOW TEMPERATURE AT PIEDMONT TRIAD INERNATIONAL AIRPORT ON AUGUST
18TH, 2017 WAS 75 DEGREES. THIS TIED THE RECORD HIGH MINIMUM
TEMPERATURE OF 75 DEGREES FOR THIS DATE, LAST SET IN 1995.

$$
