000
CXUS52 KGSP 010803
CLMGSP

CLIMATE REPORT
NATIONAL WEATHER SERVICE GREENVILLE-SPARTANBURG SC
303 AM EST WED FEB 1 2017

...................................

...THE GREENVILLE-SPARTANBURG CLIMATE SUMMARY FOR THE MONTH OF JANUARY 2017...

CLIMATE NORMAL PERIOD 1981 TO 2010
CLIMATE RECORD PERIOD 1884 TO 2017

WEATHER         OBSERVED          NORMAL  DEPART  LAST YEAR`S
                 VALUE   DATE(S)  VALUE   FROM    VALUE  DATE(S)
                                          NORMAL
................................................................
TEMPERATURE (F)
RECORD
 HIGH              82   01/14/1911
 LOW               -6   01/30/1966
HIGHEST            78   01/18        MM      MM       64  01/31
                        01/13
LOWEST             16   01/09        MM      MM       16  01/19
AVG. MAXIMUM     58.2              52.4     5.8     50.5
AVG. MINIMUM     39.2              32.0     7.2     30.2
MEAN             48.7              42.2     6.5     40.3
DAYS MAX >= 90      0               0.0     0.0        0
DAYS MAX <= 32      2               0.5     1.5        0
DAYS MIN <= 32     10              16.1    -6.1       20
DAYS MIN <= 0       0               0.0     0.0        0

PRECIPITATION (INCHES)
RECORD
 MAXIMUM        10.63   1906
 MINIMUM         0.29   1981
TOTALS           4.52              3.82    0.70     3.54
DAILY AVG.       0.15              0.12    0.03     0.11
DAYS >= .01        11              10.2     0.8        9
DAYS >= .10         8               6.4     1.6        5
DAYS >= .50         3               2.7     0.3        2
DAYS >= 1.00        2               1.1     0.9        2
GREATEST
 24 HR. TOTAL    1.36   01/02 TO 01/03           01/22 TO 01/22
                                                          01/22 TO 01/22
                                                          01/22 TO 01/22
 STORM TOTAL       MM                                 MM
 (MM/DD(HH))            MM                    01/22(00) TO 01/22(00)
                                                 01/22(00) TO 01/22(00)2
                                                 01/22(00) TO 01/22(00)2

SNOWFALL (INCHES)
RECORDS
 TOTAL           12.9   1893
 24 HR TOTAL     12.0   01/07/1988 TO 01/07/1988
 SNOW DEPTH        MM   MM
TOTALS            3.1               2.3     0.8      2.2
 LIQUID EQUIV    0.31              0.20    0.11     0.22
SINCE 7/1         3.1               2.8     0.3      2.2
 LIQUID 7/1      0.31              0.30    0.01     0.22
SNOWDEPTH AVG.      0                MM      MM        0
DAYS >= TRACE       2               1.2     0.8        3
DAYS >= 1.0         2               0.7     1.3        1
GREATEST
 SNOW DEPTH         3   01/09                          2  01/24
                        01/08                             01/23
                        01/07
 24 HR TOTAL      3.1   01/06 TO 01/07           01/22 TO 01/22
                                                          01/22 TO 01/22
                                                          01/22 TO 01/22
 STORM TOTAL      3.1                                 MM
 (MM/DD(HH))            MM                    01/22(00) TO 01/22(00)
                                                 01/22(00) TO 01/22(00)2
                                                 01/22(00) TO 01/22(00)2

DEGREE_DAYS
HEATING TOTAL     496               707    -211      759
 SINCE 7/1       1418              1910    -492     1513
COOLING TOTAL       0                 0       0        0
 SINCE 1/1          0                 0       0        0

FREEZE DATES
RECORD
 EARLIEST     MM
 LATEST       MM
EARLIEST                        MM
LATEST                          MM
...................................................

WIND (MPH)
AVERAGE WIND SPEED              6.7
HIGHEST WIND SPEED/DIRECTION    31/080    DATE  01/21
HIGHEST GUST SPEED/DIRECTION    36/220    DATE  01/25

SKY COVER
POSSIBLE SUNSHINE (PERCENT)   MM
AVERAGE SKY COVER           0.40
NUMBER OF DAYS FAIR           16
NUMBER OF DAYS PC              6
NUMBER OF DAYS CLOUDY          9

AVERAGE RH (PERCENT)     67

WEATHER CONDITIONS. NUMBER OF DAYS WITH
THUNDERSTORM              0     MIXED PRECIP               0
HEAVY RAIN                4     RAIN                       5
LIGHT RAIN               11     FREEZING RAIN              0
LT FREEZING RAIN          0     HAIL                       0
HEAVY SNOW                0     SNOW                       0
LIGHT SNOW                2     SLEET                      2
FOG                      15     FOG W/VIS <= 1/4 MILE      3
HAZE                      1

-  INDICATES NEGATIVE NUMBERS.
R  INDICATES RECORD WAS SET OR TIED.
MM INDICATES DATA IS MISSING.
T  INDICATES TRACE AMOUNT.

$$

OUTLAW
