000
CXUS54 KAMA 010841
CLMGUY

CLIMATE REPORT
NATIONAL WEATHER SERVICE AMARILLO TX
341 AM CDT WED NOV 1 2017

...................................

...THE GUYMON CLIMATE SUMMARY FOR THE MONTH OF OCTOBER 2017...

CLIMATE NORMAL PERIOD 1981 TO 2010
CLIMATE RECORD PERIOD 1998 TO 2017

WEATHER         OBSERVED          NORMAL  DEPART  LAST YEAR`S
                 VALUE   DATE(S)  VALUE   FROM    VALUE  DATE(S)
                                          NORMAL
................................................................
TEMPERATURE (F)
HIGHEST            91   10/14                         98  10/18
                                                          10/17
                                                          10/16
LOWEST             27   10/28                         33  10/21
                        10/27                             10/07
AVG. MAXIMUM     73.8              72.1     1.7     82.9
AVG. MINIMUM     43.3              42.5     0.8     46.7
MEAN             58.5              57.3     1.2     64.8
DAYS MAX >= 90      2               2.1    -0.1        9
DAYS MAX <= 32      0               0.1    -0.1        0
DAYS MIN <= 32      3               3.7    -0.7        0
DAYS MIN <= 0       0               0.0     0.0        0

PRECIPITATION (INCHES)
TOTALS           1.34              1.57   -0.23     0.65
DAILY AVG.       0.04              0.05   -0.01     0.02
DAYS >= .01         2                MM      MM        2
DAYS >= .10         2                MM      MM        2
DAYS >= .50         2                MM      MM        1
DAYS >= 1.00        0                MM      MM        0
GREATEST
 24 HR. TOTAL    0.76   10/04 TO 10/04

SNOWFALL (INCHES)
TOTALS            0.0                MM      MM      0.0
SINCE 7/1         0.0                MM      MM      0.0
DAYS >= TRACE       0                MM      MM
DAYS >= 1.0         0                MM      MM        0
GREATEST
 SNOW DEPTH         0
 24 HR TOTAL      0.0


DEGREE_DAYS
HEATING TOTAL     238               266     -28      102
 SINCE 7/1        270               309     -39      113
COOLING TOTAL      47                27      20      105
 SINCE 1/1       1592              1481     111     1807
.................................................................

WIND (MPH)
AVERAGE WIND SPEED              12.5
HIGHEST WIND SPEED/DIRECTION    43/010    DATE  10/14
HIGHEST GUST SPEED/DIRECTION    53/010    DATE  10/14

SKY COVER
POSSIBLE SUNSHINE (PERCENT)   MM
NUMBER OF DAYS FAIR           25
NUMBER OF DAYS PC              3
NUMBER OF DAYS CLOUDY          3

AVERAGE RH (PERCENT)     59

WEATHER CONDITIONS. NUMBER OF DAYS WITH
THUNDERSTORM              3     MIXED PRECIP               0
HEAVY RAIN                1     RAIN                       2
LIGHT RAIN                8     FREEZING RAIN              0
LT FREEZING RAIN          0     HEAVY SNOW                 0
SNOW                      0     LIGHT SNOW                 0
SLEET                     0     FOG                        6
FOG W/VIS <= 1/4 MILE     1     HAZE                       5

-  INDICATES NEGATIVE NUMBERS.
R  INDICATES RECORD WAS SET OR TIED.
MM INDICATES DATA IS MISSING.
T  INDICATES TRACE AMOUNT.

$$
