496
CXUX51 KGYX 031226
CLMGYX

PWMCLMGYX 000
TTAA00 KGYX 030949


CLIMATE REPORT
NATIONAL WEATHER SERVICE GRAY ME
726 AM EST FRI FEB 3 2017

...................................

...THE GRAY ME CLIMATE SUMMARY FOR THE MONTH OF JANUARY 2017...

CLIMATE NORMAL PERIOD 1981 TO 2010
CLIMATE RECORD PERIOD 1995 TO 2017

WEATHER         OBSERVED          NORMAL  DEPART  LAST YEAR`S
                 VALUE   DATE(S)  VALUE   FROM    VALUE
                                          NORMAL
.............................................................
TEMPERATURE (F)
RECORD
 HIGH              66   01/06/2007
 LOW              -15   01/15/2004
HIGHEST            50   01/11        50       0       51
LOWEST              0   01/09        -5       5        0
AVG. MAXIMUM     34.3              29.4     4.9     32.5
AVG. MINIMUM     20.5              12.6     7.9     17.9
MEAN             27.4              21.0     6.4     25.2
DAYS MAX >= 90      0               0.0     0.0        0
DAYS MAX <= 32     11              19.3    -8.3       15
DAYS MIN <= 32     28              30.5    -2.5       31
DAYS MIN <= 0       1               4.3    -3.3        1

PRECIPITATION (INCHES)
RECORD
 MAXIMUM         6.70   1999
 MINIMUM         0.04   2004
TOTALS           2.98              3.53   -0.55     3.73
DAILY AVG.       0.10              0.11   -0.01     0.12
DAYS >= .01        13              11.1     1.9        7
DAYS >= .10         5               6.9    -1.9        3
DAYS >= .50         2               2.2    -0.2        2
DAYS >= 1.00        1               0.8     0.2        1
GREATEST
 24 HR. TOTAL    1.43   01/24

SNOWFALL (INCHES)
RECORDS
 TOTAL           45.8   2015
TOTALS            8.4              21.2   -12.8     15.9
SINCE 7/1        45.2              42.6     2.6     21.3
SNOWDEPTH AVG.     11
DAYS >= TRACE      13               9.3     3.7       10
DAYS >= 1.0         4               5.3    -1.3        3
GREATEST
 SNOW DEPTH        20   01/01                          9
 24 HR TOTAL      3.1   01/17

DEGREE_DAYS
HEATING TOTAL    1156              1364    -208     1226
 SINCE 7/1       3656              4030    -374     3426
COOLING TOTAL       0                 0       0        0
 SINCE 1/1          0                 0       0        0
..............................................................



-  INDICATES NEGATIVE NUMBERS.
R  INDICATES RECORD WAS SET OR TIED.
MM INDICATES DATA IS MISSING.
T  INDICATES TRACE AMOUNT.

&&

JANUARY BEGAN WITH A PERIOD OF WARM AND WET WEATHER, BUT A COLD
FRONT ON THE 4TH USHERED IN COLDER AIR. THE COLD WEATHER LASTED
THROUGH THE 10TH BEFORE MUCH WARMER AIR BROKE THE COLD SPELL AND THE
TEMPERATURE SOARED TO 50 DEGREES ON THE 11TH. THIS JANUARY THAW CUT
THE EARLY WINTER SNOW PACK DOWN TO ONE THIRD WHAT IT WAS TO START
THE MONTH. ALTHOUGH MILD WEATHER WAS THE RULE THROUGH THE REST OF
THE MONTH, THOUGH THERE WERE A FEW PERIODS OF WINTRY WEATHER. MORE
THAN 4 INCHES OF SNOW FELL ON THE 18TH AND 19TH, HELPING TO
STABILIZE THE DIMINISHING SNOW COVER. ANOTHER STORM SYSTEM BROUGHT
SLEET AND FREEZING RAIN ON THE 24TH.

THE AVERAGE TEMPERATURE FOR THE MONTH WAS 27.4 DEGREES WHICH WAS 6.4
DEGREES ABOVE NORMAL. THE WARMEST JANUARY ON RECORD WAS IN 2006 WHEN
THE AVERAGE TEMPERATURE WAS 28.9 DEGREES. THE COLDEST WAS 12.9
DEGREES IN 2004.

A TOTAL OF 2.98 INCHES OF PRECIPITATION FELL WHICH WAS 0.55 INCHES
BELOW NORMAL. THE HEAVIEST PRECIPITATION WAS ON THE 24TH WHEN 1.43
INCHES WAS RECORDED. THE DRIEST JANUARY WAS IN 2004 WHEN ONLY 0.40
INCHES FELL. THE WETTEST WAS IN 1999 WHEN 6.70 INCHES WAS MEASURED.

A TOTAL OF 8.4 INCHES OF SNOW FELL WHICH WAS 12.8 INCHES BELOW
NORMAL. THE HEAVIEST SNOWSTORM WAS ON THE 18TH AND 19TH WHEN 4.6
INCHES FELL. THE SNOWIEST JANUARY WAS IN 2015 WHEN 45.8 INCHES WAS
MEASURED. THE LEAST SNOWY JANUARY WAS 2004 WITH ONLY 3.1 INCHES.

$$

KIMBLE
