000
CXUS54 KHGX 011435 RRA
CLMHOU

CLIMATE REPORT
NATIONAL WEATHER SERVICE HOUSTON/GALVESTON TX
923 AM CDT SAT JUL 1 2017

...................................

...THE HOUSTON INTERCONTINENTAL CLIMATE SUMMARY FOR THE MONTH OF JUNE 2017...

CLIMATE NORMAL PERIOD 1981 TO 2010
CLIMATE RECORD PERIOD 1892 TO 2017

WEATHER         OBSERVED          NORMAL  DEPART  LAST YEAR`S
                 VALUE   DATE(S)  VALUE   FROM    VALUE  DATE(S)
                                          NORMAL
................................................................
TEMPERATURE (F)
RECORD
 HIGH             107   06/29/2013
 LOW               52   06/03/1970
HIGHEST            96   06/23        91       5       97  06/28
                        06/19                             06/18
                        06/18                             06/16
LOWEST             67   06/10        72      -5       67  06/02
                        06/09
AVG. MAXIMUM     90.4              91.4    -1.0     90.9
AVG. MINIMUM     73.9              73.3     0.6     73.4
MEAN             82.1              82.4    -0.3     82.1
DAYS MAX >= 90     18              20.7    -2.7       21
DAYS MAX <= 32      0               0.0     0.0        0
DAYS MIN <= 32      0               0.0     0.0        0
DAYS MIN <= 0       0               0.0     0.0        0

PRECIPITATION (INCHES)
RECORD
 MAXIMUM        19.21   2001
 MINIMUM         0.08   2005
TOTALS           7.19              5.93    1.26    13.12
DAILY AVG.       0.24              0.20    0.04     0.44
DAYS >= .01        15              10.6     4.4        9
DAYS >= .10        11               6.9     4.1        7
DAYS >= .50         4               3.6     0.4        5
DAYS >= 1.00        3               1.8     1.2        4

DEGREE_DAYS
HEATING TOTAL       0                 0       0        0
 SINCE 7/1        653              1367    -714     1017
COOLING TOTAL     521               520       1      520
 SINCE 1/1       1430              1172     258     1101
.................................................................

WIND (MPH)
AVERAGE WIND SPEED              8.3
RESULTANT WIND SPEED/DIRECTION   4/124
HIGHEST WIND SPEED/DIRECTION    31/140    DATE  06/13
HIGHEST GUST SPEED/DIRECTION    51/100    DATE  06/05

SKY COVER
AVERAGE SKY COVER           0.60

AVERAGE RH (PERCENT)     73

WEATHER CONDITIONS. NUMBER OF DAYS WITH
THUNDERSTORM              8     MIXED PRECIP               0
HEAVY RAIN                7     RAIN                       7
LIGHT RAIN               17     FREEZING RAIN              0
LT FREEZING RAIN          0     HAIL                       0
HEAVY SNOW                0     SNOW                       0
LIGHT SNOW                0     SLEET                      0
FOG                      12     FOG W/VIS <= 1/4 MILE      2
HAZE                      2

-  INDICATES NEGATIVE NUMBERS.
R  INDICATES RECORD WAS SET OR TIED.
MM INDICATES DATA IS MISSING.
T  INDICATES TRACE AMOUNT.
...................................

...THE HOUSTON/HOBBY AIRPORT CLIMATE SUMMARY FOR THE MONTH OF JUNE 2017...

CLIMATE NORMAL PERIOD 1981 TO 2010
CLIMATE RECORD PERIOD 1930 TO 2017

WEATHER         OBSERVED          NORMAL  DEPART  LAST YEAR`S
                 VALUE   DATE(S)  VALUE   FROM    VALUE  DATE(S)
                                          NORMAL
................................................................
TEMPERATURE (F)
RECORD
 HIGH             105   06/29/2013
 LOW               56   06/01/1984
HIGHEST            96   06/19                         97  06/18
LOWEST             69   06/09                         69  06/02
AVG. MAXIMUM     89.7              90.1    -0.4     90.9
AVG. MINIMUM     75.3              73.9     1.4     75.2
MEAN             82.5              82.0     0.5     83.1
DAYS MAX >= 90     15              16.9    -1.9       24
DAYS MAX <= 32      0               0.0     0.0        0
DAYS MIN <= 32      0               0.0     0.0        0
DAYS MIN <= 0       0               0.0     0.0        0

PRECIPITATION (INCHES)
RECORD
 MAXIMUM        11.03   2006
 MINIMUM         1.36   2013
TOTALS           5.20              7.10   -1.90     8.83
DAILY AVG.       0.17              0.24   -0.07     0.29
DAYS >= .01        17               9.9     7.1       17
DAYS >= .10         8               7.2     0.8       11
DAYS >= .50         3               3.7    -0.7        4
DAYS >= 1.00        2               2.2    -0.2        3

DEGREE_DAYS
HEATING TOTAL       0                 0       0        0
 SINCE 7/1        541              1220    -679      790
COOLING TOTAL     536               510      26      550
 SINCE 1/1       1470              1164     306     1321
.................................................................

WIND (MPH)
AVERAGE WIND SPEED              7.9
RESULTANT WIND SPEED/DIRECTION   3/124
HIGHEST WIND SPEED/DIRECTION    28/320    DATE  06/21
HIGHEST GUST SPEED/DIRECTION    35/310    DATE  06/21

SKY COVER
AVERAGE SKY COVER           0.60

AVERAGE RH (PERCENT)     73

WEATHER CONDITIONS. NUMBER OF DAYS WITH
THUNDERSTORM             10     MIXED PRECIP               0
HEAVY RAIN                3     RAIN                       9
LIGHT RAIN               16     FREEZING RAIN              0
LT FREEZING RAIN          0     HAIL                       0
HEAVY SNOW                0     SNOW                       0
LIGHT SNOW                0     SLEET                      0
FOG                      11     FOG W/VIS <= 1/4 MILE      0
HAZE                      3

-  INDICATES NEGATIVE NUMBERS.
R  INDICATES RECORD WAS SET OR TIED.
MM INDICATES DATA IS MISSING.
T  INDICATES TRACE AMOUNT.

$$
