000
CXUS56 KSEW 011033
CLMHQM


CLIMATE REPORT
NATIONAL WEATHER SERVICE SEATTLE WA
333 AM PDT TUE JUL 1 2014

...................................

...THE HOQUIAM WA AIRPORT CLIMATE SUMMARY FOR THE MONTH OF JUNE 2014...

CLIMATE NORMAL PERIOD 1981 TO 2010
CLIMATE RECORD PERIOD 1953 TO 2014

WEATHER         OBSERVED          NORMAL  DEPART  LAST YEAR`S
                 VALUE   DATE(S)  VALUE   FROM    VALUE  DATE(S)
                                          NORMAL
................................................................
TEMPERATURE (F)
RECORD
 HIGH              96   06/18/1982
 LOW               36   06/21/1956
HIGHEST            74   06/30        MM      MM       82  06/30
LOWEST             43   06/21        MM      MM       44  06/04
AVG. MAXIMUM     63.5              63.2     0.3     65.6
AVG. MINIMUM     52.3              50.5     1.8     52.8
MEAN             57.9              56.8     1.1     59.2
DAYS MAX >= 90      0               0.1    -0.1        0
DAYS MAX <= 32      0               0.0     0.0        0
DAYS MIN <= 32      0               0.0     0.0        0
DAYS MIN <= 0       0               0.0     0.0        0

PRECIPITATION (INCHES)
RECORD
 MAXIMUM         5.25   1956
 MINIMUM         0.33   2009
TOTALS           1.14              2.24   -1.10     2.98
DAILY AVG.       0.04              0.07   -0.03     0.10
DAYS >= .01         9              12.0    -3.0       14
DAYS >= .10         4               5.7    -1.7        8
DAYS >= .50         0               1.0    -1.0        1
DAYS >= 1.00        0               0.2    -0.2        0
GREATEST
 24 HR. TOTAL    0.49   06/26 TO 06/27

DEGREE_DAYS
HEATING TOTAL     204               246     -42      175
COOLING TOTAL       0                 2      -2        8
 SINCE 1/1         15                 3      12       11
.................................................................

WIND (MPH)
AVERAGE WIND SPEED              9.0
HIGHEST WIND SPEED/DIRECTION    24/270    DATE  06/09
HIGHEST GUST SPEED/DIRECTION    29/270    DATE  06/15

SKY COVER
POSSIBLE SUNSHINE (PERCENT)   MM
AVERAGE SKY COVER           0.60
NUMBER OF DAYS FAIR            6
NUMBER OF DAYS PC             11
NUMBER OF DAYS CLOUDY         13

AVERAGE RH (PERCENT)     81

WEATHER CONDITIONS. NUMBER OF DAYS WITH
THUNDERSTORM              0     MIXED PRECIP               0
HEAVY RAIN                0     RAIN                       2
LIGHT RAIN               10     FREEZING RAIN              0
LT FREEZING RAIN          0     HAIL                       0
HEAVY SNOW                0     SNOW                       0
LIGHT SNOW                0     SLEET                      0
FOG                      21     FOG W/VIS <= 1/4 MILE      0
HAZE                      1

-  INDICATES NEGATIVE NUMBERS.
R  INDICATES RECORD WAS SET OR TIED.
MM INDICATES DATA IS MISSING.
T  INDICATES TRACE AMOUNT.

$$
