000
CXUS56 KSEW 011030
CLMHQM


CLIMATE REPORT
NATIONAL WEATHER SERVICE SEATTLE WA
230 AM PST THU JAN 1 2015

...................................

...THE HOQUIAM WA AIRPORT CLIMATE SUMMARY FOR THE MONTH OF DECEMBER 2014...

CLIMATE NORMAL PERIOD 1981 TO 2010
CLIMATE RECORD PERIOD 1953 TO 2014

WEATHER         OBSERVED          NORMAL  DEPART  LAST YEAR`S
                 VALUE   DATE(S)  VALUE   FROM    VALUE  DATE(S)
                                          NORMAL
................................................................
TEMPERATURE (F)
RECORD
 HIGH              60   12/10/2014
                        12/18/2004
                        02/28/1990
 LOW                9   12/08/1972
HIGHEST            60R  12/10        MM      MM       52  12/23
                                                          12/01
LOWEST             25   12/01        MM      MM       16  12/08
AVG. MAXIMUM     50.2              46.2     4.0     43.1
AVG. MINIMUM     41.0              36.9     4.1     33.0
MEAN             45.6              41.6     4.0     38.0
DAYS MAX >= 90      0               0.0     0.0        0
DAYS MAX <= 32      0               0.7    -0.7        2
DAYS MIN <= 32      5               6.3    -1.3       17
DAYS MIN <= 0       0               0.0     0.0        0

PRECIPITATION (INCHES)
RECORD
 MAXIMUM        19.64   1996
 MINIMUM         2.11   1985
TOTALS          11.35              9.96    1.39     4.25
DAILY AVG.       0.37              0.32    0.05     0.14
DAYS >= .01        22              21.2     0.8       15
DAYS >= .10        17              16.0     1.0        9
DAYS >= .50         9               6.4     2.6        3
DAYS >= 1.00        4               2.8     1.2        0
GREATEST
 24 HR. TOTAL    2.06   12/09 TO 12/10

DEGREE_DAYS
HEATING TOTAL     593               727    -134      826
COOLING TOTAL       0                 0       0        0
 SINCE 1/1         48                23      25       20
.................................................................

WIND (MPH)
AVERAGE WIND SPEED              10.6
HIGHEST WIND SPEED/DIRECTION    46/200    DATE  12/11
HIGHEST GUST SPEED/DIRECTION    61/150    DATE  12/10

SKY COVER
POSSIBLE SUNSHINE (PERCENT)   MM
AVERAGE SKY COVER           0.70
NUMBER OF DAYS FAIR            5
NUMBER OF DAYS PC              9
NUMBER OF DAYS CLOUDY         17

AVERAGE RH (PERCENT)     84

WEATHER CONDITIONS. NUMBER OF DAYS WITH
THUNDERSTORM              0     MIXED PRECIP               0
HEAVY RAIN                6     RAIN                      15
LIGHT RAIN               23     FREEZING RAIN              0
LT FREEZING RAIN          0     HAIL                       0
HEAVY SNOW                0     SNOW                       0
LIGHT SNOW                0     SLEET                      0
FOG                      27     FOG W/VIS <= 1/4 MILE      1
HAZE                      0

-  INDICATES NEGATIVE NUMBERS.
R  INDICATES RECORD WAS SET OR TIED.
MM INDICATES DATA IS MISSING.
T  INDICATES TRACE AMOUNT.

$$
