000
CXUS56 KSEW 011700
CLMHQM


CLIMATE REPORT
NATIONAL WEATHER SERVICE SEATTLE WA
1000 AM PDT WED JUL 1 2015

...................................

...THE HOQUIAM WA AIRPORT CLIMATE SUMMARY FOR THE MONTH OF JUNE 2015...

CLIMATE NORMAL PERIOD 1981 TO 2010
CLIMATE RECORD PERIOD 1953 TO 2015

WEATHER         OBSERVED          NORMAL  DEPART  LAST YEAR`S
                 VALUE   DATE(S)  VALUE   FROM    VALUE  DATE(S)
                                          NORMAL
................................................................
TEMPERATURE (F)
RECORD
 HIGH              96   06/18/1982
 LOW               36   06/21/1956
HIGHEST            79   06/27        MM      MM       74  06/30
LOWEST             46   06/13        MM      MM       43  06/21
AVG. MAXIMUM     66.9              63.2     3.7     63.5
AVG. MINIMUM     52.1              50.5     1.6     52.3
MEAN             59.5              56.8     2.7     57.9
DAYS MAX >= 90      0               0.1    -0.1        0
DAYS MAX <= 32      0               0.0     0.0        0
DAYS MIN <= 32      0               0.0     0.0        0
DAYS MIN <= 0       0               0.0     0.0        0

PRECIPITATION (INCHES)
RECORD
 MAXIMUM         5.25   1956
 MINIMUM         0.33   2009
TOTALS           0.38              2.24   -1.86     1.14
DAILY AVG.       0.01              0.07   -0.06     0.04
DAYS >= .01         3              12.0    -9.0        9
DAYS >= .10         2               5.7    -3.7        4
DAYS >= .50         0               1.0    -1.0        0
DAYS >= 1.00        0               0.2    -0.2        0
GREATEST
 24 HR. TOTAL    0.33   06/01 TO 06/02

DEGREE_DAYS
HEATING TOTAL     160               246     -86      204
COOLING TOTAL       3                 2       1        0
 SINCE 1/1          3                 3       0       15
.................................................................

WIND (MPH)
AVERAGE WIND SPEED              8.6
HIGHEST WIND SPEED/DIRECTION    26/270    DATE  06/11
HIGHEST GUST SPEED/DIRECTION    32/250    DATE  06/12

SKY COVER
POSSIBLE SUNSHINE (PERCENT)   MM
AVERAGE SKY COVER           0.40
NUMBER OF DAYS FAIR           15
NUMBER OF DAYS PC             12
NUMBER OF DAYS CLOUDY          3

AVERAGE RH (PERCENT)     79

WEATHER CONDITIONS. NUMBER OF DAYS WITH
THUNDERSTORM              0     MIXED PRECIP               0
HEAVY RAIN                0     RAIN                       2
LIGHT RAIN                5     FREEZING RAIN              0
LT FREEZING RAIN          0     HAIL                       0
HEAVY SNOW                0     SNOW                       0
LIGHT SNOW                0     SLEET                      0
FOG                      28     FOG W/VIS <= 1/4 MILE      3
HAZE                      1

-  INDICATES NEGATIVE NUMBERS.
R  INDICATES RECORD WAS SET OR TIED.
MM INDICATES DATA IS MISSING.
T  INDICATES TRACE AMOUNT.

$$
