000
CXUS53 KGID 151601 AAA
CLMHSI

CLIMATE REPORT...UPDATED
NATIONAL WEATHER SERVICE HASTINGS NE
1001 AM CST THU JAN 1 2015

UPDATED TO INCLUDE MONTHLY RECAP/ANNUAL EXTREMES AT BOTTOM

...................................

...THE HASTINGS NE CLIMATE SUMMARY FOR THE MONTH OF DECEMBER 2014...

CLIMATE NORMAL PERIOD 1981 TO 2010
CLIMATE RECORD PERIOD 1894 TO 2014

WEATHER         OBSERVED          NORMAL  DEPART  LAST YEAR`S
                 VALUE   DATE(S)  VALUE   FROM    VALUE  DATE(S)
                                          NORMAL
................................................................
TEMPERATURE (F)
RECORD
 HIGH              80   12/23/1964
 LOW              -23   12/23/1989
                        12/22/1989
HIGHEST            57   12/14        63      -6       65  12/18
LOWEST             -5   12/31        -9       4       -7  12/09
AVG. MAXIMUM     37.9              37.0     0.9     36.3
AVG. MINIMUM     22.4              18.2     4.2     12.4
MEAN             30.1              27.6     2.5     24.3
DAYS MAX >= 90      0               0.0     0.0        0
DAYS MAX <= 32     10              10.3    -0.3       13
DAYS MIN <= 32     26              29.4    -3.4       31
DAYS MIN <= 0       2               1.6     0.4        4

PRECIPITATION (INCHES)
RECORD
 MAXIMUM         4.93   1913
 MINIMUM         0.00   1976
                        1929
                        1922
TOTALS           0.54              0.61   -0.07     0.14
DAILY AVG.       0.02              0.02    0.00     0.00
DAYS >= .01         5                MM      MM        3
DAYS >= .10         1                MM      MM        0
DAYS >= .50         0                MM      MM        0
DAYS >= 1.00        0                MM      MM        0
GREATEST
 24 HR. TOTAL    0.30   12/15 TO 12/15
                        12/14 TO 12/15
                        12/15 TO 12/15

SNOWFALL (INCHES)
RECORDS
 TOTAL           31.0   1973
TOTALS            3.4               6.1    -2.7      5.0
SINCE 7/1         5.1               9.9    -4.8      5.4
SNOWDEPTH AVG.      0                MM      MM        0
DAYS >= 1.0         2                MM      MM        2
GREATEST
 SNOW DEPTH         2   12/31                          4  12/08
                        12/30
                        12/28

DEGREE_DAYS
HEATING TOTAL    1074              1159     -85     1253
 SINCE 7/1       2412              2440     -28     2518
COOLING TOTAL       0                 0       0        0
 SINCE 1/1       1018              1077     -59     1158
.................................................................

WIND (MPH)
AVERAGE WIND SPEED              10.6
HIGHEST WIND SPEED/DIRECTION    41/340    DATE  12/15
HIGHEST GUST SPEED/DIRECTION    51/350    DATE  12/15

SKY COVER
POSSIBLE SUNSHINE (PERCENT)   MM
AVERAGE SKY COVER           0.60
NUMBER OF DAYS FAIR           11
NUMBER OF DAYS PC              5
NUMBER OF DAYS CLOUDY         15

AVERAGE RH (PERCENT)     74

WEATHER CONDITIONS. NUMBER OF DAYS WITH
THUNDERSTORM              0     MIXED PRECIP               0
HEAVY RAIN                1     RAIN                       1
LIGHT RAIN                3     FREEZING RAIN              0
LT FREEZING RAIN          1     HAIL                       0
HEAVY SNOW                0     SNOW                       0
LIGHT SNOW                8     SLEET                      0
FOG                      20     FOG W/VIS <= 1/4 MILE      5
HAZE                      9

-  INDICATES NEGATIVE NUMBERS.
R  INDICATES RECORD WAS SET OR TIED.
MM INDICATES DATA IS MISSING.
T  INDICATES TRACE AMOUNT.

&&

..DECEMBER 2014 SUMMARY FOR HASTINGS MUNICIPAL AIRPORT...

NOTE: TEMPERATURE RECORDS AT HASTINGS ARE BASED ON NWS COOPERATIVE
OBSERVER REPORTS BETWEEN 1907 AND JUNE 1996...WITH RECORDS SINCE
JULY 1996 FROM THE AUTOMATED SENSOR (ASOS) AT HASTINGS MUNICIPAL
AIRPORT. PRECIPITATION RECORDS AT HASTINGS ARE BASED ON COOPERATIVE
OBSERVER REPORTS BETWEEN 1895 AND MARCH 1998...WITH RECORDS SINCE
APRIL 1998 PRIMARILY FROM THE AUTOMATED AIRPORT GAUGE.)

...TEMPERATURES

2 DAILY AND 1 DAILY-MONTHLY TEMPERATURE RECORDS SET/TIED DURING DEC.
2014:
- DEC. 13: RECORD WARM LOW OF 47 (THIS NOT ONLY SHATTERED THE
PREVIOUS DAILY RECORD OF 36 IN 1921 BUT ALSO TIED THE RECORD WARM
MINIMUM TEMP FOR ANY DAY IN DECEMBER, MATCHING THE PREVIOUS MARK
FIRST SET ON 12-2-1962 AND 12-10-1939)
- DEC. 14: RECORD WARM LOW OF 38 (PREVIOUS 36 IN 1928)

AVERAGE HIGH TEMPERATURE:     37.9 DEGREES (0.9 ABOVE NORMAL)
AVERAGE LOW TEMPERATURE:      22.4 DEGREES (4.2 ABOVE NORMAL)
AVERAGE MEAN TEMPERATURE:     30.1 DEGREES (2.5 ABOVE NORMAL)

WARMEST HIGH TEMPERATURE:      57 DEGREES ON THE 14TH
COLDEST HIGH TEMPERATURE:       5 DEGREES ON THE 30TH

COLDEST LOW TEMPERATURE:       -5 DEGREES ON THE 31ST
WARMEST LOW TEMPERATURE:       47 DEGREES ON THE 13TH

WARMEST 2-DAY STRETCH BASED
ON AVERAGE HIGH TEMPERATURE:   55.5 DEGREES FROM THE 13TH-14TH

COLDEST 2-DAY STRETCH BASED
ON AVERAGE HIGH TEMPERATURE:   10.0 DEGREES FROM THE 30TH-31ST

WARMEST WEEK BASED
ON AVERAGE MEAN TEMPERATURE:   39.3 DEGREES FROM THE 8TH-14TH

COLDEST WEEK BASED
ON AVERAGE MEAN TEMPERATURE:   16.8 DEGREES FROM THE 25TH-31ST

WARMEST WEEK BASED
ON AVERAGE HIGH TEMPERATURE:   47.4 DEGREES FROM THE 2ND-8TH

COLDEST WEEK BASED
ON AVERAGE HIGH TEMPERATURE:   25.0 DEGREES FROM THE 25TH-31ST

COLDEST WEEK BASED
ON AVERAGE LOW TEMPERATURE:     8.6 DEGREES FROM THE 25TH-31ST


...PRECIPITATION/SNOWFALL

NO DAILY PRECIPITATION OR SNOWFALL RECORDS WERE SET DURING DEC. 2014

TOTAL MONTHLY PRECIPITATION: 0.54 INCHES (0.07 BELOW NORMAL)
TOTAL MONTHLY SNOWFALL:       3.4 INCHES (2.7 BELOW NORMAL)

NUMBER OF DAYS WITH MEASURABLE PRECIPITATION (0.01 OR MORE): 5

HIGHEST CALENDAR DAY PRECIPITATION:  0.30 INCHES ON THE 15TH

HIGHEST CALENDAR DAY SNOWFALL:        1.5 INCHES ON THE 26TH


PRECIPITATION TOTALS AND DEPARTURES
FROM NORMAL FOR THE YEAR 2014:

MONTH          PRECIP.  DEPARTURE

JAN  2014       0.37      -0.04
FEB  2014       0.34      -0.15
MAR  2014       0.15      -1.64
APR  2014       3.93      +1.37
MAY  2014       2.15      -2.42
JUN  2014       8.69      +4.89
JUL  2014       1.48      -2.26
AUG  2014       7.79      +4.49
SEP  2014       1.78      -0.78
OCT  2014       1.76      -0.23
NOV  2014       0.23      -1.06
DEC  2014       0.54      -0.07

12-MONTH TOTAL  29.21     +2.10


...OTHER WEATHER ELEMENTS

HIGHEST WIND GUST: 51 MPH FROM THE NORTH ON THE 15TH
(OCCURRED AT 813 PM IN THE WAKE OF A STRONG LOW PRESSURE SYSTEM)

HIGHEST SURFACE SEA LEVEL PRESSURE: 30.96 ON THE 30TH
LOWEST SURFACE SEA LEVEL PRESSURE:  29.47 ON THE 22ND

&&

...DECEMBER 2014 NARRATIVE FOR HASTINGS MUNICIPAL AIRPORT...

ALTHOUGH THE MONTH AS A WHOLE AVERAGED SLIGHTLY ABOVE NORMAL IN THE
TEMPERATURE DEPARTMENT AND SLIGHTLY BELOW NORMAL IN
PRECIPITATION/SNOWFALL...THE TWO MOST MEMORABLE ASPECTS OF THE MONTH
WERE:

1) AN UNUSUALLY LONG-STRETCH OF CLOUDY "WINTER GLOOM" THAT HUNG OVER
THE AREA FOR ESSENTIALLY TWO STRAIGHT WEEKS DURING THE MIDDLE PART
OF THE MONTH. IN FACT...HASTINGS SAW VERY LITTLE (IF ANY) SUNSHINE
FOR TWO CONSECUTIVE WEEKS BETWEEN THE 10TH AND 23RD...BEFORE THE SUN
MADE A TRIUMPHANT RETURN JUST IN TIME FOR CHRISTMAS EVE-CHRISTMAS
DAY.

2) THROUGH THE FIRST 26 DAYS OF THE MONTH...DECEMBER WAS ON PACE TO
BE ONE OF THE TOP-15 WARMEST ON RECORD WITH AN AVERAGE TEMPERATURE
THAT WAS 5.9 DEGREES ABOVE NORMAL. HOWEVER...A NOTICEABLY COLDER
AIRMASS SETTLED INTO THE AREA DURING THE FINAL 5 DAYS AND ESPECIALLY
THE LAST TWO DAYS...THUS KNOCKING THE MONTHLY AVERAGE TEMPERATURE
DOWN SEVERAL DEGREES FROM ITS INITIAL PACE.

FOCUSING ON TEMPERATURES IN MORE DETAIL...THE OVERALL AVERAGE
MONTHLY TEMPERATURE (RESULTING FROM AVERAGING BOTH THE HIGHS AND
LOWS) WAS 30.1 DEGREES...WHICH WAS 2.5 DEGREES ABOVE NORMAL. AS
MENTIONED IN THE PRECEDING PARAGRAPH...THE MAJORITY OF THE MONTH WAS
SEASONABLY MILD...AS 20 OF THE FIRST 26 DAYS CARRIED AN ABOVE NORMAL
AVERAGE TEMPERATURE...INCLUDING 15 DAYS WITH A HIGH OF AT LEAST 40
DEGREES. HOWEVER...NOTICEABLY COLDER AIR ARRIVED DURING THE FINAL 5
DAYS...PEAKING IN INTENSITY ON THE 30TH-31ST AS LOW TEMPERATURES
BOTTOMED OUT AT -3 AND -5 DEGREES...RESPECTIVELY. FURTHERMORE..THE
HIGH OF ONLY 5 DEGREES ON THE 30TH MARKED THE COLDEST HIGH
TEMPERATURE FOR THE ENTIRE YEAR OF 2014. DURING THE MILD MAJORITY OF
THE MONTH...THE OVERALL-WARMEST WEEK WAS CENTERED BETWEEN THE 8TH-
14TH DURING WHICH FOUR OF THE SEVEN DAYS REACHED AT LEAST 51
DEGREES...INCLUDING THE WARMEST MONTHLY HIGH OF 57 ON THE 14TH.
HOWEVER...MILD LOW TEMPERATURES STOLE THE SPOTLIGHT ON THE 13TH AND
14TH...AS NOT ONLY DID BOTH DAYS SET NEW RECORD WARM LOWS FOR THE
DATE...BUT THE LOW OF ONLY 47 DEGREES ON THE 13TH TIED THE RECORD-
WARMEST LOW FOR THE ENTIRE MONTH OF DECEMBER! THIS VALUE TIED THE
PREVIOUS MARK OF 47 DEGREES WHICH WAS INITIALLY SET ON DEC. 10, 1939
AND THEN MATCHED ON DEC. 2, 1962. THE MOST EXTREME DAY-TO-DAY CHANGE
IN HIGH TEMPERATURES DURING THE MONTH WAS 26 DEGREES AND OCCURRED
EARLY-ON...CONSISTING OF A SHARP WARM-UP FROM 25 DEGREES ON THE 1ST
TO 51 ON THE 2ND.

TURNING TO DECEMBER 2014 PRECIPITATION...THE TOTAL OF 0.54 INCHES AT
HASTINGS MUNICIPAL AIRPORT WAS 0.07 INCHES BELOW THE 30-YEAR NORMAL
OF 0.61 INCHES. OVER HALF OF THIS PRECIPITATION (0.30 INCHES) FELL
IN THE FORM OF RAIN DURING THE PRE-DAWN HOURS OF THE 15TH. THEN
DURING THE LATTER HALF OF THE MONTH...HASTINGS RECEIVED FOUR FAIRLY
"MINOR" ROUNDS OF ACCUMULATING SNOW...THE MOST SIGNIFICANT OF WHICH
WAS 1.5 INCHES THAT FELL ON THE EVENING OF THE 26TH AND WAS PRECEDED
BY A PERIOD OF FREEZING DRIZZLE. TOTAL SNOWFALL FOR THE MONTH ENDED
UP AT JUST 3.4 INCHES...WHICH WAS 2.7 INCHES BELOW THE 30-YEAR
NORMAL.

A BRIEF PERIOD OF RARE...ALBEIT-WEAK DECEMBER THUNDERSTORM ACTIVITY
AFFECTED THE HASTINGS AREA ON THE NIGHT OF THE 14TH. WIND-WISE...IT
WAS NOT AN OVERLY-WINDY DECEMBER AS ONLY THREE DAYS FEATURED PEAK
NORTH-NORTHWESTERLY GUSTS OF 40+ MPH...LED BY A 51 MPH GUST ON THE
EVENING OF THE 15TH.

&&

...ANNUAL HASTINGS AIRPORT TOTALS/EXTREMES FOR 2014...

ANNUAL MEAN TEMPERATURE: 50.3 DEGREES (1.0 DEGREES BELOW NORMAL)

HOTTEST HIGH TEMPERATURE: 100 DEGREES ON JULY 21
COLDEST HIGH TEMPERATURE:   5 DEGREES ON DEC 30

COLDEST LOW TEMPERATURE:  -14 DEGREES ON FEB 6
WARMEST LOW TEMPERATURE:   75 DEGREES ON JULY 21

ANNUAL PRECIPITATION:      29.21 INCHES
(2.10 INCHES ABOVE NORMAL...AND 4.00 INCHES MORE THAN LAST YEAR)

HIGHEST DAILY PRECIPITATION: 2.20 INCHES ON JUNE 21
HIGHEST 2-DAY PRECIPITATION: 3.31 INCHES ON JUNE 20-21

TOTAL ANNUAL SNOWFALL (INCLUDES PARTS OF 2 SNOW SEASONS): 21.4 INCHES
HIGHEST DAILY SNOWFALL: 3.2 INCHES ON JAN 31
HIGHEST 2-DAY SNOWFALL: 3.4 INCHES ON JAN 31-FEB 1
DEEPEST 6 AM SNOW DEPTH:  3 INCHES ON FEB 1, FEB 5, FEB 10-12

HIGHEST WIND GUST:  83 MPH FROM THE NORTH-NORTHWEST DURING A SEVERE
THUNDERSTORM ON AUG 17

(2014 WAS A NOTABLE YEAR FOR DAMAGING WIND GUSTS IN HASTINGS...AS 7 DAYS
FEATURED PEAK GUSTS OF AT LEAST 61 MPH)

$$

PFANNKUCH
