000
CXUS51 KRLX 211600
CLMHTS


CLIMATE REPORT
NATIONAL WEATHER SERVICE CHARLESTON WV
1159 AM EDT WED SEP 21 2016

...................................

...THE HUNTINGTON WV CLIMATE SUMMARY FOR THE SEASON, FROM
6/1/2016 TO 8/31/2016...

CLIMATE NORMAL PERIOD 1981 TO 2010
CLIMATE RECORD PERIOD 1897 TO 2016

WEATHER         OBSERVED          NORMAL  DEPART  LAST YEAR`S
                 VALUE   DATE(S)  VALUE   FROM    VALUE  DATE(S)
                                          NORMAL
................................................................
TEMPERATURE (F)
HIGHEST            95   08/27        MM      MM       MM
                        07/24
LOWEST             50   06/09        MM      MM       MM
AVG. MAXIMUM     86.8              84.8     2.0       MM
AVG. MINIMUM     66.8              63.7     3.1       MM
MEAN             76.8              74.2     2.6       MM
DAYS MAX >= 90     32              18.9    13.1       MM
DAYS MAX <= 32      0               0.0     0.0       MM
DAYS MIN <= 32      0               0.0     0.0       MM
DAYS MIN <= 0       0               0.0     0.0       MM

PRECIPITATION (INCHES)
TOTALS          16.45             12.17    4.28       MM
DAILY AVG.       0.18              0.13    0.05       MM
DAYS >= .01        41              32.7     8.3       MM
DAYS >= .10        30              21.8     8.2       MM
DAYS >= .50        12               8.2     3.8       MM
DAYS >= 1.00        3               3.1    -0.1       MM
GREATEST
 24 HR. TOTAL    2.17   MM                            MM

SNOWFALL (INCHES)
TOTALS            0.0               0.0     0.0       MM
SINCE 7/1         0.0               0.0     0.0       MM
DAYS >= TRACE       0               0.0     0.0       MM
DAYS >= 1.0         0               0.0     0.0       MM
GREATEST
 SNOW DEPTH         0   MM                            MM  MM
 24 HR TOTAL      0.0   MM                            MM

DEGREE_DAYS
HEATING TOTAL       1                14     -13       MM
 SINCE 7/1          0                 2      -2       MM
COOLING TOTAL    1110               864     246       MM
 SINCE 1/1       1250               977     273       MM
.................................................................

WIND (MPH)
AVERAGE WIND SPEED              4.0
HIGHEST WIND SPEED/DIRECTION    26/310    DATE  07/14
HIGHEST GUST SPEED/DIRECTION    39/320    DATE  07/14

SKY COVER
POSSIBLE SUNSHINE (PERCENT)   MM
AVERAGE SKY COVER           0.30
NUMBER OF DAYS FAIR           51
NUMBER OF DAYS PC             36
NUMBER OF DAYS CLOUDY          5

AVERAGE RH (PERCENT)     74

WEATHER CONDITIONS. NUMBER OF DAYS WITH
THUNDERSTORM              0     MIXED PRECIP               0
HEAVY RAIN               24     RAIN                      24
LIGHT RAIN               37     FREEZING RAIN              0
LT FREEZING RAIN          0     HAIL                       0
HEAVY SNOW                0     SNOW                       0
LIGHT SNOW                0     SLEET                      0
FOG                      69     FOG W/VIS <= 1/4 MILE     23
HAZE                     13

-  INDICATES NEGATIVE NUMBERS.
R  INDICATES RECORD WAS SET OR TIED.
MM INDICATES DATA IS MISSING.
T  INDICATES TRACE AMOUNT.

$$
