000
CXUS51 KCAR 101124
CLMHUL


CLIMATE REPORT
NATIONAL WEATHER SERVICE CARIBOU, ME
419 AM EDT SUN SEP 10 2017

...................................

...THE HOULTON ME CLIMATE SUMMARY FOR THE SEASON, FROM
6/1/2017 TO 8/31/2017...

CLIMATE NORMAL PERIOD 1981 TO 2010
CLIMATE RECORD PERIOD 1948 TO 2017

WEATHER         OBSERVED          NORMAL  DEPART  LAST YEAR`S
                 VALUE   DATE(S)  VALUE   FROM    VALUE  DATE(S)
                                          NORMAL
................................................................
TEMPERATURE (F)
RECORD
 HIGH              99   08/02/1975
 LOW               28   06/06/1971
HIGHEST            90   06/11        MM      MM       88  08/05
                                                          07/22
                                                          06/27
LOWEST             32   06/07        MM      MM       34  06/17
AVG. MAXIMUM     76.0              75.4     0.6     76.0
AVG. MINIMUM     50.4              51.1    -0.7     51.8
MEAN             63.2              63.2     0.0     63.9
DAYS MAX >= 90      1               1.8    -0.8        0
DAYS MAX <= 32      0               0.0     0.0        0
DAYS MIN <= 32      1               0.6     0.4        0
DAYS MIN <= 0       0               0.0     0.0        0

PRECIPITATION (INCHES)
RECORD
 MAXIMUM        16.56   2012
 MINIMUM         7.59   2017
TOTALS           7.59R                    -3.40
DAILY AVG.       0.08              0.12   -0.04     0.14
DAYS >= .01        41              37.6     3.4       35
DAYS >= .10        17              22.4    -5.4       23
DAYS >= .50         4               7.6    -3.6       10
DAYS >= 1.00        1               2.1    -1.1        4
GREATEST
 24 HR. TOTAL    1.16   MM                       08/31 TO 08/31
                                                          08/31 TO 08/31
                                                          08/31 TO 08/31

SNOWFALL (INCHES)
RECORDS
 TOTAL             MM   MM
TOTALS             MM               0.0      MM       MM
SINCE 7/1          MM               0.0      MM       MM
SNOWDEPTH AVG.     MM                MM      MM       MM
DAYS >= 1.0         0               0.0     0.0        0
GREATEST
 SNOW DEPTH        MM                                 MM  MM
 24 HR TOTAL       MM                                 MM

DEGREE_DAYS
HEATING TOTAL     308               337     -29      269
 SINCE 7/1        148               156      -8       94
COOLING TOTAL     170               174      -4      199
 SINCE 1/1        176               178      -2      206
..................................................

WIND (MPH)
AVERAGE WIND SPEED              5.6
HIGHEST WIND SPEED/DIRECTION    29/330    DATE  06/12
HIGHEST GUST SPEED/DIRECTION    43/300    DATE  06/12

SKY COVER
POSSIBLE SUNSHINE (PERCENT)   MM
AVERAGE SKY COVER           0.40
NUMBER OF DAYS FAIR           48
NUMBER OF DAYS PC             31
NUMBER OF DAYS CLOUDY         13

AVERAGE RH (PERCENT)     74

WEATHER CONDITIONS. NUMBER OF DAYS WITH
THUNDERSTORM              0     MIXED PRECIP               0
HEAVY RAIN               12     RAIN                      15
LIGHT RAIN               47     FREEZING RAIN              0
LT FREEZING RAIN          0     HAIL                       0
HEAVY SNOW                0     SNOW                       0
LIGHT SNOW                0     SLEET                      0
FOG                      54     FOG W/VIS <= 1/4 MILE      6
HAZE                      1

-  INDICATES NEGATIVE NUMBERS.
R  INDICATES RECORD WAS SET OR TIED.
MM INDICATES DATA IS MISSING.
T  INDICATES TRACE AMOUNT.

$$
