000
CXUS51 KPHI 010846
CLMILG


CLIMATE REPORT
NATIONAL WEATHER SERVICE MOUNT HOLLY NJ
443 AM EDT TUE AUG 1 2017

...................................

...THE WILMINGTON CLIMATE SUMMARY FOR THE MONTH OF JULY 2017...

CLIMATE NORMAL PERIOD 1981 TO 2010
CLIMATE RECORD PERIOD 1894 TO 2017

WEATHER         OBSERVED          NORMAL  DEPART  LAST YEAR`S
                 VALUE   DATE(S)  VALUE   FROM    VALUE  DATE(S)
                                          NORMAL
................................................................
TEMPERATURE (F)
RECORD
 HIGH             103   07/07/2010
                        07/06/2010
                        07/10/1936
 LOW               48   07/01/1988
HIGHEST            93                95      -2       96
LOWEST             58                56       2       62
AVG. MAXIMUM     86.6              86.1     0.5     88.4
AVG. MINIMUM     69.7              67.6     2.1     70.3
MEAN             78.2              76.8     1.4     79.4
DAYS MAX >= 90      9               7.7     1.3       16
DAYS MAX <= 32      0               0.0     0.0        0
DAYS MIN <= 32      0               0.0     0.0        0
DAYS MIN <= 0       0               0.0     0.0        0

PRECIPITATION (INCHES)
RECORD
 MAXIMUM        13.55   1919
 MINIMUM         0.16   1955
TOTALS           6.75              4.57    2.18     6.35
DAILY AVG.       0.22              0.15    0.07     0.20
DAYS >= .01        11               9.9     1.1       12
DAYS >= .10         8               6.7     1.3       10
DAYS >= .50         5               3.1     1.9        7
DAYS >= 1.00        3               1.3     1.7        2
GREATEST
 24 HR. TOTAL    2.16   07/24 TO 07/24              1.62

SNOWFALL (INCHES)
RECORDS
 TOTAL             MM   5
 24 HR TOTAL       MM
TOTALS            0.0               0.0     0.0      0.0
SINCE 7/1         0.0               0.0     0.0      0.0
SNOWDEPTH AVG.      0                MM      MM        0
DAYS >= 1.0         0               0.0     0.0        0
GREATEST
 SNOW DEPTH         0   MM                             0  MM
 24 HR TOTAL      0.0   07/31 TO 07/31               0.0

DEGREE_DAYS
HEATING TOTAL       0                 0       0        0
 SINCE 7/1          0                 0       0        0
COOLING TOTAL     417               367      50      453
 SINCE 1/1        769               677      92      773
.................................................................

WIND (MPH)
AVERAGE WIND SPEED              6.8
HIGHEST WIND SPEED/DIRECTION    35/350    DATE  07/14
HIGHEST GUST SPEED/DIRECTION    44/300    DATE  07/24

SKY COVER
POSSIBLE SUNSHINE (PERCENT)   MM
AVERAGE SKY COVER           0.40
NUMBER OF DAYS FAIR           17
NUMBER OF DAYS PC             10
NUMBER OF DAYS CLOUDY          4

AVERAGE RH (PERCENT)     74

WEATHER CONDITIONS. NUMBER OF DAYS WITH
THUNDERSTORM              0     MIXED PRECIP               0
HEAVY RAIN                6     RAIN                       8
LIGHT RAIN               15     FREEZING RAIN              0
LT FREEZING RAIN          0     HEAVY SNOW                 0
SNOW                      0     LIGHT SNOW                 0
SLEET                     0     FOG                       15
FOG W/VIS <= 1/4 MILE     0     HAZE                       3

-  INDICATES NEGATIVE NUMBERS.
R  INDICATES RECORD WAS SET OR TIED.
MM INDICATES DATA IS MISSING.
T  INDICATES TRACE AMOUNT.

$$
