000
CXUS53 KLBF 012049
CLMIML


CLIMATE REPORT
NATIONAL WEATHER SERVICE NORTH PLATTE
239 PM CST THU FEB 1 2018

...................................

...THE IMPERIAL NE CLIMATE SUMMARY FOR THE MONTH OF JANUARY 2018...

CLIMATE NORMAL PERIOD 1981 TO 2010
CLIMATE RECORD PERIOD 1893 TO 2018

WEATHER         OBSERVED          NORMAL  DEPART  LAST YEAR`S
                 VALUE   DATE(S)  VALUE   FROM    VALUE  DATE(S)
                                          NORMAL
................................................................
TEMPERATURE (F)
RECORD
 HIGH              77   01/27/2015
 LOW              -32   01/02/1911
HIGHEST            66   01/09        61       5       61  01/30
LOWEST             -7   01/16        -7       0      -12  01/05
                        01/02
AVG. MAXIMUM     41.1              41.1     0.0     36.9
AVG. MINIMUM     13.6              15.5    -1.9     16.0
MEAN             27.3              28.3    -1.0     26.5
DAYS MAX >= 90      0               0.0     0.0        0
DAYS MAX <= 32      8               8.4    -0.4       11
DAYS MIN <= 32     31              30.6     0.4       30
DAYS MIN <= 0       5               2.1     2.9        3

PRECIPITATION (INCHES)
RECORD
 MAXIMUM         1.73   1944
 MINIMUM         0.00   1986
                        1964
                        1961
TOTALS           0.82              0.30    0.52     0.78
DAILY AVG.       0.03              0.01    0.02     0.03
DAYS >= .01         4                MM      MM        4
DAYS >= .10         2                MM      MM        2
DAYS >= .50         1                MM      MM        0
DAYS >= 1.00        0                MM      MM        0
GREATEST
 24 HR. TOTAL    0.57   01/22 TO 01/22           01/15 TO 01/16
                                                          01/27 TO 01/27EATHER         OBSERVED          NORMAL  DEPART  LAST YEAR`S
                                                          01/27 TO 01/27EATHER         OBSERVED          NORMAL  DEPART  LAST YEAR`S

SNOWFALL (INCHES)
TOTALS            0.0

DEGREE_DAYS
HEATING TOTAL    1161              1138      23     1185
 SINCE 7/1       3482              3653    -171     3329
COOLING TOTAL       0                 0       0        0
 SINCE 1/1          0                 0       0        0
.................................................................

WIND (MPH)
HIGHEST WIND SPEED/DIRECTION    40/330    DATE  01/22
HIGHEST GUST SPEED/DIRECTION    48/340    DATE  01/22

AVERAGE RH (PERCENT)     71

WEATHER CONDITIONS. NUMBER OF DAYS WITH
THUNDERSTORM              0     MIXED PRECIP               0
HEAVY RAIN                0     RAIN                       1
LIGHT RAIN                2     FREEZING RAIN              0
LT FREEZING RAIN          1     HAIL                       0
HEAVY SNOW                0     SNOW                       1
LIGHT SNOW                6     SLEET                      0
FOG                       6     FOG W/VIS <= 1/4 MILE      0
HAZE                      0

-  INDICATES NEGATIVE NUMBERS.
R  INDICATES RECORD WAS SET OR TIED.
MM INDICATES DATA IS MISSING.
T  INDICATES TRACE AMOUNT.

$$
