000
CXUS53 KDLH 010643
CLMINL

CLIMATE REPORT
NATIONAL WEATHER SERVICE DULUTH MN
143 AM CDT TUE APR 1 2014

...................................

...THE INTERNATIONAL FALLS MN CLIMATE SUMMARY FOR THE MONTH OF MARCH 2014...

CLIMATE NORMAL PERIOD 1981 TO 2010
CLIMATE RECORD PERIOD 1895 TO 2014

WEATHER         OBSERVED          NORMAL  DEPART  LAST YEAR`S
                 VALUE   DATE(S)  VALUE   FROM    VALUE  DATE(S)
                                          NORMAL
................................................................
TEMPERATURE (F)
RECORD
 HIGH              79   03/18/2012
 LOW              -38   03/01/1962
HIGHEST            52   03/30        MM      MM       50  03/29
LOWEST            -33   03/03        MM      MM      -28  03/17
AVG. MAXIMUM     27.3              34.7    -7.4     30.4
AVG. MINIMUM     -1.5              12.5   -14.0      1.6
MEAN             12.9              23.6   -10.7     16.0
DAYS MAX >= 90      0               0.0     0.0        0
DAYS MAX <= 32     21              11.7     9.3       20
DAYS MIN <= 32     30              29.4     0.6       31
DAYS MIN <= 0      16               6.2     9.8       13

PRECIPITATION (INCHES)
RECORD
 MAXIMUM         3.81   2009
 MINIMUM         0.13   2001
TOTALS           1.46              0.95    0.51     1.15
DAILY AVG.       0.05              0.03    0.02     0.04
DAYS >= .01         9               8.8     0.2        7
DAYS >= .10         4               2.6     1.4        3
DAYS >= .50         1               0.3     0.7        0
DAYS >= 1.00        0               0.0     0.0        0
GREATEST
 24 HR. TOTAL    0.86   03/21 TO 03/21

SNOWFALL (INCHES)
RECORDS
 MAXIMUM         31.5   1951
 MINIMUM          0.2   2010
TOTALS           17.6               7.6    10.0     14.7
SINCE 7/1        94.0              64.4    29.6     85.0
SNOWDEPTH AVG.     25                10      15       25
DAYS >= 1.0         5               2.7     2.3        3
GREATEST
 SNOW DEPTH        33   03/01                         30  03/19
 24 HR TOTAL     10.4   03/21

DEGREE_DAYS
HEATING TOTAL    1606              1283     323     1512
 SINCE 7/1      10037              8866    1171     9069
COOLING TOTAL       0                 0       0        0
 SINCE 1/1          0                 0       0        0
.................................................................

WIND (MPH)
AVERAGE WIND SPEED              7.9
HIGHEST WIND SPEED/DIRECTION    25/300    DATE  03/24
HIGHEST GUST SPEED/DIRECTION    37/040    DATE  03/31

SKY COVER
POSSIBLE SUNSHINE (PERCENT)   MM
AVERAGE SKY COVER           0.50
NUMBER OF DAYS FAIR           15
NUMBER OF DAYS PC              7
NUMBER OF DAYS CLOUDY          9

AVERAGE RH (PERCENT)     65

WEATHER CONDITIONS. NUMBER OF DAYS WITH
THUNDERSTORM              0     MIXED PRECIP               0
HEAVY RAIN                0     RAIN                       0
LIGHT RAIN                0     FREEZING RAIN              0
LT FREEZING RAIN          2     HAIL                       0
HEAVY SNOW                2     SNOW                       3
LIGHT SNOW               13     SLEET                      0
FOG                      12     FOG W/VIS <= 1/4 MILE      1
HAZE                     11

-  INDICATES NEGATIVE NUMBERS.
R  INDICATES RECORD WAS SET OR TIED.
MM INDICATES DATA IS MISSING.
T  INDICATES TRACE AMOUNT.

$$

.MARCH 2014 WAS MUCH COLDER AND WETTER THAN NORMAL AT INTERNATIONAL
FALLS MN...

THE AVERAGE TEMPERATURE FOR MARCH WAS 12.9 DEGREES WHICH WAS 10.7
DEGREES COLDER THAN THE NORMAL OF 23.6 DEGREES MAKING THIS THE 2ND
COLDEST MARCH IN STATION HISTORY. THE HIGHEST TEMPERATURE FOR THE
MONTH WAS 52 DEGREES ON THE 30TH. THE LOWEST TEMPERATURE WAS 33
DEGREES BELOW ZERO ON THE 3RD. FOUR DAILY TEMPERATURE RECORDS WERE
SET FOR THE MONTH. A LOW TEMPERATURE OF 33 DEGREES BELOW ZERO WAS
RECORDED ON THE 3RD BREAKING THE OLD RECORD OF 28 BELOW ZERO SET IN
1996. A LOW TEMPERATURE OF 19 DEGREES BELOW ZERO WAS RECORDED ON THE
8TH BREAKING THE OLD RECORD OF 18 BELOW ZERO SET IN 1956. A LOW
TEMPERATURE OF 23 DEGREES BELOW ZERO WAS RECORDED ON THE 16TH
BREAKING THE OLD RECORD OF 18 BELOW ZERO SET IN 1909. A LOW
TEMPERATURE OF 26 DEGREES BELOW ZERO WAS RECORDED ON THE 23RD
BREAKING THE OLD RECORD OF 25 BELOW ZERO SET IN 1974.

MARCH 2014 WAS WETTER THAN NORMAL WITH A TOTAL OF 1.46 INCHES OF
PRECIPITATION RECORDED FOR THE MONTH. THIS WAS 0.51 INCHES ABOVE THE
NORMAL OF 0.95 INCH MAKING THIS THE 22ND WETTEST MARCH IN RECORDED
HISTORY. THE GREATEST AMOUNT OF PRECIPITATION IN A 24 HOUR PERIOD
OCCURRED ON THE 21ST WHEN 0.86 INCH WAS RECORDED. AT LEAST A TRACE
OF PRECIPITATION WAS REPORTED ON 19 DAYS. AT LEAST 0.01 INCHES OF
PRECIPITATION FELL ON 9 DAYS. AT LEAST 0.10 INCHES  OF PRECIPITATION
FELL ON 4 DAYS. AT LEAST 0.50 INCHES OF PRECIPITATION FELL ON 1 DAY.
17.6 INCHES OF SNOW FELL IN MARCH WHICH WAS 10.0 ABOVE THE NORMAL OF
7.6 INCHES MAKING THIS THE 6TH SNOWIEST MARCH IN RECORDED HISTORY.
ONE DAILY PRECIPITATION RECORD AND ONE DAILY SNOWFALL RECORD WAS SET
FOR THE MONTH. 0.86 INCHES OF PRECIPITATION FELL ON THE 21ST
BREAKING THE OLD RECORD OF 0.27 INCHES SET IN 1949. 10.4 INCHES OF
SNOW FELL ON THE 21ST BREAKING THE OLD RECORD OF 2.8 INCHES SET IN
1949.

THE AVERAGE WIND SPEED FOR THE MONTH WAS 7.9 MPH. THE WINDIEST DAY
FOR THE MONTH WAS ON THE 31ST WITH AN AVERAGE WIND SPEED OF 15.8 MPH.
THE GREATEST SUSTAINED WINDS OCCURRED ON THE 24TH WITH A WIND FROM
THE NORTHWEST AT 25 MPH. A PEAK GUST OF 37 MPH FROM THE NORTHEAST
WAS RECORDED ON THE 31ST. THERE WERE 1606 HEATING DEGREE DAYS FOR
THE MONTH WHICH WAS 323 ABOVE THE NORMAL OF 1283. THIS BROUGHT THE
SEASONAL TOTAL TO 10037 WHICH WAS 1171 ABOVE THE NORMAL OF 8866.
THERE WERE 0 COOLING DEGREE DAYS FOR THE MONTH WHICH WAS NORMAL. THE
SEASONAL TOTAL COOLING DEGREE DAYS IS 0 WHICH IS NORMAL. THE HIGHEST
BAROMETRIC PRESSURE READING FOR THE MONTH WAS 30.61 INCHES REACHED
ON THE 16TH. THE LOWEST BAROMETRIC WAS 29.40 INCHES REACHED ON THE
13TH.

THE OUTLOOK FOR APRIL...NORMAL START IN THE LOWER 40S AND WARM TO
THE UPPER 50S AT THE END OF THE MONTH. NORMAL LOWS FOR THE MONTH
START IN THE LOWER 20S AND WARM TO THE LOWER 30S AT THE END OF THE
MONTH. NORMAL PRECIPITATION FOR APRIL IS 1.53 INCHES. NORMAL
SNOWFALL FOR THE MONTH IS 6.4 INCHES. BELOW NORMAL TEMPERATURES AND
NEAR NORMAL PRECIPITATION ARE FORECASTED FOR APRIL.

$$
