000
CXUS53 KDLH 020022
CLMINL

CLIMATE REPORT...CORRECTED
NATIONAL WEATHER SERVICE DULUTH MN
659 PM CDT FRI APR 1 2016

...................................

...THE INTERNATIONAL FALLS MN CLIMATE SUMMARY FOR THE MONTH OF MARCH 2016...

CLIMATE NORMAL PERIOD 1981 TO 2010
CLIMATE RECORD PERIOD 1895 TO 2016

WEATHER         OBSERVED          NORMAL  DEPART  LAST YEAR`S
                 VALUE   DATE(S)  VALUE   FROM    VALUE  DATE(S)
                                          NORMAL
................................................................
TEMPERATURE (F)
RECORD
 HIGH              79   03/18/2012
 LOW              -38   03/01/1962
HIGHEST            61   03/11        MM      MM       65  03/15
LOWEST            -17   03/01        MM      MM      -25  03/05
AVG. MAXIMUM     40.9              34.7     6.2     38.9
AVG. MINIMUM     17.5              12.5     5.0     15.0
MEAN             29.2              23.6     5.6     27.0
DAYS MAX >= 90      0               0.0     0.0        0
DAYS MAX <= 32      7              11.7    -4.7        9
DAYS MIN <= 32     28              29.4    -1.4       29
DAYS MIN <= 0       4               6.2    -2.2        5

PRECIPITATION (INCHES)
RECORD
 MAXIMUM         3.75   2009
 MINIMUM         0.00   2001
TOTALS           2.71              0.95    1.76     0.64
DAILY AVG.       0.09              0.03    0.06     0.02
DAYS >= .01         8               8.8    -0.8        8
DAYS >= .10         7               2.6     4.4        2
DAYS >= .50         2               0.3     1.7        0
DAYS >= 1.00        1               0.0     1.0        0
GREATEST
 24 HR. TOTAL    1.86   03/15 TO 03/16

SNOWFALL (INCHES)
RECORDS
 TOTAL           30.1   2009
TOTALS            9.3               7.6     1.7      3.5
SINCE 7/1        42.8              64.4   -21.6     60.2
SNOWDEPTH AVG.      6                10      -4        6
DAYS >= 1.0         2               2.7    -0.7        2
GREATEST
 SNOW DEPTH        13   03/05                         17  03/02
                                                          03/01
 24 HR TOTAL      6.8   03/16 TO 03/16

DEGREE_DAYS
HEATING TOTAL    1103              1283    -180     1169
 SINCE 7/1       7635              8866   -1231     8923
COOLING TOTAL       0                 0       0        0
 SINCE 1/1          0                 0       0        0
.................................................................

WIND (MPH)
AVERAGE WIND SPEED              5.6
HIGHEST WIND SPEED/DIRECTION    22/330    DATE  03/31
HIGHEST GUST SPEED/DIRECTION    31/210    DATE  03/13

SKY COVER
POSSIBLE SUNSHINE (PERCENT)   MM
AVERAGE SKY COVER           0.40
NUMBER OF DAYS FAIR           17
NUMBER OF DAYS PC              7
NUMBER OF DAYS CLOUDY          7

AVERAGE RH (PERCENT)     68

WEATHER CONDITIONS. NUMBER OF DAYS WITH
THUNDERSTORM              0     MIXED PRECIP               0
HEAVY RAIN                2     RAIN                       4
LIGHT RAIN                6     FREEZING RAIN              0
LT FREEZING RAIN          0     HAIL                       1
HEAVY SNOW                3     SNOW                       3
LIGHT SNOW                7     SLEET                      0
FOG                      18     FOG W/VIS <= 1/4 MILE      6
HAZE                      7

-  INDICATES NEGATIVE NUMBERS.
R  INDICATES RECORD WAS SET OR TIED.
MM INDICATES DATA IS MISSING.
T  INDICATES TRACE AMOUNT.

$$

.MARCH 2016 WAS WARMER AND WETTER THAN NORMAL AT INTERNATIONAL
FALLS MN...

THE AVERAGE TEMPERATURE FOR MARCH WAS 29.2 DEGREES WHICH WAS 5.6
DEGREES ABOVE THE NORMAL OF 23.6 DEGREES MAKING THIS THE 8TH WARMEST
MARCH IN STATION HISTORY. THE HIGHEST TEMPERATURE FOR THE MONTH WAS
61 DEGREES ON THE 11TH. THE LOWEST TEMPERATURE WAS -17 DEGREES ON
THE 1ST. THREE DAILY TEMPERATURE RECORDS WERE BROKEN AND ONE WAS
TIED FOR THE MONTH OF MARCH. THE RECORD HIGH TEMPERATURE OF 61
DEGREES RECORDED ON THE 11TH. THIS TIES THE OLD RECORD SET IN 2012.
THE RECORD HIGH TEMPERATURE OF 60 DEGREES WAS RECORDED ON THE 12TH.
THIS BREAKS THE OLD RECORD OF 56 SET IN 2015. THE RECORD HIGH
TEMPERATURE OF 59 DEGREES WAS RECORDED ON THE 13TH. THIS BREAKS THE
OLD RECORD OF 55 SET IN 2012. THE RECORD HIGH TEMPERATURE OF 60
DEGREES WAS RECORDED ON THE 14TH. THIS BREAKS THE OLD RECORD OF 57
DEGREES SET IN 2012.  ELEVEN DAYS HAD AVERAGE TEMPERATURES BELOW
NORMAL.

MARCH 2016 WAS WETTER THAN NORMAL WITH A TOTAL OF 2.71 INCHES OF
PRECIPITATION RECORDED FOR THE MONTH. THIS WAS 1.76 INCHES ABOVE THE
NORMAL OF 0.95 INCHES MAKING THIS THE 5TH WETTEST MARCH IN RECORDED
HISTORY. THE GREATEST AMOUNT OF PRECIPITATION IN A 24 HOUR PERIOD
OCCURRED ON THE 15TH TO 16TH WHEN 1.86 INCHES WAS RECORDED. AT LEAST
A TRACE OF PRECIPITATION WAS RECORDED ON 11 DAYS. AT LEAST 0.01 OF
AN INCH OF PRECIPITATION FELL ON 8 DAYS. AT LEAST 0.10 OF AN INCH
FELL ON 7 DAYS. AT LEAST 0.50 OF AN INCH FELL ON 2 DAYS AND AT LEAST
1.00 INCH FELL ON 1 DAY. THERE WAS 9.3 INCHES OF SNOW FOR THE MONTH
WHICH IS 1.7 INCHES ABOVE THE NORMAL OF 7.6 INCHES WHICH MADE IT THE
30TH SNOWIEST MARCH IN STATION HISTORY. THE GREATEST AMOUNT OF
SNOWFALL IN A 24 HOUR PERIOD OCCURRED ON THE 16TH WHERE 6.8 INCHES
OF SNOW WAS RECORDED. TWO DAILY PRECIPITATION RECORDS AND ONE DAILY
SNOWFALL RECORD WAS BROKEN FOR THE MONTH. ON THE 13TH 0.18 INCHES OF
PRECIPITATION FELL. THIS BREAKS THE OLD RECORD OF 0.15 INCHES SET IN
1980 AND TIED IN 2004. ON THE 16TH 1.12 INCHES OF PRECIPITATION FELL.
THIS BREAKS THE OLD RECORD OF 0.45 INCHES SET IN 1943. ALSO ON THE
16TH 6.8 INCHES OF SNOW FELL. THIS BREAKS THE OLD RECORD OF 4.1
INCHES SET IN 1950.

THE AVERAGE WIND SPEED FOR THE MONTH WAS 5.6 MPH. THE WINDIEST DAY
FOR THE MONTH WAS ON THE 15TH WITH AN AVERAGE WIND OF 9.5 MPH. THE
HIGHEST SUSTAINED WIND OCCURRED ON THE 31ST WITH A SPEED OF 22 MPH
OUT OF THE NORTH NORTHWEST. A PEAK GUST OF 31 MPH FROM THE SOUTH
SOUTHWEST WAS RECORDED ON THE 13TH. THERE WERE 1103 HEATING DEGREE
DAYS FOR THE MONTH WHICH WAS 180 BELOW THE NORMAL OF 1283. THIS
BROUGHT THE SEASONAL TOTAL TO 7635 WHICH WAS 1231 BELOW THE NORMAL
OF 8866. THERE WERE 0 COOLING DEGREE DAYS FOR THE MONTH WHICH WAS
NORMAL. THE SEASONAL TOTAL COOLING DEGREE DAYS STANDS AT 0 WHICH WAS
NORMAL. THE HIGHEST SEA LEVEL PRESSURE READING FOR THE MONTH WAS
30.27 INCHES REACHED ON THE 23RD AND THE LOWEST SEA LEVEL PRESSURE
READING WAS 29.59 INCHES REACHED ON THE 31ST.

THE OUTLOOK FOR APRIL...NORMAL HIGHS BEGIN THE MONTH IN THE LOW TO
MID 40S AND WARM TO THE UPPER 50S AT THE END OF THE MONTH. NORMAL
LOWS FOR THE MONTH START IN THE LOW 20S AND WARM TO THE LOW TO MID
30S AT THE END OF THE MONTH. NORMAL PRECIPITATION FOR APRIL IS 1.53
INCHES. NORMAL SNOWFALL FOR APRIL IS 6.4 INCHES. NEAR NORMAL
TEMPERATURES AND BELOW NORMAL PRECIPITATION ARE FORECASTED FOR
APRIL.

$$
