000
CXUS55 KFGZ 011308
CLMINW


CLIMATE REPORT
NATIONAL WEATHER SERVICE FLAGSTAFF, AZ
607 AM MST MON JUN 1 2015

...................................

...THE WINSLOW AZ AIRPORT CLIMATE SUMMARY FOR THE MONTH OF MAY 2015...

CLIMATE NORMAL PERIOD 1981 TO 2010
CLIMATE RECORD PERIOD 1915 TO 2015

WEATHER         OBSERVED          NORMAL  DEPART  LAST YEAR`S
                 VALUE   DATE(S)  VALUE   FROM    VALUE  DATE(S)
                                          NORMAL
................................................................
TEMPERATURE (F)
RECORD
 HIGH             101   05/31/2002
                        05/26/1951
 LOW               23   05/08/1964
                        05/02/1929
HIGHEST            95                                 94  05/31
LOWEST             36                                 29  05/14
AVG. MAXIMUM     76.4              81.7    -5.3     80.5
AVG. MINIMUM     44.3              45.4    -1.1     43.8
MEAN             60.4              63.6    -3.2     62.1
DAYS MAX >= 90      2               5.4    -3.4        5
DAYS MAX <= 32      0               0.0     0.0        0
DAYS MIN <= 32      0               0.6    -0.6        2
DAYS MIN <= 0       0               0.0     0.0        0

PRECIPITATION (INCHES)
RECORD
 MAXIMUM         2.11   1992
 MINIMUM         0.00   2004
TOTALS           0.82              0.33    0.49        T
DAILY AVG.       0.03              0.01    0.02        T
DAYS >= .01         7               2.8     4.2        0
DAYS >= .10         4               1.1     2.9        0
DAYS >= .50         0               0.0     0.0        0
DAYS >= 1.00        0               0.0     0.0        0
GREATEST
 24 HR. TOTAL    0.38   05/15 TO 05/16                 T

DEGREE_DAYS
HEATING TOTAL     154               108      46      130
 SINCE 7/1       3828              4487    -659     4298
COOLING TOTAL      19                63     -44       50
 SINCE 1/1         19                67     -48       51
.................................................................

WIND (MPH)
AVERAGE WIND SPEED              9.3
HIGHEST WIND SPEED/DIRECTION    43/230    DATE  05/08
HIGHEST GUST SPEED/DIRECTION    55/230    DATE  05/08

SKY COVER
POSSIBLE SUNSHINE (PERCENT)   MM
AVERAGE SKY COVER           0.20
NUMBER OF DAYS FAIR           23
NUMBER OF DAYS PC              8
NUMBER OF DAYS CLOUDY          0

AVERAGE RH (PERCENT)     44

WEATHER CONDITIONS. NUMBER OF DAYS WITH
THUNDERSTORM              0     MIXED PRECIP               0
HEAVY RAIN                0     RAIN                       1
LIGHT RAIN                8     FREEZING RAIN              0
LT FREEZING RAIN          0     HAIL                       0
HEAVY SNOW                0     SNOW                       0
LIGHT SNOW                0     SLEET                      0
FOG                       2     FOG W/VIS <= 1/4 MILE      0
HAZE                      0

-  INDICATES NEGATIVE NUMBERS.
R  INDICATES RECORD WAS SET OR TIED.
MM INDICATES DATA IS MISSING.
T  INDICATES TRACE AMOUNT.

$$
