000
CXUS55 KFGZ 011444
CLMINW


CLIMATE REPORT
NATIONAL WEATHER SERVICE FLAGSTAFF, AZ
743 AM MST SAT NOV 1 2014

...................................

...THE WINSLOW AZ AIRPORT CLIMATE SUMMARY FOR THE MONTH OF OCTOBER 2014...

CLIMATE NORMAL PERIOD 1981 TO 2010
CLIMATE RECORD PERIOD 1898 TO 2014

WEATHER         OBSERVED          NORMAL  DEPART  LAST YEAR`S
                 VALUE   DATE(S)  VALUE   FROM    VALUE  DATE(S)
                                          NORMAL
................................................................
TEMPERATURE (F)
RECORD
 HIGH              93   10/01/1972
 LOW               13   10/28/1970
HIGHEST            84                                 85  10/01
LOWEST             30                                 25  10/31
AVG. MAXIMUM     77.3              73.4     3.9     70.4
AVG. MINIMUM     42.9              39.3     3.6     34.5
MEAN             60.1              56.3     3.8     52.5
DAYS MAX >= 90      0               0.1    -0.1        0
DAYS MAX <= 32      0               0.0     0.0        0
DAYS MIN <= 32      1               5.8    -4.8       14
DAYS MIN <= 0       0               0.0     0.0        0

PRECIPITATION (INCHES)
RECORD
 MAXIMUM         5.61   1972
 MINIMUM         0.00   1999
TOTALS           0.39              0.53   -0.14     0.29
DAILY AVG.       0.01              0.02   -0.01     0.01
DAYS >= .01         3               3.4    -0.4        2
DAYS >= .10         1               1.5    -0.5        1
DAYS >= .50         0               0.2    -0.2        0
DAYS >= 1.00        0               0.0     0.0        0
GREATEST
 24 HR. TOTAL    0.32   10/08 TO 10/09              0.25

DEGREE_DAYS
HEATING TOTAL     145               275    -130      380
 SINCE 7/1        158               306    -148      413
COOLING TOTAL       1                 7      -6        0
 SINCE 1/1       1327              1208     119     1380
.................................................................

WIND (MPH)
AVERAGE WIND SPEED              5.6
HIGHEST WIND SPEED/DIRECTION    38/300    DATE  10/12
HIGHEST GUST SPEED/DIRECTION    47/310    DATE  10/12

SKY COVER
POSSIBLE SUNSHINE (PERCENT)   MM
AVERAGE SKY COVER           0.10
NUMBER OF DAYS FAIR           28
NUMBER OF DAYS PC              2
NUMBER OF DAYS CLOUDY          1

AVERAGE RH (PERCENT)     50

WEATHER CONDITIONS. NUMBER OF DAYS WITH
THUNDERSTORM              0     MIXED PRECIP               0
HEAVY RAIN                0     RAIN                       1
LIGHT RAIN                2     FREEZING RAIN              0
LT FREEZING RAIN          0     HAIL                       0
HEAVY SNOW                0     SNOW                       0
LIGHT SNOW                0     SLEET                      0
FOG                       2     FOG W/VIS <= 1/4 MILE      0
HAZE                      1

-  INDICATES NEGATIVE NUMBERS.
R  INDICATES RECORD WAS SET OR TIED.
MM INDICATES DATA IS MISSING.
T  INDICATES TRACE AMOUNT.

$$
