000
CXUS51 KOKX 011659
CLMISP

CLIMATE REPORT
NATIONAL WEATHER SERVICE NEW YORK NY
1258 PM EDT SAT NOV 1 2014

...THE ISLIP NY CLIMATE SUMMARY FOR THE MONTH OF OCTOBER 2014...

CLIMATE NORMAL PERIOD 1981 TO 2010
CLIMATE RECORD PERIOD 1986 TO 2014

WEATHER         OBSERVED          NORMAL  DEPART  LAST YEAR`S
                 VALUE   DATE(S)  VALUE   FROM    VALUE  DATE(S)
                                          NORMAL
................................................................
TEMPERATURE (F)
RECORD
 HIGH              88   10/08/2007
 LOW               28   10/30/1985
HIGHEST            76   10/15        MM      MM       84  10/02
LOWEST             35   10/20        MM      MM       32  10/26
AVG. MAXIMUM     65.3              63.0     2.3     67.5
AVG. MINIMUM     49.6              45.5     4.1     48.3
MEAN             57.5              54.3     3.2     57.9
DAYS MAX >= 90      0               0.0     0.0        0
DAYS MAX <= 32      0               0.0     0.0        0
DAYS MIN <= 32      0               0.9    -0.9        1
DAYS MIN <= 0       0               0.0     0.0        0

PRECIPITATION (INCHES)
RECORD
 MAXIMUM        14.07   2005
 MINIMUM         0.18   2000
TOTALS           4.07              3.79    0.28     0.22
DAILY AVG.       0.13              0.12    0.01     0.01
DAYS >= .01        13               8.5     4.5        7
DAYS >= .10         6               5.6     0.4        0
DAYS >= .50         4               2.5     1.5        0
DAYS >= 1.00        1               1.0     0.0        0
GREATEST
 24 HR. TOTAL    1.02   10/16 TO 10/16           10/07 TO 10/07
                                                          10/06 TO 10/07
                                                          10/07 TO 10/07
 STORM TOTAL       MM                                 MM
 (MM/DD(HH))            MM                    10/07(00) TO 10/07(00)
                                                 10/07(00) TO 10/07(00)7
                                                 10/07(00) TO 10/07(00)7

SNOWFALL (INCHES)
RECORDS
 TOTAL            0.3   2011
 24 HR TOTAL       MM
TOTALS            0.0               0.0     0.0      0.0
 LIQUID EQUIV    0.00              0.00    0.00     0.00
SINCE 7/1         0.0               0.0     0.0      0.0
 LIQUID 7/1      0.00              0.00    0.00     0.00
DAYS >= TRACE       0               0.0     0.0        0
DAYS >= 1.0         0               0.0     0.0        0
GREATEST
 SNOW DEPTH         0   MM                             0  MM
 24 HR TOTAL      0.0   10/31 TO 10/31           10/31 TO 10/31
                                                          10/07 TO 10/07
                                                          10/07 TO 10/07
 STORM TOTAL       MM                                 MM
 (MM/DD(HH))            MM                    10/31(00) TO 10/31(00)
                                                 10/07(00) TO 10/07(00)7
                                                 10/07(00) TO 10/07(00)7

DEGREE_DAYS
HEATING TOTAL     244               343     -99      239
 SINCE 7/1        288               420    -132      322
COOLING TOTAL      16                10       6       26
 SINCE 1/1        887               787     100      957
........................................................

WIND (MPH)
AVERAGE WIND SPEED              9.5
HIGHEST WIND SPEED/DIRECTION    36/010    DATE  10/22
HIGHEST GUST SPEED/DIRECTION    46/030    DATE  10/22

SKY COVER
POSSIBLE SUNSHINE (PERCENT)   MM
AVERAGE SKY COVER           0.60
NUMBER OF DAYS FAIR            7
NUMBER OF DAYS PC             14
NUMBER OF DAYS CLOUDY         10

AVERAGE RH (PERCENT)     72

WEATHER CONDITIONS. NUMBER OF DAYS WITH
THUNDERSTORM              0     MIXED PRECIP               0
HEAVY RAIN                3     RAIN                       7
LIGHT RAIN               16     FREEZING RAIN              0
LT FREEZING RAIN          0     HAIL                       0
HEAVY SNOW                0     SNOW                       0
LIGHT SNOW                0     SLEET                      0
FOG                      14     FOG W/VIS <= 1/4 MILE      0
HAZE                      0

-  INDICATES NEGATIVE NUMBERS.
R  INDICATES RECORD WAS SET OR TIED.
MM INDICATES DATA IS MISSING.
T  INDICATES TRACE AMOUNT.

$$
