000
CXHW53 PHFO 011617
CLMITO


CLIMATE REPORT
NATIONAL WEATHER SERVICE HONOLULU HI
608 AM HST FRI SEP 1 2017

...................................

...THE HILO HI CLIMATE SUMMARY FOR THE MONTH OF AUGUST 2017...

CLIMATE NORMAL PERIOD 1981 TO 2010
CLIMATE RECORD PERIOD 1946 TO 2017

WEATHER         OBSERVED          NORMAL  DEPART  LAST YEAR`S
                 VALUE   DATE(S)  VALUE   FROM    VALUE  DATE(S)
                                          NORMAL
................................................................
TEMPERATURE (F)
RECORD
 HIGH              93   08/15/1950
 LOW               64   08/12/1999
                        08/24/1988
                        08/20/1983
HIGHEST            86   08/06        83       3       88  08/08
                        08/02                             08/07
LOWEST             68   08/31        69      -1       68  08/21
                        08/30
                        08/27
AVG. MAXIMUM     84.1              83.2     0.9     84.4
AVG. MINIMUM     70.1              69.7     0.4     71.5
MEAN             77.1              76.4     0.7     78.0
DAYS MAX >= 90      0               0.0     0.0        0
DAYS MAX <= 32      0               0.0     0.0        0
DAYS MIN <= 32      0               0.0     0.0        0
DAYS MIN <= 0       0               0.0     0.0        0

PRECIPITATION (INCHES)
RECORD
 MAXIMUM        26.92   1991
 MINIMUM         2.66   1971
TOTALS           8.88              9.85   -0.97    24.68
DAILY AVG.       0.29              0.32   -0.03     0.80
DAYS >= .01        29              26.8     2.2       28
DAYS >= .10        19              17.9     1.1       23
DAYS >= .50         7               5.2     1.8       10
DAYS >= 1.00        1               1.8    -0.8        5
GREATEST
 24 HR. TOTAL    1.55   08/21 TO 08/21              9.35

SNOWFALL (INCHES)
RECORDS
 TOTAL             MM   5
TOTALS            0.0               0.0     0.0      0.0
SINCE 7/1         0.0               0.0     0.0      0.0
SNOWDEPTH AVG.     MM                MM      MM        0
DAYS >= 1.0         0               0.0     0.0        0
GREATEST
 SNOW DEPTH        MM                                  0  MM
 24 HR TOTAL      0.0   08/31 TO 08/31               0.0

DEGREE_DAYS
HEATING TOTAL       0                 0       0        0
 SINCE 7/1          0                 0       0        0
COOLING TOTAL     383               355      28      410
 SINCE 1/1       2416              2072     344     2751
.................................................................

WIND (MPH)
AVERAGE WIND SPEED              6.3
HIGHEST WIND SPEED/DIRECTION    21/090    DATE  08/24
HIGHEST GUST SPEED/DIRECTION    26/070    DATE  08/24

SKY COVER
POSSIBLE SUNSHINE (PERCENT)   MM
AVERAGE SKY COVER             MM
NUMBER OF DAYS FAIR            0
NUMBER OF DAYS PC              0
NUMBER OF DAYS CLOUDY          0

AVERAGE RH (PERCENT)     MM

WEATHER CONDITIONS. NUMBER OF DAYS WITH
THUNDERSTORM              0     MIXED PRECIP               0
HEAVY RAIN                0     RAIN                       0
LIGHT RAIN                0     FREEZING RAIN              0
LT FREEZING RAIN          0     HAIL                       0
HEAVY SNOW                0     SNOW                       0
LIGHT SNOW                0     SLEET                      0
FOG                      27     FOG W/VIS <= 1/4 MILE      0
HAZE                      3

-  INDICATES NEGATIVE NUMBERS.
R  INDICATES RECORD WAS SET OR TIED.
MM INDICATES DATA IS MISSING.
T  INDICATES TRACE AMOUNT.

$$
