000
CXUS54 KLUB 011712
CLMLBB


CLIMATE REPORT
NATIONAL WEATHER SERVICE LUBBOCK, TX
1211 PM CDT MON AUG 1 2016

...................................

...THE LUBBOCK CLIMATE SUMMARY FOR THE MONTH OF JULY 2016...

CLIMATE NORMAL PERIOD 1981 TO 2010
CLIMATE RECORD PERIOD 1911 TO 2016

WEATHER         OBSERVED          NORMAL  DEPART  LAST YEAR`S
                 VALUE   DATE(S)  VALUE   FROM    VALUE  DATE(S)
                                          NORMAL
................................................................
TEMPERATURE (F)
RECORD
 HIGH             109   07/07/2016
                        07/10/1940
                        86/12/2537
 LOW               49   07/05/1915
HIGHEST           109R  07/07                         98  07/28
LOWEST             66   07/28                         64  07/09
                                                          07/08
                                                          07/07
AVG. MAXIMUM     99.5              92.8     6.7     92.3
AVG. MINIMUM     71.4              67.7     3.7     70.0
MEAN             85.5              80.3     5.2     81.2
DAYS MAX >= 90     31              22.3     8.7       24
DAYS MAX <= 32      0               0.0     0.0        0
DAYS MIN <= 32      0               0.0     0.0        0
DAYS MIN <= 0       0               0.0     0.0        0

PRECIPITATION (INCHES)
RECORD
 MAXIMUM         7.20   1976
 MINIMUM         0.00   1970
TOTALS           0.58              1.91   -1.33     3.96
DAILY AVG.       0.02              0.06   -0.04     0.13
DAYS >= .01         4                                  5
DAYS >= .10         2                                  3
DAYS >= .50         0                                  2
DAYS >= 1.00        0                                  1
GREATEST
 24 HR. TOTAL    0.28   07/15 TO 07/15

DEGREE_DAYS
HEATING TOTAL       0                 0       0        0
 SINCE 7/1          0                 0       0        0
COOLING TOTAL     642               473     169      509
 SINCE 1/1       1295              1093     202     1024
.................................................................

WIND (MPH)
AVERAGE WIND SPEED              12.4
HIGHEST WIND SPEED/DIRECTION    52/180    DATE  07/06
HIGHEST GUST SPEED/DIRECTION    63/180    DATE  07/06

SKY COVER
POSSIBLE SUNSHINE (PERCENT)   MM
AVERAGE SKY COVER           0.40
NUMBER OF DAYS FAIR           14
NUMBER OF DAYS PC             17
NUMBER OF DAYS CLOUDY          0

AVERAGE RH (PERCENT)     46

WEATHER CONDITIONS. NUMBER OF DAYS WITH
THUNDERSTORM              0     MIXED PRECIP               0
HEAVY RAIN                2     RAIN                       4
LIGHT RAIN                6     FREEZING RAIN              0
LT FREEZING RAIN          0     HAIL                       0
HEAVY SNOW                0     SNOW                       0
LIGHT SNOW                0     SLEET                      0
FOG                       2     FOG W/VIS <= 1/4 MILE      0
HAZE                     14

-  INDICATES NEGATIVE NUMBERS.
R  INDICATES RECORD WAS SET OR TIED.
MM INDICATES DATA IS MISSING.
T  INDICATES TRACE AMOUNT.

$$
