000
CXUS53 KLBF 011650 CCA
CLMLBF

CLIMATE REPORT
NATIONAL WEATHER SERVICE NORTH PLATTE
1150 AM CDT FRI APR 1 2016

...................................

...THE NORTH PLATTE NE CLIMATE SUMMARY FOR THE MONTH OF MARCH 2016...

CLIMATE NORMAL PERIOD 1981 TO 2010
CLIMATE RECORD PERIOD 1874 TO 2016

WEATHER         OBSERVED          NORMAL  DEPART  LAST YEAR`S
                 VALUE   DATE(S)  VALUE   FROM    VALUE  DATE(S)
                                          NORMAL
................................................................
TEMPERATURE (F)
RECORD
 HIGH              91   03/16/2015
 LOW              -22   03/03/2002
                        03/03/1960
HIGHEST            80   03/21        77       3       91  03/16
LOWEST              8   03/20         4       4       -1  03/05
AVG. MAXIMUM     61.0              52.5     8.5     63.5
AVG. MINIMUM     24.2              23.5     0.7     23.4
MEAN             42.6              38.0     4.6     43.5
DAYS MAX >= 90      0               0.0     0.0        1
DAYS MAX <= 32      0               2.6    -2.6        2
DAYS MIN <= 32     26              26.0     0.0       27
DAYS MIN <= 0       0               0.5    -0.5        1

PRECIPITATION (INCHES)
RECORD
 MAXIMUM         4.37   1949
 MINIMUM         0.01   2015
TOTALS           0.66              1.05   -0.39     0.01
DAILY AVG.       0.02              0.03   -0.01     0.00
DAYS >= .01         5               6.7    -1.7        1
DAYS >= .10         1               2.7    -1.7        0
DAYS >= .50         1               0.6     0.4        0
DAYS >= 1.00        0               0.0     0.0        0
GREATEST
 24 HR. TOTAL    0.57   03/23 TO 03/23           03/03 TO 03/03
                                                          03/03 TO 03/03
                                                          03/03 TO 03/03

SNOWFALL (INCHES)
RECORDS
 TOTAL           27.8   1912
TOTALS            4.3               4.4    -0.1      0.3
SINCE 7/1        29.9              25.3     4.6     19.1
SNOWDEPTH AVG.      0                MM      MM        0
DAYS >= 1.0         1               1.4    -0.4        0
GREATEST
 SNOW DEPTH         3   03/24                          0  MM
 24 HR TOTAL      4.3   MM

DEGREE_DAYS
HEATING TOTAL     686               837    -151      659
 SINCE 7/1       4963              5865    -902     5548
COOLING TOTAL       0                 0       0        0
 SINCE 1/1          0                 0       0        0
....................................................

WIND (MPH)
AVERAGE WIND SPEED              10.3
HIGHEST WIND SPEED/DIRECTION    45/360    DATE  03/23
HIGHEST GUST SPEED/DIRECTION    56/360    DATE  03/23

SKY COVER
POSSIBLE SUNSHINE (PERCENT)   MM
AVERAGE SKY COVER           0.20
NUMBER OF DAYS FAIR           24
NUMBER OF DAYS PC              5
NUMBER OF DAYS CLOUDY          2

AVERAGE RH (PERCENT)     57

WEATHER CONDITIONS. NUMBER OF DAYS WITH
THUNDERSTORM              4     MIXED PRECIP               0
HEAVY RAIN                0     RAIN                       1
LIGHT RAIN                8     FREEZING RAIN              0
LT FREEZING RAIN          0     HAIL                       0
HEAVY SNOW                0     SNOW                       0
LIGHT SNOW                1     SLEET                      0
FOG                       4     FOG W/VIS <= 1/4 MILE      1
HAZE                      2

-  INDICATES NEGATIVE NUMBERS.
R  INDICATES RECORD WAS SET OR TIED.
MM INDICATES DATA IS MISSING.
T  INDICATES TRACE AMOUNT.

$$
