000
CXUS53 KLBF 012029
CLMLBF


CLIMATE REPORT
NATIONAL WEATHER SERVICE NORTH PLATTE
329 PM CDT FRI AUG 1 2014

...................................

...THE NORTH PLATTE NE CLIMATE SUMMARY FOR THE MONTH OF JULY 2014...

CLIMATE NORMAL PERIOD 1981 TO 2010
CLIMATE RECORD PERIOD 1874 TO 2014

WEATHER         OBSERVED          NORMAL  DEPART  LAST YEAR`S
                 VALUE   DATE(S)  VALUE   FROM    VALUE  DATE(S)
                                          NORMAL
................................................................
TEMPERATURE (F)
RECORD
 HIGH             112   07/11/1954
 LOW               39   07/04/1997
HIGHEST           100   07/24       100       0      102  07/13
                                                          07/12
LOWEST             44   07/15        48      -4       44  07/02
AVG. MAXIMUM     86.1              88.2    -2.1     87.8
AVG. MINIMUM     57.6              60.4    -2.8     60.4
MEAN             71.8              74.3    -2.5     74.1
DAYS MAX >= 90      8              13.0    -5.0       15
DAYS MAX <= 32      0               0.0     0.0        0
DAYS MIN <= 32      0               0.0     0.0        0
DAYS MIN <= 0       0               0.0     0.0        0

PRECIPITATION (INCHES)
RECORD
 MAXIMUM         8.47   1879
 MINIMUM         0.34   1901
TOTALS           0.14R             3.07   -2.93     2.74
DAILY AVG.       0.00              0.10   -0.10     0.09
DAYS >= .01         3              10.3    -7.3        9
DAYS >= .10         0               6.0    -6.0        4
DAYS >= .50         0               2.3    -2.3        3
DAYS >= 1.00        0               0.8    -0.8        1
GREATEST
 24 HR. TOTAL    0.08   07/09 TO 07/09           07/25 TO 07/25
                                                          07/31 TO 07/31
                                                          07/31 TO 07/31

SNOWFALL (INCHES)
RECORDS
 TOTAL              T   2010
                        2009
                        2008
TOTALS            0.0               0.0     0.0      0.0
SINCE 7/1         0.0               0.0     0.0      0.0
SNOWDEPTH AVG.      0                MM      MM        0
DAYS >= 1.0         0               0.0     0.0        0
GREATEST
 SNOW DEPTH         0   MM                             0  MM
 24 HR TOTAL      0.0   MM

DEGREE_DAYS
HEATING TOTAL      17                 5      12       13
 SINCE 7/1         17                 5      12       13
COOLING TOTAL     235               293     -58      302
 SINCE 1/1        415               459     -44      529
..................................................

WIND (MPH)
AVERAGE WIND SPEED              7.9
HIGHEST WIND SPEED/DIRECTION    29/290    DATE  07/24
HIGHEST GUST SPEED/DIRECTION    38/130    DATE  07/10

SKY COVER
POSSIBLE SUNSHINE (PERCENT)   MM
AVERAGE SKY COVER           0.20
NUMBER OF DAYS FAIR           22
NUMBER OF DAYS PC              8
NUMBER OF DAYS CLOUDY          1

AVERAGE RH (PERCENT)     65

WEATHER CONDITIONS. NUMBER OF DAYS WITH
THUNDERSTORM              0     MIXED PRECIP               0
HEAVY RAIN                0     RAIN                       1
LIGHT RAIN                7     FREEZING RAIN              0
LT FREEZING RAIN          0     HAIL                       0
HEAVY SNOW                0     SNOW                       0
LIGHT SNOW                0     SLEET                      0
FOG                       9     FOG W/VIS <= 1/4 MILE      0
HAZE                      2

-  INDICATES NEGATIVE NUMBERS.
R  INDICATES RECORD WAS SET OR TIED.
MM INDICATES DATA IS MISSING.
T  INDICATES TRACE AMOUNT.

$$
