000
CXHW51 PHFO 011625
CLMLIH


CLIMATE REPORT
NATIONAL WEATHER SERVICE HONOLULU HI
625 AM HST THU JUN 1 2017

...................................

...THE LIHUE HI CLIMATE SUMMARY FOR THE MONTH OF MAY 2017...

CLIMATE NORMAL PERIOD 1981 TO 2010
CLIMATE RECORD PERIOD 1946 TO 2017

WEATHER         OBSERVED          NORMAL  DEPART  LAST YEAR`S
                 VALUE   DATE(S)  VALUE   FROM    VALUE  DATE(S)
                                          NORMAL
................................................................
TEMPERATURE (F)
RECORD
 HIGH              89   05/06/2016
 LOW               58   05/01/1996
HIGHEST            86   05/02        81       5       89  05/06
LOWEST             64   05/01        70      -6       67  05/29
                                                          05/13
AVG. MAXIMUM     83.8              81.2     2.6     82.3
AVG. MINIMUM     71.9              70.4     1.5     71.6
MEAN             77.9              75.8     2.1     77.0
DAYS MAX >= 90      0               0.0     0.0        0
DAYS MAX <= 32      0               0.0     0.0        0
DAYS MIN <= 32      0               0.0     0.0        0
DAYS MIN <= 0       0               0.0     0.0        0

PRECIPITATION (INCHES)
RECORD
 MAXIMUM        12.59   1977
 MINIMUM         0.10   2000
TOTALS           1.58              2.07   -0.49     1.81
DAILY AVG.       0.05              0.07   -0.02     0.06
DAYS >= .01        16              14.2     1.8       17
DAYS >= .10         5               4.6     0.4        8
DAYS >= .50         1               0.9     0.1        0
DAYS >= 1.00        0               0.3    -0.3        0
GREATEST
 24 HR. TOTAL    0.66   05/27 TO 05/27              0.37

SNOWFALL (INCHES)
RECORDS
 TOTAL             MM   5
TOTALS            0.0               0.0     0.0      0.0
SINCE 7/1         0.0               0.0     0.0      0.0
SNOWDEPTH AVG.     MM                MM      MM        0
DAYS >= 1.0         0               0.0     0.0        0
GREATEST
 SNOW DEPTH        MM                                  0  MM
 24 HR TOTAL      0.0   05/31 TO 05/31               0.0

DEGREE_DAYS
HEATING TOTAL       0                 0       0        0
 SINCE 7/1          0                 0       0        0
COOLING TOTAL     406               335      71      379
 SINCE 1/1       1468              1239     229     1402
.................................................................

WIND (MPH)
AVERAGE WIND SPEED              12.0
HIGHEST WIND SPEED/DIRECTION    26/040    DATE  05/22
HIGHEST GUST SPEED/DIRECTION    32/040    DATE  05/22

SKY COVER
POSSIBLE SUNSHINE (PERCENT)   MM
AVERAGE SKY COVER             MM
NUMBER OF DAYS FAIR            0
NUMBER OF DAYS PC              0
NUMBER OF DAYS CLOUDY          0

AVERAGE RH (PERCENT)     MM

WEATHER CONDITIONS. NUMBER OF DAYS WITH
THUNDERSTORM              0     MIXED PRECIP               0
HEAVY RAIN                0     RAIN                       0
LIGHT RAIN                0     FREEZING RAIN              0
LT FREEZING RAIN          0     HAIL                       0
HEAVY SNOW                0     SNOW                       0
LIGHT SNOW                0     SLEET                      0
FOG                       5     FOG W/VIS <= 1/4 MILE      0
HAZE                      4

-  INDICATES NEGATIVE NUMBERS.
R  INDICATES RECORD WAS SET OR TIED.
MM INDICATES DATA IS MISSING.
T  INDICATES TRACE AMOUNT.

$$
