000
CXUS54 KLZK 011018
CLMLIT


CLIMATE REPORT
NATIONAL WEATHER SERVICE LITTLE ROCK AR
514 AM CDT TUE JUL 1 2014

...................................

...THE LITTLE ROCK ADAMS FIELD CLIMATE SUMMARY FOR THE MONTH OF JUNE 2014...

CLIMATE NORMAL PERIOD 1981 TO 2010
CLIMATE RECORD PERIOD 1874 TO 2014

WEATHER         OBSERVED          NORMAL  DEPART  LAST YEAR`S
                 VALUE   DATE(S)  VALUE   FROM    VALUE  DATE(S)
                                          NORMAL
................................................................
TEMPERATURE (F)
RECORD
 HIGH             107   06/28/2012
 LOW               46   06/03/1969
HIGHEST            93   06/22        89       4      101  06/27
                        06/07
LOWEST             62   06/14        68      -6       59  06/03
AVG. MAXIMUM     87.7              88.9    -1.2     89.3
AVG. MINIMUM     70.4              69.4     1.0     69.9
MEAN             79.1              79.1     0.0     79.6
DAYS MAX >= 90     16              14.3     1.7       16
DAYS MAX <= 32      0               0.0     0.0        0
DAYS MIN <= 32      0               0.0     0.0        0
DAYS MIN <= 0       0               0.0     0.0        0

PRECIPITATION (INCHES)
RECORD
 MAXIMUM        10.53   1877
 MINIMUM         0.00   1952
TOTALS           5.45              3.65    1.80     3.23
DAILY AVG.       0.18              0.12    0.06     0.11
DAYS >= .01        10               8.7     1.3        5
DAYS >= .10        10                                  3
DAYS >= .50         6                                  1
DAYS >= 1.00        1               0.9     0.1        1
GREATEST
 24 HR. TOTAL    1.54   06/08 TO 06/09

SNOWFALL (INCHES)
TOTALS            0.0               0.0     0.0      0.0
 LIQUID EQUIV    0.00              0.00    0.00     0.00
SINCE 7/1         6.2               3.5     2.7     10.6
 LIQUID 7/1      0.62                MM      MM     1.06
SNOWDEPTH AVG.      0
DAYS >= TRACE       0               0.0     0.0        0
DAYS >= 1.0         0                                  0
GREATEST
 SNOW DEPTH         0   MM
 24 HR TOTAL      0.0

DEGREE_DAYS
HEATING TOTAL       0                 0       0        0
 SINCE 7/1       3464              3052     412     3029
COOLING TOTAL     430               425       5      443
 SINCE 1/1        697               706      -9      704

FREEZE DATES
RECORD
 EARLIEST     10/20/1989
 LATEST       04/19/1983
EARLIEST      11/13             11/13
LATEST        03/26             03/19
.................................................

WIND (MPH)
AVERAGE WIND SPEED              6.6
HIGHEST WIND SPEED/DIRECTION    43/270    DATE  06/06
HIGHEST GUST SPEED/DIRECTION    60/260    DATE  06/06

SKY COVER
POSSIBLE SUNSHINE (PERCENT)   MM
AVERAGE SKY COVER           0.60
NUMBER OF DAYS FAIR            5
NUMBER OF DAYS PC             16
NUMBER OF DAYS CLOUDY          9

AVERAGE RH (PERCENT)     72

WEATHER CONDITIONS. NUMBER OF DAYS WITH
THUNDERSTORM              0     MIXED PRECIP               0
HEAVY RAIN                9     RAIN                       8
LIGHT RAIN               13     FREEZING RAIN              0
LT FREEZING RAIN          0     HAIL                       0
HEAVY SNOW                0     SNOW                       0
LIGHT SNOW                0     SLEET                      0
FOG                      13     FOG W/VIS <= 1/4 MILE      2
HAZE                      2

-  INDICATES NEGATIVE NUMBERS.
R  INDICATES RECORD WAS SET OR TIED.
MM INDICATES DATA IS MISSING.
T  INDICATES TRACE AMOUNT.

&&

...DATA FOR LITTLE ROCK ADAMS FIELD FOR JUNE 2014...

.SUMMARY...
FOR THE FIRST JUNE SINCE 2010...THERE WERE NO DAYS WITH TEMPERATURES
AT OR ABOVE 100 DEGREES. HIGHS WERE THE COLDEST IN A DECADE...WHILE
LOW TEMPERATURES WERE SLIGHTLY WARMER THAN LAST YEAR. FOR THE FIRST
TIME SINCE 2008...THERE WERE NO TEMPERATURES WARMER THAN 93 DEGREES
DURING THE MONTH.

THIS WAS THE NINTH CONSECUTIVE MONTH WITH AN AVERAGE TEMPERATURE AT
OR BELOW NORMAL.

RAINFALL WAS RATHER ABUNDANT AND FREQUENT...AND IT WAS THE FIRST
JUNE SINCE 2008 WITH RAINFALL AT OR ABOVE THE 30-YEAR AVERAGE.

.MONTHLY TEMPERATURES...
THE AVERAGE HIGH TEMPERATURE WAS THE COLDEST SINCE 2004.

THE AVERAGE LOW TEMPERATURE WAS THE WARMEST SINCE 2011.

THE AVERAGE MONTHLY TEMPERATURE WAS THE COLDEST SINCE 2006.

.DAILY AVERAGE TEMPERATURES...

ABOVE NORMAL ON 16 DAYS...NORMAL ON THREE DAYS...AND BELOW NORMAL ON
11 DAYS.

.NUMBER OF DAYS WITH TEMPERATURES...

HIGHS AT OR ABOVE 100 DEGREES....0...THE FEWEST SINCE 2010
HIGHS AT OR ABOVE  90 DEGREES...16...THE SAME AS 2013
HIGHS AT OR BELOW  80 DEGREES....2...MOST SINCE 2003
LOWS AT OR BELOW 70 DEGREES.....10...THE FEWEST SINCE 2010

.DAILY TEMPERATURE RECORDS TIED OR BROKEN DURING THE MONTH...

NONE.

.RAINFALL...

IT WAS THE WETTEST JUNE SINCE 2003...AND THE FIRST JUNE SINCE 2008
WITH RAINFALL AT OR ABOVE AVERAGE.

.DAILY RAINFALL RECORDS TIED OR BROKEN DURING THE MONTH...

NONE.

.OTHER PHENOMENA...

ON JUNE 6TH...SEVERE THUNDERSTORMS PRODUCED A 60 MPH WIND GUST AT
LITTLE ROCK ADAMS FIELD. THIS WAS THE HIGHEST WIND GUST SINCE
OCTOBER 24TH 2010...AND THE HIGHEST JUNE WIND GUST SINCE JUNE 3RD
2007. OVER ALL...IT RANKED AS THE 5TH HIGHEST WIND GUST ON RECORD IN
THE MONTH OF JUNE AT LITTLE ROCK.

$$

57
