000
CXUS54 KCRP 011619
CLMLRD

CLIMATE REPORT
NATIONAL WEATHER SERVICE CORPUS CHRISTI TX
1045 AM CDT SAT APR 1 2017

...................................

...THE LAREDO CLIMATE SUMMARY FOR THE MONTH OF MARCH 2017...

CLIMATE NORMAL PERIOD 1981 TO 2010
CLIMATE RECORD PERIOD 1900 TO 2017

WEATHER         OBSERVED          NORMAL  DEPART  LAST YEAR`S
                 VALUE   DATE(S)  VALUE   FROM    VALUE  DATE(S)
                                          NORMAL
................................................................
TEMPERATURE (F)
RECORD
 HIGH             105   03/06/1991
                        03/27/1984
                        03/26/1950
 LOW               25   03/03/1922
                        03/15/1909
HIGHEST            95   03/31        86       9       97  03/14
LOWEST             49   03/14        53      -4       46  03/21
AVG. MAXIMUM     83.4              79.8     3.6     83.7
AVG. MINIMUM     62.9              56.9     6.0     61.2
MEAN             73.1              68.4     4.7     72.4
DAYS MAX >= 90      8               4.1     3.9       10
DAYS MAX <= 32      0               0.0     0.0        0
DAYS MIN <= 32      0               0.3    -0.3        0
DAYS MIN <= 0       0               0.0     0.0        0

PRECIPITATION (INCHES)
RECORD
 MAXIMUM         4.78   2004
 MINIMUM         0.00   1978
            1977
            1973
TOTALS           2.34              1.12    1.22     3.97
DAILY AVG.       0.08              0.04    0.04     0.13
DAYS >= .01         6               4.4     1.6        5
DAYS >= .10         3               1.9     1.1        3
DAYS >= .50         2               0.6     1.4        2
DAYS >= 1.00        1               0.2     0.8        2
GREATEST
 24 HR. TOTAL    1.39   03/04 TO 03/04

SNOWFALL (INCHES)
RECORDS
 TOTAL             MM   MM
 24 HR TOTAL       MM
TOTALS            0.0                MM      MM      0.0
SINCE 7/1         0.0               0.0     0.0      0.0
SNOWDEPTH AVG.      0                MM      MM        0
DAYS >= 1.0         0                MM      MM
GREATEST
 SNOW DEPTH         0   MM                             0
 24 HR TOTAL      0.0   MM                           0.0

DEGREE_DAYS
HEATING TOTAL      16                69     -53       18
 SINCE 7/1        396               913    -517      594
COOLING TOTAL     276               173     103      257
 SINCE 1/1        582               258     324      375
..................................................

WIND (MPH)
AVERAGE WIND SPEED              10.7
HIGHEST WIND SPEED/DIRECTION    28/140    DATE  03/23
HIGHEST GUST SPEED/DIRECTION    38/120    DATE  03/23

SKY COVER
AVERAGE SKY COVER           0.40

AVERAGE RH (PERCENT)     66

WEATHER CONDITIONS. NUMBER OF DAYS WITH
THUNDERSTORM              4     MIXED PRECIP               0
HEAVY RAIN                3     RAIN                       4
LIGHT RAIN               11     FREEZING RAIN              0
LT FREEZING RAIN          0     HAIL                       0
HEAVY SNOW                0     SNOW                       0
LIGHT SNOW                0     SLEET                      0
FOG                       8     FOG W/VIS <= 1/4 MILE      0
HAZE                      1

-  INDICATES NEGATIVE NUMBERS.
R  INDICATES RECORD WAS SET OR TIED.
MM INDICATES DATA IS MISSING.
T  INDICATES TRACE AMOUNT.

$$

92
