000
CXUS53 KTOP 011416
CLMLWC


CLIMATE REPORT
NATIONAL WEATHER SERVICE TOPEKA KS
815 AM CST WED MAR 1 2017

...................................

...THE LAWRENCE KS CLIMATE SUMMARY FOR THE MONTH OF FEBRUARY 2017...

CLIMATE NORMAL PERIOD 1981 TO 2010
CLIMATE RECORD PERIOD 9999 TO 9999

WEATHER         OBSERVED          NORMAL  DEPART  LAST YEAR`S
                 VALUE   DATE(S)  VALUE   FROM    VALUE
                                          NORMAL
.............................................................
TEMPERATURE (F)
HIGHEST            82   02/22                         76
LOWEST             13   02/09                         13
AVG. MAXIMUM     57.9              45.4    12.5     52.7
AVG. MINIMUM     27.7              22.9     4.8     23.9
MEAN             42.8              34.1     8.7     38.3
DAYS MAX >= 90      0               0.0     0.0        0
DAYS MAX <= 32      1               4.0    -3.0        2
DAYS MIN <= 32     20              23.2    -3.2       24
DAYS MIN <= 0       0               0.4    -0.4        0

PRECIPITATION (INCHES)
TOTALS           0.03              1.30   -1.27     0.44
DAILY AVG.       0.00                               0.02
DAYS >= .01         2                                  2
DAYS >= .10         0                                  1
DAYS >= .50         0                                  0
DAYS >= 1.00        0                                  0
GREATEST
 24 HR. TOTAL    0.02   02/24 TO 02/24              0.44
                        02/23 TO 02/24
                        02/24 TO 02/24

DEGREE_DAYS
HEATING TOTAL     592               864    -272      768
 SINCE 7/1       3281              4015    -734     3502
COOLING TOTAL       0                 0       0        0
 SINCE 1/1          0                 0       0        0
..............................................................

WIND (MPH)
AVERAGE WIND SPEED              8.9
HIGHEST WIND SPEED/DIRECTION    33/190    DATE  02/10
HIGHEST GUST SPEED/DIRECTION    38/310    DATE  02/28

SKY COVER
POSSIBLE SUNSHINE (PERCENT)   MM
AVERAGE SKY COVER           0.20
NUMBER OF DAYS FAIR           20
NUMBER OF DAYS PC              7
NUMBER OF DAYS CLOUDY          1

AVERAGE RH (PERCENT)     64

WEATHER CONDITIONS. NUMBER OF DAYS WITH
THUNDERSTORM              0     MIXED PRECIP               0
HEAVY RAIN                0     RAIN                       0
LIGHT RAIN                2     FREEZING RAIN              0
LT FREEZING RAIN          0     HEAVY SNOW                 0
SNOW                      0     LIGHT SNOW                 2
FOG                      12     FOG W/VIS <= 1/4 MILE      4
HAZE                     11

-  INDICATES NEGATIVE NUMBERS.
R  INDICATES RECORD WAS SET OR TIED.
MM INDICATES DATA IS MISSING.
T  INDICATES TRACE AMOUNT.

$$
