000
CXUS54 KLZK 012206
CLMLZK


CLIMATE REPORT
NATIONAL WEATHER SERVICE LITTLE ROCK AR
500 PM CDT TUE SEP 1 2015

...................................

...THE NORTH LITTLE ROCK CLIMATE SUMMARY FOR THE MONTH OF AUGUST 2015...

CLIMATE NORMAL PERIOD 1981 TO 2010
CLIMATE RECORD PERIOD 1975 TO 2015

WEATHER         OBSERVED          NORMAL  DEPART  LAST YEAR`S
                 VALUE   DATE(S)  VALUE   FROM    VALUE  DATE(S)
                                          NORMAL
................................................................
TEMPERATURE (F)
RECORD
 HIGH             111   08/03/2011
                        08/30/2000
 LOW               53   08/29/1986
HIGHEST           101   08/08        93       8       97  08/24
                        08/07
LOWEST             62   08/20        72     -10       65  08/14
                                                          08/13
AVG. MAXIMUM     92.3              92.0     0.3     89.7
AVG. MINIMUM     70.5              72.0    -1.5     71.9
MEAN             81.4              82.0    -0.6     80.8
DAYS MAX >= 90     20              20.6    -0.6       15
DAYS MAX <= 32      0               0.0     0.0        0
DAYS MIN <= 32      0               0.0     0.0        0
DAYS MIN <= 0       0               0.0     0.0        0

PRECIPITATION (INCHES)
RECORD
 MAXIMUM         8.43   1991
 MINIMUM         0.01   2007
TOTALS           2.72              2.80   -0.08     2.26
DAILY AVG.       0.09              0.09    0.00     0.07
DAYS >= .01         5               6.7    -1.7        6
DAYS >= .10         3                                  3
DAYS >= .50         2                                  3
DAYS >= 1.00        1               0.8     0.2        0
GREATEST
 24 HR. TOTAL    1.61   08/22 TO 08/22

SNOWFALL (INCHES)
TOTALS            0.0               0.0     0.0      0.0
 LIQUID EQUIV    0.00              0.00    0.00     0.00
SINCE 7/1         0.0               0.0     0.0      0.0
 LIQUID 7/1      0.00              0.00    0.00     0.00
SNOWDEPTH AVG.      0
DAYS >= TRACE       0               0.0     0.0        0
DAYS >= 1.0         0                                  0
GREATEST
 SNOW DEPTH         0   MM
 24 HR TOTAL      0.0



DEGREE_DAYS
HEATING TOTAL       0                 0       0        0
 SINCE 7/1          0                 0       0        0
COOLING TOTAL     517               527     -10      498
 SINCE 1/1       1850              1777      73     1515

FREEZE DATES
RECORD
 EARLIEST     10/20/1989
 LATEST       04/19/1983
EARLIEST                        11/13
LATEST                          03/19
..................................................

WIND (MPH)
AVERAGE WIND SPEED              MM
HIGHEST WIND SPEED/DIRECTION    MM        DATE   MM
HIGHEST GUST SPEED/DIRECTION    MM        DATE   MM

SKY COVER
POSSIBLE SUNSHINE (PERCENT)   MM
AVERAGE SKY COVER             MM
NUMBER OF DAYS FAIR          MM
NUMBER OF DAYS PC            MM
NUMBER OF DAYS CLOUDY        MM

AVERAGE RH (PERCENT)     MM

WEATHER CONDITIONS. NUMBER OF DAYS WITH
THUNDERSTORM              0     MIXED PRECIP               0
HEAVY RAIN                2     RAIN                       2
LIGHT RAIN                3     FREEZING RAIN              0
LT FREEZING RAIN          0     HAIL                       0
HEAVY SNOW                0     SNOW                       0
LIGHT SNOW                0     SLEET                      0
FOG                       0     FOG W/VIS <= 1/4 MILE      0
HAZE                      1

-  INDICATES NEGATIVE NUMBERS.
R  INDICATES RECORD WAS SET OR TIED.
MM INDICATES DATA IS MISSING.
T  INDICATES TRACE AMOUNT.

&&

...DATA FOR NORTH LITTLE ROCK FOR AUGUST 2015...

.SUMMARY...
THE FIRST WEEK OF THE MONTH WAS THE WARMEST...WITH HIGH TEMPERATURES
IN THE UPPER 90S TO NEAR 100 DEGREES. NORTH LITTLE ROCK HIT THE
CENTURY MARK FOR THE FIRST TIME IN AUGUST SINCE 2012...REACHING 101
ON AUGUST 7TH AND 8TH.

DURING THE REMAINDER OF THE MONTH...TEMPERATURES WERE LARGELY BELOW
AVERAGE...HELPING AUGUST TO BE COOLER THAN AVERAGE FOR THE MONTH.
RAINFALL WAS SPARSE THROUGHOUT THE MONTH. THE HEAVIEST RAIN FELL ON
THE 22ND...WITH 1.61 INCHES. THIS MADE IT THE WETTEST AUGUST IN
SEVERAL YEARS.

.MONTHLY TEMPERATURES...
THE AVERAGE HIGH TEMPERATURE WAS THE WARMEST SINCE 2012. THE AVERAGE
LOW TEMPERATURE...HOWEVER...WAS THE COOLEST SINCE 2009. THE AVERAGE
MONTHLY TEMPERATURE WAS THE WARMEST SINCE 2012.

.DAILY TEMPERATURES...
ABOVE NORMAL ON 14 DAYS...NORMAL ON THREE DAYS...AND BELOW NORMAL ON
14 DAYS.

.TEMPERATURE RECORDS TIED OR BROKEN DURING THE MONTH...

DATE  RECORD TYPE                NEW RECORD       PREVIOUS RECORD
08TH  HIGH TEMPERATURE          101 IN 2015     101 IN 2011...2000
20TH  LOW TEMPERATURE            62 IN 2015          64 IN 1991

.MONTHLY RAINFALL...
IT WAS THE WETTEST AUGUST SINCE 2013...THOUGH RAINFALL WAS SLIGHTLY
BELOW AVERAGE.

.DAILY RAINFALL RECORDS TIED OR BROKEN DURING THE MONTH...

DATE     NEW RECORD       PREVIOUS RECORD
22ND    1.61 IN 2015        1.40 IN 1979

$$

57
