000
CXUS53 KDTX 011340
CLMMBS

CLIMATE REPORT
NATIONAL WEATHER SERVICE DETROIT/PONTIAC MI
837 AM EST MON FEB 1 2016

...................................

...THE  TRI CITIES MI CLIMATE SUMMARY FOR THE MONTH OF JANUARY 2016...

CLIMATE NORMAL PERIOD 1981 TO 2010
CLIMATE RECORD PERIOD 1898 TO 2016

WEATHER         OBSERVED          NORMAL  DEPART
                 VALUE   DATE(S)  VALUE   FROM
                                          NORMAL
................................................
TEMPERATURE (F)
HIGHEST            47   01/31        MM      MM
LOWEST              9   01/19        MM      MM
                        01/18
AVG. MAXIMUM     32.1              28.9     3.2
AVG. MINIMUM     21.3              15.6     5.7
MEAN             26.7              22.2     4.5
DAYS MAX >= 90      0               0.0     0.0
DAYS MAX <= 32     17              19.0    -2.0
DAYS MIN <= 32     29              29.0     0.0
DAYS MIN <= 0       0               3.3    -3.3

PRECIPITATION (INCHES)
TOTALS           2.04              1.71    0.33
DAILY AVG.       0.07              0.06    0.01
DAYS >= .01        10              10.6    -0.6
DAYS >= .10         5               4.2     0.8
DAYS >= .50         2               0.6     1.4
DAYS >= 1.00        0               0.1    -0.1
GREATEST
 24 HR. TOTAL    0.79   01/09 TO 01/10
 STORM TOTAL       MM
 (MM/DD(HH))            MM

SNOWFALL (INCHES)
TOTALS            8.1              11.9    -3.8
 LIQUID EQUIV    0.81              1.20   -0.39
SINCE 7/1        15.8              24.8    -9.0
 LIQUID 7/1      1.58
DAYS >= TRACE      18               8.8     9.2
DAYS >= 1.0         3               4.1    -1.1
GREATEST
 SNOW DEPTH         6   01/15
 24 HR TOTAL      2.5   01/10 TO 01/10
 STORM TOTAL       MM
 (MM/DD(HH))            MM

DEGREE_DAYS
HEATING TOTAL    1180              1325    -145
 SINCE 7/1       2985              3965    -980
COOLING TOTAL       0                 0       0
 SINCE 1/1          0                 0       0

FREEZE DATES
RECORD
 EARLIEST     MM
 LATEST       MM
EARLIEST      01/01             MM
LATEST                          MM
.................................................

WIND (MPH)
AVERAGE WIND SPEED              10.9
HIGHEST WIND SPEED/DIRECTION    32/310    DATE  01/10
HIGHEST GUST SPEED/DIRECTION    40/320    DATE  01/10

SKY COVER
POSSIBLE SUNSHINE (PERCENT)   MM
AVERAGE SKY COVER           0.70
NUMBER OF DAYS FAIR            4
NUMBER OF DAYS PC              8
NUMBER OF DAYS CLOUDY         19

AVERAGE RH (PERCENT)     71

WEATHER CONDITIONS. NUMBER OF DAYS WITH
THUNDERSTORM              0     MIXED PRECIP               0
HEAVY RAIN                0     RAIN                       4
LIGHT RAIN                8     FREEZING RAIN              0
LT FREEZING RAIN          0     HAIL                       0
HEAVY SNOW                1     SNOW                       2
LIGHT SNOW               18     SLEET                      0
FOG                      15     FOG W/VIS <= 1/4 MILE      4
HAZE                     28

-  INDICATES NEGATIVE NUMBERS.
R  INDICATES RECORD WAS SET OR TIED.
MM INDICATES DATA IS MISSING.
T  INDICATES TRACE AMOUNT.

$$
