000
CXUS56 KHNX 022358
CLMMCE


CLIMATE REPORT
NATIONAL WEATHER SERVICE SAN JOAQUIN VALLEY, CA
355 PM PST FRI DEC 2 2016

...................................

...THE MERCED CA AIRPORT CLIMATE SUMMARY FOR THE MONTH OF NOVEMBER 2016...

CLIMATE NORMAL PERIOD 1981 TO 2010
CLIMATE RECORD PERIOD 1998 TO 2016

WEATHER         OBSERVED          NORMAL  DEPART  LAST YEAR`S
                 VALUE   DATE(S)  VALUE   FROM    VALUE  DATE(S)
                                          NORMAL
................................................................
TEMPERATURE (F)
RECORD
 HIGH              90   MM
 LOW               27   11/29/2015
                        11/25/2010
                        11/24/2010
HIGHEST            82   11/11        MM      MM       77  11/01
LOWEST             33   11/25        MM      MM       27  11/29
AVG. MAXIMUM     67.5              64.1     3.4     61.9
AVG. MINIMUM     43.4              40.7     2.7     38.3
MEAN             55.5              52.4     3.1     50.1
DAYS MAX >= 90      0               0.0     0.0        0
DAYS MIN <= 32      0               2.9    -2.9        5

PRECIPITATION (INCHES)
RECORD
 MAXIMUM         2.02   2010
TOTALS           0.89              1.18   -0.29     1.72
DAYS >= .01         6                MM      MM        7
DAYS >= .10         3                MM      MM        4
DAYS >= .50         0                MM      MM        1
DAYS >= 1.00        0                MM      MM        1
GREATEST
 24 HR. TOTAL    0.62   11/26 TO 11/27

SNOWFALL (INCHES)
RECORDS
 TOTAL             MM   MM
TOTALS            0.0                MM

DEGREE_DAYS
HEATING TOTAL     280               379     -99      441
 SINCE 7/1        345               489    -144      453
COOLING TOTAL       1                 1       0        0
 SINCE 1/1       1649              1408     241     1781
.................................................................

WIND (MPH)
AVERAGE WIND SPEED              4.1
HIGHEST WIND SPEED/DIRECTION    23/330    DATE  11/15
HIGHEST GUST SPEED/DIRECTION    38/320    DATE  11/28

AVERAGE RH (PERCENT)     72

WEATHER CONDITIONS. NUMBER OF DAYS WITH
THUNDERSTORM              0     RAIN                       3
HAIL                      0     FOG                       25
FOG W/VIS <= 1/4 MILE    12     HAZE                      21

-  INDICATES NEGATIVE NUMBERS.
R  INDICATES RECORD WAS SET OR TIED.
MM INDICATES DATA IS MISSING.
T  INDICATES TRACE AMOUNT.

$$
