000
CXUS53 KGLD 021555
CLMMCK

CLIMATE REPORT
NATIONAL WEATHER SERVICE GOODLAND
844 AM MST TUE DEC 2 2014

...................................

...THE MCCOOK CLIMATE SUMMARY FOR THE MONTH OF NOVEMBER 2014...

CLIMATE NORMAL PERIOD 1981 TO 2010
CLIMATE RECORD PERIOD 1896 TO 2014

WEATHER         OBSERVED          NORMAL  DEPART  LAST YEAR`S
                 VALUE   DATE(S)  VALUE   FROM    VALUE  DATE(S)
                                          NORMAL
................................................................
TEMPERATURE (F)
RECORD
 HIGH              88   11/10/1912
 LOW              -11   11/14/1940
HIGHEST            78   11/28        76       2       71  11/13
                                                          11/08
                                                          11/03
LOWEST              0   11/13         9      -9       10  11/27
AVG. MAXIMUM     52.5              52.3     0.2     53.7
AVG. MINIMUM     20.2              24.1    -3.9     24.6
MEAN             36.3              38.2    -1.9     39.2
DAYS MAX >= 90      0               0.0     0.0        0
DAYS MAX <= 32      6               2.5     3.5        2
DAYS MIN <= 32     26              24.6     1.4       25
DAYS MIN <= 0       1               0.3     0.7        0

PRECIPITATION (INCHES)
RECORD
 MAXIMUM         3.73   1975
 MINIMUM            T   2014
TOTALS              TR             0.95   -0.95     0.48
DAILY AVG.          T              0.03   -0.03     0.02
DAYS >= .01         0               4.4    -4.4        1
DAYS >= .10         0               2.0    -2.0        1
DAYS >= .50         0               0.7    -0.7        0
DAYS >= 1.00        0               0.0     0.0        0
GREATEST
 24 HR. TOTAL       T   11/15 TO 11/15              0.48
                        11/01 TO 11/02


.................................................................



-  INDICATES NEGATIVE NUMBERS.
R  INDICATES RECORD WAS SET OR TIED.
MM INDICATES DATA IS MISSING.
T  INDICATES TRACE AMOUNT.

$$
