070
CXUS52 KMLB 011337
CLMMCO


CLIMATE REPORT
NATIONAL WEATHER SERVICE MELBOURNE FL
914 AM EDT SAT APR 1 2017

...................................

...THE ORLANDO AREA CLIMATE SUMMARY FOR THE MONTH OF MARCH 2017...

CLIMATE NORMAL PERIOD 1981 TO 2010
CLIMATE RECORD PERIOD 1892 TO 2017

WEATHER         OBSERVED          NORMAL  DEPART  LAST YEAR`S
                 VALUE   DATE(S)  VALUE   FROM    VALUE
                                          NORMAL
................................................................
TEMPERATURE (F)
MONTHLY RECORD
 WARMEST         73.7   1907
 COOLEST         59.1   1915
DAILY RECORD
 HIGH              97   03/30/1907
 LOW               25   03/03/1980
MARCH 2017
HIGHEST            91   03/29                      90
LOWEST             38   03/16                         43
AVG. MAXIMUM     81.0              78.0     3.0     81.9
AVG. MINIMUM     56.7              55.8     0.9     60.4
MEAN             68.8              66.9     1.9     71.2
DAYS MAX >= 90      2               0.2     1.8        1
DAYS MAX <= 32      0               0.0     0.0        0
DAYS MIN <= 32      0               0.0     0.0        0
DAYS MIN <= 0       0               0.0     0.0        0

PRECIPITATION (INCHES)
MONTHLY RECORD
 MAXIMUM        12.24   1930
 MINIMUM         0.02   2006
DAILY RECORD
 MAXIMUM         5.02   03/15/1960
MARCH 2017
TOTALS           0.10              3.77   -3.67     5.31
DAYS >= .01         3               7.4    -4.4        9
DAYS >= .10         0               4.8    -4.8        6
DAYS >= .50         0               2.4    -2.4        2
DAYS >= 1.00        0               1.3    -1.3        1
GREATEST
 24 HR. TOTAL    0.06   03/13 TO 03/13

SNOWFALL (INCHES)
TOTALS            0.0               0.0     0.0      0.0
SINCE 7/1         0.0               0.0     0.0      0.0
DAYS >= TRACE       0                                  0

DEGREE_DAYS
HEATING TOTAL      37                59     -22       16
 SINCE 7/1        206               558    -352      370
COOLING TOTAL     163               118      45      217
 SINCE 1/1        364               222     142      279
.................................................................

WIND (MPH)
AVERAGE WIND SPEED              8.6
HIGHEST WIND SPEED/DIRECTION    28/310    DATE  03/14
HIGHEST GUST SPEED/DIRECTION    35/040    DATE  03/23

SKY COVER
POSSIBLE SUNSHINE (PERCENT)   MM
AVERAGE SKY COVER           0.40
NUMBER OF DAYS FAIR           11
NUMBER OF DAYS PC             17
NUMBER OF DAYS CLOUDY          3

AVERAGE RH (PERCENT)     60

WEATHER CONDITIONS. NUMBER OF DAYS WITH
THUNDERSTORM              1     MIXED PRECIP               0
HEAVY RAIN                0     RAIN                       0
LIGHT RAIN                8     LT FREEZING RAIN           0
HAIL                      0     LIGHT SNOW                 0
SLEET                     0     FOG                        9
FOG W/VIS <= 1/4 MILE     1     HAZE                       2

-  INDICATES NEGATIVE NUMBERS.
R  INDICATES RECORD WAS SET OR TIED.
MM INDICATES DATA IS MISSING.
T  INDICATES TRACE AMOUNT.

$$
