000
CXUS53 KTOP 011416 CCA
CLMMHK

CLIMATE REPORT
NATIONAL WEATHER SERVICE TOPEKA KS...CORRECTION
912 AM CDT SUN OCT 1 2017

...................................

...THE MANHATTAN KS CLIMATE SUMMARY FOR THE MONTH OF SEPTEMBER 2017...

CLIMATE NORMAL PERIOD 1981 TO 2010
CLIMATE RECORD PERIOD 9999 TO 9999

WEATHER         OBSERVED          NORMAL  DEPART  LAST YEAR`S
                 VALUE   DATE(S)  VALUE   FROM    VALUE
                                          NORMAL
.............................................................
TEMPERATURE (F)
HIGHEST            97   09/22                         94
                        09/21
                        09/19
LOWEST             43   09/06                         43
AVG. MAXIMUM     86.0              81.0     5.0     83.7
AVG. MINIMUM     59.2              54.8     4.4     60.4
MEAN             72.6              67.9     4.7     72.1
DAYS MAX >= 90     11               4.7     6.3        9
DAYS MAX <= 32      0               0.0     0.0        0
DAYS MIN <= 32      0               0.1    -0.1        0
DAYS MIN <= 0       0               0.0     0.0        0

PRECIPITATION (INCHES)
TOTALS           0.87              3.17   -2.30     3.62
DAILY AVG.       0.03                               0.12
DAYS >= .01         8                                  7
DAYS >= .10         2                                  5
DAYS >= .50         1                                  3
DAYS >= 1.00        0                                  2
GREATEST
 24 HR. TOTAL    0.51   09/25 TO 09/25              1.42

DEGREE_DAYS
HEATING TOTAL      19                67     -48       25
 SINCE 7/1         19                70     -51       25
COOLING TOTAL     254               154     100      243
 SINCE 1/1       1509              1337     172     1699
..............................................................

WIND (MPH)
AVERAGE WIND SPEED              6.4
HIGHEST WIND SPEED/DIRECTION    28/170    DATE  09/19
HIGHEST GUST SPEED/DIRECTION    37/160    DATE  09/19

SKY COVER
POSSIBLE SUNSHINE (PERCENT)   MM
AVERAGE SKY COVER           0.20
NUMBER OF DAYS FAIR           25
NUMBER OF DAYS PC              3
NUMBER OF DAYS CLOUDY          2

AVERAGE RH (PERCENT)     67

WEATHER CONDITIONS. NUMBER OF DAYS WITH
THUNDERSTORM              5     MIXED PRECIP               0
HEAVY RAIN                2     RAIN                       2
LIGHT RAIN               10     FREEZING RAIN              0
LT FREEZING RAIN          0     HEAVY SNOW                 0
SNOW                      0     LIGHT SNOW                 0
FOG                       8     FOG W/VIS <= 1/4 MILE      1
HAZE                      2

-  INDICATES NEGATIVE NUMBERS.
R  INDICATES RECORD WAS SET OR TIED.
MM INDICATES DATA IS MISSING.
T  INDICATES TRACE AMOUNT.

$$
