000
CXUS52 KMFL 011511 CCA
CLMMIA

CLIMATE REPORT
NATIONAL WEATHER SERVICE MIAMI, FL
1108 AM EDT TUE APR 1 2014

...................................

...THE MIAMI CLIMATE SUMMARY FOR THE MONTH OF MARCH 2014...

CLIMATE NORMAL PERIOD 1981 TO 2010
CLIMATE RECORD PERIOD 1839 TO 2014

WEATHER         OBSERVED          NORMAL  DEPART  LAST YEAR`S
                 VALUE   DATE(S)  VALUE   FROM    VALUE
                                          NORMAL
.............................................................
TEMPERATURE (F)
RECORD
 HIGH              93   03/22/2003
 LOW               32   03/03/1980
HIGHEST            90   03/23                         90
LOWEST             57   03/26                         45
                        03/08
AVG. MAXIMUM     81.8              80.3     1.5     76.7
AVG. MINIMUM     65.5              64.9     0.6     59.2
MEAN             73.7              72.6     1.1     68.0
DAYS MAX >= 90      1                                  1
DAYS MAX <= 32      0                                  0
DAYS MIN <= 32      0                                  0
DAYS MIN <= 0       0                                  0

PRECIPITATION (INCHES)
RECORD
 MAXIMUM        10.57   1986
 MINIMUM         0.00   1902
TOTALS           2.61              3.00   -0.39     0.81
DAILY AVG.       0.08              0.10   -0.02
DAYS >= .01         8                                  4
DAYS >= .10         5                                  2
DAYS >= .50         1                                  1
DAYS >= 1.00        1                                  0
GREATEST
 24 HR. TOTAL    1.49   03/25 TO 03/25

SNOWFALL (INCHES)
RECORDS
 TOTAL            0.0   2002
                        2001
TOTALS            0.0               0.0     0.0      0.0
SINCE 7/1         0.0

DEGREE_DAYS
HEATING TOTAL       0                11     -11       34
 SINCE 7/1         61               127     -66       70
COOLING TOTAL     277               247      30      133
 SINCE 1/1        698               569     129      612
..............................................................

WIND (MPH)
AVERAGE WIND SPEED              8.5
HIGHEST WIND SPEED/DIRECTION    24/120    DATE  03/28
HIGHEST GUST SPEED/DIRECTION    46/150    DATE  03/16

SKY COVER
POSSIBLE SUNSHINE (PERCENT)   59
AVERAGE SKY COVER           0.50
NUMBER OF DAYS FAIR            7
NUMBER OF DAYS PC             20
NUMBER OF DAYS CLOUDY          4

AVERAGE RH (PERCENT)     66

WEATHER CONDITIONS. NUMBER OF DAYS WITH
THUNDERSTORM              3     MIXED PRECIP               0
HEAVY RAIN                5     RAIN                       4
LIGHT RAIN                7     FREEZING RAIN              0
LT FREEZING RAIN          0     HAIL                       0
HEAVY SNOW                0     SNOW                       0
LIGHT SNOW                0     SLEET                      0
FOG                       8     FOG W/VIS <= 1/4 MILE      0
HAZE                      0

-  INDICATES NEGATIVE NUMBERS.
R  INDICATES RECORD WAS SET OR TIED.
MM INDICATES DATA IS MISSING.
T  INDICATES TRACE AMOUNT.

...............................................................
...............DATA FOR MIAMI BEACH...MARCH 2014...............

...TEMPERATURE DATA...

AVERAGE FOR THE MONTH .... 71.8 OR 1.0 DEGREES ABOVE NORMAL.
AVERAGE MAXIMUM .......... 78.0 OR 1.7 DEGREES ABOVE NORMAL.
AVERAGE MINIMUM .......... 65.5 OR 0.2 DEGREES ABOVE NORMAL.            .

HIGHEST TEMPERATURE FOR THE MONTH: 85 DEGREES ON THE 24TH.
LOWEST  TEMPERATURE FOR THE MONTH: 57 DEGREES ON THE  9TH.


...PRECIPITATION...

TOTAL FOR THE MONTH 4.55 INCHES OR 1.55 INCHES ABOVE NORMAL.
TOTAL FOR THE YEAR  9.85 INCHES OR 2.43 INCHES ABOVE NORMAL.
GREATEST 24-HOUR PERIOD RAINFALL 1.40 INCHES ON THE 23RD.

NUMBER OF DAYS HAVING 0.01 INCHES OR MORE ... 8.
NUMBER OF DAYS HAVING 0.10 INCHES OR MORE ... 6.
NUMBER OF DAYS HAVING 0.50 INCHES OR MORE ... 3.
NUMBER OF DAYS HAVING 1.00 INCHES OR MORE ... 2.

...............................................................


...DATA FOR THE NATIONAL WEATHER SERVICE OFFICE (WEST MIAMI)...
                       ...MARCH 2014...

...TEMPERATURE DATA...

AVERAGE FOR THE MONTH .... 72.6 DEGREES.
AVERAGE MAXIMUM .......... 81.8 DEGREES.
AVERAGE MINIMUM .......... 63.3 DEGREES.

HIGHEST TEMPERATURE FOR THE MONTH: 90 DEGREES ON THE 24TH.
LOWEST  TEMPERATURE FOR THE MONTH: 56 DEGREES ON THE 8TH,15TH,26TH.


...PRECIPITATION...

TOTAL FOR THE MONTH.................  3.07 INCHES.
TOTAL FOR THE YEAR..................  3.62 INCHES.
GREATEST 24-HOUR PERIOD RAINFALL 1.86 INCHES ON THE 25TH.

NUMBER OF DAYS HAVING 0.01 INCHES OR MORE ... 7.
NUMBER OF DAYS HAVING 0.10 INCHES OR MORE ... 5.
NUMBER OF DAYS HAVING 0.50 INCHES OR MORE ... 1.
NUMBER OF DAYS HAVING 1.00 INCHES OR MORE ... 1.



...............................................................


$$
