000
CXUS53 KIND 011620
CLMMIE


CLIMATE REPORT
NATIONAL WEATHER SERVICE INDIANAPOLIS IN
1115 AM EST THU JAN 1 2015

...................................

...THE MUNCIE IN CLIMATE SUMMARY FOR THE MONTH OF DECEMBER 2014...

CLIMATE NORMAL PERIOD 1981 TO 2010
CLIMATE RECORD PERIOD 9999 TO 9999

WEATHER         OBSERVED          NORMAL  DEPART  LAST YEAR`S
                 VALUE   DATE(S)  VALUE   FROM    VALUE  DATE(S)
                                          NORMAL
................................................................
TEMPERATURE (F)
HIGHEST            57   12/23                         62  12/04
LOWEST             11   12/31                          2  12/12
AVG. MAXIMUM     39.3              37.9     1.4     37.0
AVG. MINIMUM     28.5              23.5     5.0     22.3
MEAN             33.9              30.7     3.2     29.6
DAYS MAX >= 90      0               0.0     0.0        0
DAYS MAX <= 32      5               9.5    -4.5       15
DAYS MIN <= 32     20              24.2    -4.2       25
DAYS MIN <= 0       0               1.2    -1.2        0

PRECIPITATION (INCHES)
TOTALS           1.83              2.88   -1.05     4.66
DAILY AVG.       0.06              0.09   -0.03     0.15
DAYS >= .01         9              12.8    -3.8        9
DAYS >= .10         5               7.1    -2.1        6
DAYS >= .50         1               1.9    -0.9        1
DAYS >= 1.00        0               0.3    -0.3        1
GREATEST
 24 HR. TOTAL    0.87   12/05 TO 12/06

DEGREE_DAYS
HEATING TOTAL     959              1063    -104     1089
 SINCE 7/1       2312              2198     114     2340
COOLING TOTAL       0                 0       0        0
 SINCE 1/1        831               956    -125      973
.................................................................

WIND (MPH)
AVERAGE WIND SPEED              8.7
HIGHEST WIND SPEED/DIRECTION    25/270    DATE  12/16
HIGHEST GUST SPEED/DIRECTION    37/270    DATE  12/16

SKY COVER
POSSIBLE SUNSHINE (PERCENT)   MM
AVERAGE SKY COVER           0.70
NUMBER OF DAYS FAIR            6
NUMBER OF DAYS PC              7
NUMBER OF DAYS CLOUDY         18

AVERAGE RH (PERCENT)     81

WEATHER CONDITIONS. NUMBER OF DAYS WITH
THUNDERSTORM              0     MIXED PRECIP               1
HEAVY RAIN                0     RAIN                       5
LIGHT RAIN               11     FREEZING RAIN              0
LT FREEZING RAIN          1     HAIL                       0
HEAVY SNOW                0     SNOW                       0
LIGHT SNOW                5     SLEET                      0
FOG                      25     FOG W/VIS <= 1/4 MILE      0
HAZE                     13

-  INDICATES NEGATIVE NUMBERS.
R  INDICATES RECORD WAS SET OR TIED.
MM INDICATES DATA IS MISSING.
T  INDICATES TRACE AMOUNT.

$$
