000
CXUS52 KMLB 011301
CLMMLB


CLIMATE REPORT
NATIONAL WEATHER SERVICE MELBOURNE FL
742 AM EST SUN FEB 1 2015

...................................

...THE MELBOURNE CLIMATE SUMMARY FOR THE MONTH OF JANUARY 2015...

CLIMATE NORMAL PERIOD 1981 TO 2010
CLIMATE RECORD PERIOD 1939 TO 2015

WEATHER         OBSERVED          NORMAL  DEPART  LAST YEAR`S
                 VALUE   DATE(S)  VALUE   FROM    VALUE  DATE(S)
                                          NORMAL
................................................................
TEMPERATURE (F)

MONTHLY RECORD
 WARMEST         71.2   1974
 COOLEST         52.2   1981

DAILY RECORD
 HIGH              89   01/07/1960
                        01/16/1957
 LOW               17   01/19/1977

JANUARY 2015
HIGHEST            85   01/04                         84
LOWEST             40   01/28                         30
AVG. MAXIMUM     72.6              71.4     1.2     70.1
AVG. MINIMUM     53.2              49.2     4.0     49.6
MEAN             62.9              60.3     2.6     59.9
DAYS MAX >= 90      0               0.0     0.0        0
DAYS MAX <= 32      0               0.0     0.0        0
DAYS MIN <= 32      0               1.6    -1.6        1
DAYS MIN <= 0       0               0.0     0.0        0

PRECIPITATION (INCHES)

MONTHLY RECORD
 MAXIMUM         8.17   1979
 MINIMUM            T   2012

DAILY RECORD
 MAXIMUM         4.70   01/12/1979

JANUARY 2015
TOTALS           2.48              2.27    0.21     5.78
DAYS >= .01         9               7.8     1.2       12
DAYS >= .10         5               4.2     0.8        7
DAYS >= .50         1               1.4    -0.4        3
DAYS >= 1.00        1               0.6     0.4        2
GREATEST
 24 HR. TOTAL    1.43   01/12 TO 01/13

SNOWFALL (INCHES)
TOTALS            0.0               0.0     0.0      0.0
SINCE 7/1         0.0               0.0     0.0      0.0
DAYS >= TRACE       0                                  0

DEGREE_DAYS
HEATING TOTAL     121               190     -69      207
 SINCE 7/1        268               369    -101      246
COOLING TOTAL      67                44      23       57
 SINCE 1/1         67                37      30       57
.................................................................

WIND (MPH)
AVERAGE WIND SPEED              8.9
HIGHEST WIND SPEED/DIRECTION    35/280    DATE  01/24
HIGHEST GUST SPEED/DIRECTION    43/270    DATE  01/26

SKY COVER
POSSIBLE SUNSHINE (PERCENT)   MM
AVERAGE SKY COVER           0.30
NUMBER OF DAYS FAIR           17
NUMBER OF DAYS PC             11
NUMBER OF DAYS CLOUDY          3

AVERAGE RH (PERCENT)     75

WEATHER CONDITIONS. NUMBER OF DAYS WITH
THUNDERSTORM              1     MIXED PRECIP               0
HEAVY RAIN                2     RAIN                       5
LIGHT RAIN                8     LT FREEZING RAIN           0
HAIL                      0     LIGHT SNOW                 0
SLEET                     0     FOG                       13
FOG W/VIS <= 1/4 MILE     3     HAZE                       3

-  INDICATES NEGATIVE NUMBERS.
R  INDICATES RECORD WAS SET OR TIED.
MM INDICATES DATA IS MISSING.
T  INDICATES TRACE AMOUNT.

$$

ULRICH
