000
CXUS52 KMLB 011956
CLMMLB

CLIMATE REPORT
NATIONAL WEATHER SERVICE MELBOURNE FL
256 PM EST SUN MAR 1 2015

...................................

...THE MELBOURNE CLIMATE SUMMARY FOR THE MONTH OF FEBRUARY 2015...

CLIMATE NORMAL PERIOD 1981 TO 2010
CLIMATE RECORD PERIOD 1939 TO 2015

WEATHER         OBSERVED          NORMAL  DEPART  LAST YEAR`S
                 VALUE   DATE(S)  VALUE   FROM    VALUE  DATE(S)
                                          NORMAL
................................................................
TEMPERATURE (F)
MONTHLY RECORD
 HOTTEST           70.9 1949
 COLDEST           54.9 1958

DAILY RECORD
 HIGH              92   02/24/1962
 LOW               27   02/26/1967

FEBRUARY 2015
HIGHEST            84   02/23                         86
LOWEST             34   02/20                         39
AVG. MAXIMUM     70.9              73.6    -2.7     76.7
AVG. MINIMUM     50.6              51.7    -1.1     56.6
MEAN             60.8              62.7    -1.9     66.7
DAYS MAX >= 90      0               0.0     0.0        0
DAYS MAX <= 32      0               0.0     0.0        0
DAYS MIN <= 32      0               0.5    -0.5        0
DAYS MIN <= 0       0               0.0     0.0        0

PRECIPITATION (INCHES)
MONTHLY RECORD
 MAXIMUM        11.14   1983
 MINIMUM         0.11   1939
DAILY RECORD
 MAXIMUM         3.60   3/12/1963
FEBRUARY 2015
TOTALS           3.63              2.53    1.10     1.28
DAYS >= .01         8               7.3     0.7       12
DAYS >= .10         7               4.5     2.5        3
DAYS >= .50         3               1.8     1.2        1
DAYS >= 1.00        2               0.7     1.3        0
GREATEST
 24 HR. TOTAL    1.23   02/05 TO 02/05

SNOWFALL (INCHES)
TOTALS            0.0               0.0     0.0      0.0
SINCE 7/1         0.0               0.0     0.0      0.0
DAYS >= TRACE       0                                  0

DEGREE_DAYS
HEATING TOTAL     142               120      22       60
 SINCE 7/1        410               489     -79      306
COOLING TOTAL      31                54     -23      111
 SINCE 1/1         98                98       0      168
.................................................................

WIND (MPH)
AVERAGE WIND SPEED              9.8
HIGHEST WIND SPEED/DIRECTION    28/300    DATE  02/19
HIGHEST GUST SPEED/DIRECTION    36/240    DATE  02/17

SKY COVER
POSSIBLE SUNSHINE (PERCENT)   MM
AVERAGE SKY COVER           0.30
NUMBER OF DAYS FAIR           17
NUMBER OF DAYS PC              8
NUMBER OF DAYS CLOUDY          3

AVERAGE RH (PERCENT)     72

WEATHER CONDITIONS. NUMBER OF DAYS WITH
THUNDERSTORM              3     MIXED PRECIP               0
HEAVY RAIN                4     RAIN                       4
LIGHT RAIN               11     LT FREEZING RAIN           0
HAIL                      0     LIGHT SNOW                 0
SLEET                     0     FOG                       11
FOG W/VIS <= 1/4 MILE     1     HAZE                       5

-  INDICATES NEGATIVE NUMBERS.
R  INDICATES RECORD WAS SET OR TIED.
MM INDICATES DATA IS MISSING.
T  INDICATES TRACE AMOUNT.


===========================================================


...THE MELBOURNE CLIMATE SUMMARY FOR THE WINTER SEASON, FROM
12/1/2014 TO 2/28/2015...

CLIMATE NORMAL PERIOD 1981 TO 2010
CLIMATE RECORD PERIOD 1939 TO 2015

WEATHER         OBSERVED          NORMAL  DEPART  LAST YEAR`S
                 VALUE   DATE(S)  VALUE   FROM    VALUE  DATE(S)
                                          NORMAL
................................................................
TEMPERATURE (F)
WINTER RECORDS
 WARMEST         68.6   1949
 COLDEST         57.2   1958

DAILY RECORD
 HIGH              92   02/24/1962
 LOW               17   01/19/1977

WINTER 2014-2015
HIGHEST            85   01/04                         86
                        12/24
LOWEST             34   02/20                         30
AVG. MAXIMUM     73.0              72.7     0.3     74.5
AVG. MINIMUM     53.7              51.2     2.5     55.5
MEAN             63.4              62.0     1.4     65.0
DAYS MAX >= 90      0               0.0     0.0        0
DAYS MAX <= 32      0               0.0     0.0        0
DAYS MIN <= 32      0               2.9    -2.9        1
DAYS MIN <= 0       0               0.0                0

PRECIPITATION (INCHES)
WINTER RECORDS
 MAXIMUM        18.23   1983
 MINIMUM         1.33   1939

WINTER 2014-2015
TOTALS           7.73              7.37    0.36     9.21
DAYS >= .01        28              23.0     5.0       31
DAYS >= .10        17              12.3     4.7       14
DAYS >= .50         5               4.7     0.3        7
DAYS >= 1.00        3               2.0     1.0        2
GREATEST
 24 HR. TOTAL    1.43   01/11 TO 01/12              2.55

SNOWFALL (INCHES)
TOTALS            0.0               0.0     0.0      0.0
SINCE 7/1         0.0                                0.0
SNOWDEPTH AVG.      0
DAYS >= TRACE       0                                  0

DEGREE_DAYS
HEATING TOTAL     345               447    -102      292
COOLING TOTAL     229               175      54      319
.................................................................

WIND (MPH)
AVERAGE WIND SPEED              8.6
HIGHEST WIND SPEED/DIRECTION    35/280    DATE  01/24
HIGHEST GUST SPEED/DIRECTION    43/270    DATE  01/26

SKY COVER
POSSIBLE SUNSHINE (PERCENT)   MM
AVERAGE SKY COVER           0.30
NUMBER OF DAYS FAIR           52
NUMBER OF DAYS PC             29
NUMBER OF DAYS CLOUDY          9

AVERAGE RH (PERCENT)     74

WEATHER CONDITIONS. NUMBER OF DAYS WITH
THUNDERSTORM              4     MIXED PRECIP               0
HEAVY RAIN                8     RAIN                      15
LIGHT RAIN               33     LT FREEZING RAIN           0
HAIL                      0     SLEET                      0
FOG                      44     FOG W/VIS <= 1/4 MILE      7
HAZE                     17

-  INDICATES NEGATIVE NUMBERS.
R  INDICATES RECORD WAS SET OR TIED.
MM INDICATES DATA IS MISSING.
T  INDICATES TRACE AMOUNT.

$$
