000
CXUS52 KMLB 011551
CLMMLB


CLIMATE REPORT
NATIONAL WEATHER SERVICE MELBOURNE FL
1126 AM EDT SAT AUG 1 2015

...................................

...THE MELBOURNE CLIMATE SUMMARY FOR THE MONTH OF JULY 2015...

CLIMATE NORMAL PERIOD 1981 TO 2010
CLIMATE RECORD PERIOD 1939 TO 2015

WEATHER         OBSERVED          NORMAL  DEPART  LAST YEAR`S
                 VALUE   DATE(S)  VALUE   FROM    VALUE  DATE(S)
                                          NORMAL
................................................................
TEMPERATURE (F)
MONTHLY RECORD
 HOTTEST         83.9   1998
 COLDEST         79.0   1974
DAILY RECORD
 HIGH             102   07/14/1980
 LOW               60   07/02/1977

JULY 2015
HIGHEST            97   07/02                         95
LOWEST             69   07/07                         71
AVG. MAXIMUM     90.3              90.7    -0.4     90.5
AVG. MINIMUM     72.7              72.6     0.1     74.5
MEAN             81.5              81.7    -0.2     82.5
DAYS MAX >= 90     19              18.3     0.7       16
DAYS MAX <= 32      0               0.0     0.0        0
DAYS MIN <= 32      0               0.0     0.0        0
DAYS MIN <= 0       0               0.0     0.0        0

PRECIPITATION (INCHES)
MONTHLY RECORD
 MAXIMUM        13.40   1944
 MINIMUM         0.81   1955
DAILY RECORD
 MAXIMUM         3.85   7/5/1956

JULY 2015
TOTALS          10.66              5.96    4.70    11.20
DAYS >= .01        20              12.1     7.9       20
DAYS >= .10        15               8.7     6.3       17
DAYS >= .50         7               4.4     2.6        7
DAYS >= 1.00        4               1.8     2.2        5
GREATEST
 24 HR. TOTAL    2.51   07/16 TO 07/17

SNOWFALL (INCHES)
TOTALS            0.0               0.0     0.0      0.0
SINCE 7/1         0.0               0.0     0.0      0.0
DAYS >= TRACE       0                                  0

DEGREE_DAYS
HEATING TOTAL       0                 0       0        0
 SINCE 7/1          0                 0       0        0
COOLING TOTAL     521               516       5      550
 SINCE 1/1       2123              1704     419     1904
.................................................................

WIND (MPH)
AVERAGE WIND SPEED              7.5
HIGHEST WIND SPEED/DIRECTION    31/220    DATE  07/27
HIGHEST GUST SPEED/DIRECTION    40/200    DATE  07/27

SKY COVER
POSSIBLE SUNSHINE (PERCENT)   MM
AVERAGE SKY COVER           0.20
NUMBER OF DAYS FAIR           24
NUMBER OF DAYS PC              7
NUMBER OF DAYS CLOUDY          0

AVERAGE RH (PERCENT)     78

WEATHER CONDITIONS. NUMBER OF DAYS WITH
THUNDERSTORM             24     MIXED PRECIP               0
HEAVY RAIN               11     RAIN                      15
LIGHT RAIN               21     LT FREEZING RAIN           0
HAIL                      0     LIGHT SNOW                 0
SLEET                     0     FOG                       23
FOG W/VIS <= 1/4 MILE     0     HAZE                       6

-  INDICATES NEGATIVE NUMBERS.
R  INDICATES RECORD WAS SET OR TIED.
MM INDICATES DATA IS MISSING.
T  INDICATES TRACE AMOUNT.

$$
