000
CXUS52 KMLB 011931 AAA
CLMMLB

CLIMATE REPORT...AMENDED TO ADD SEASONAL CLIMATE
NATIONAL WEATHER SERVICE MELBOURNE FL
0230 PM EST WED MAR 1 2017

...................................

...THE MELBOURNE CLIMATE SUMMARY FOR THE MONTH OF FEBRUARY
2017...

CLIMATE NORMAL PERIOD 1981 TO 2010
CLIMATE RECORD PERIOD 1939 TO 2017

WEATHER         OBSERVED          NORMAL  DEPART  LAST YEAR`S
                 VALUE   DATE(S)  VALUE   FROM    VALUE  DATE(S)
                                          NORMAL
................................................................
TEMPERATURE (F)
MONTHLY RECORD
 HOTTEST         70.9     1949
 COLDEST         54.9     1958
DAILY RECORD
 HIGH              92   02/24/1962
 LOW               27   02/26/1967
FEBRUARY 2017
HIGHEST            85   02/08                         83
LOWEST             42   02/01                         36
AVG. MAXIMUM     78.3              73.6     4.7     72.2
AVG. MINIMUM     56.3              51.7     4.6     51.7
MEAN             67.3              62.7     4.6     61.9
DAYS MAX >= 90      0               0.0     0.0        0
DAYS MAX <= 32      0               0.0     0.0        0
DAYS MIN <= 32      0               0.5    -0.5        0
DAYS MIN <= 0       0               0.0     0.0        0

PRECIPITATION (INCHES)
MONTHLY RECORD
 MAXIMUM        11.14   1983
 MINIMUM         0.11   1939
DAILY RECORD
 MAXIMUM         3.60   02/12/1963
FEBRUARY 2017
TOTALS           3.43              2.53    0.90     2.03
DAYS >= .01         3               7.3    -4.3        9
DAYS >= .10         3               4.5    -1.5        4
DAYS >= .50         2               1.8     0.2        2
DAYS >= 1.00        1               0.7     0.3        0
GREATEST
 24 HR. TOTAL    2.50   02/22 TO 02/22

SNOWFALL (INCHES)
TOTALS            0.0               0.0     0.0      0.0
SINCE 7/1         0.0               0.0     0.0      0.0
DAYS >= TRACE       0                                  0

DEGREE_DAYS
HEATING TOTAL      30               120     -90      138
 SINCE 7/1        178               489    -311      321
COOLING TOTAL     100                54      46       54
 SINCE 1/1        178                98      80       90
.................................................................

WIND (MPH)
AVERAGE WIND SPEED              8.2
HIGHEST WIND SPEED/DIRECTION    30/240    DATE  02/15
HIGHEST GUST SPEED/DIRECTION    43/250    DATE  02/15

SKY COVER
POSSIBLE SUNSHINE (PERCENT)   MM
AVERAGE SKY COVER           0.20
NUMBER OF DAYS FAIR           20
NUMBER OF DAYS PC              7
NUMBER OF DAYS CLOUDY          1

AVERAGE RH (PERCENT)     75

WEATHER CONDITIONS. NUMBER OF DAYS WITH
THUNDERSTORM              3     MIXED PRECIP               0
HEAVY RAIN                3     RAIN                       3
LIGHT RAIN                3     LT FREEZING RAIN           0
HAIL                      0     LIGHT SNOW                 0
SLEET                     0     FOG                       18
FOG W/VIS <= 1/4 MILE     2     HAZE                       3

-  INDICATES NEGATIVE NUMBERS.
R  INDICATES RECORD WAS SET OR TIED.
MM INDICATES DATA IS MISSING.
T  INDICATES TRACE AMOUNT.

...................................

...THE MELBOURNE CLIMATE SUMMARY FOR THE WINTER SEASON, FROM
12/1/2016 TO 2/28/2017...

CLIMATE NORMAL PERIOD 1981 TO 2010
CLIMATE RECORD PERIOD 1939 TO 2017

WEATHER         OBSERVED          NORMAL  DEPART  LAST YEAR`S
                 VALUE   DATE(S)  VALUE   FROM    VALUE  DATE(S)
                                          NORMAL
................................................................
TEMPERATURE (F)
WINTER RECORRDS
 WARMEST         68.6   1949
 COLDEST         57.2   1958
DAILY RECORD
 HIGH              92   02/24/1962
 LOW               17   01/19/1977
WINTER 2016-2017
HIGHEST            87   01/22        73      14       87  12/29
                        12/05
LOWEST             37   01/31        51     -14       33  01/24
AVG. MAXIMUM     77.2              72.7     4.5     74.0
AVG. MINIMUM     56.6              51.2     5.4     56.8
MEAN             66.9              62.0     4.9     65.5
DAYS MAX >= 90      0               0.0     0.0        0
DAYS MAX <= 32      0               0.0     0.0        0
DAYS MIN <= 32      0               2.9    -2.9        0
DAYS MIN <= 0       0               0.0                0

PRECIPITATION (INCHES)
WINTER RECORDS
 MAXIMUM        18.23   1983
 MINIMUM         1.33   1939

WINTER 2016-2017
TOTALS           5.21              7.37   -2.16    13.55
DAYS >= .01        15              23.0    -8.0       34
DAYS >= .10         8              12.3    -4.3       19
DAYS >= .50         3               4.7    -1.7       10
DAYS >= 1.00        1               2.0    -1.0        4
GREATEST
 24 HR. TOTAL    2.50   02/22 TO 02/22              2.21

SNOWFALL (INCHES)
TOTALS            0.0               0.0     0.0      0.0
SINCE 7/1         0.0                                0.0
SNOWDEPTH AVG.      0
DAYS >= TRACE       0                                  0

DEGREE_DAYS
HEATING TOTAL     159               447    -288      316
COOLING TOTAL     354               175     179      374
.................................................................

WIND (MPH)
AVERAGE WIND SPEED              8.2
HIGHEST WIND SPEED/DIRECTION    37/260    DATE  01/23
HIGHEST GUST SPEED/DIRECTION    45/260    DATE  01/23

SKY COVER
POSSIBLE SUNSHINE (PERCENT)   MM
AVERAGE SKY COVER           0.30
NUMBER OF DAYS FAIR           58
NUMBER OF DAYS PC             25
NUMBER OF DAYS CLOUDY          7

AVERAGE RH (PERCENT)     76

WEATHER CONDITIONS. NUMBER OF DAYS WITH
THUNDERSTORM              7     MIXED PRECIP               0
HEAVY RAIN                6     RAIN                       8
LIGHT RAIN               24     LT FREEZING RAIN           0
HAIL                      0     SLEET                      0
FOG                      62     FOG W/VIS <= 1/4 MILE     13
HAZE                      7

-  INDICATES NEGATIVE NUMBERS.
R  INDICATES RECORD WAS SET OR TIED.
MM INDICATES DATA IS MISSING.
T  INDICATES TRACE AMOUNT.

$$
