806
CXUS53 KDVN 011000
CLMMLI


CLIMATE REPORT
NATIONAL WEATHER SERVICE QUAD CITIES IA IL
500 AM CDT SAT APR 1 2017

...................................

...THE MOLINE CLIMATE SUMMARY FOR THE MONTH OF MARCH 2017...

CLIMATE NORMAL PERIOD 1981 TO 2010
CLIMATE RECORD PERIOD 1872 TO 2017

WEATHER         OBSERVED          NORMAL  DEPART
                 VALUE   DATE(S)  VALUE   FROM
                                          NORMAL
................................................
TEMPERATURE (F)
RECORD
 HIGH              88   03/29/1986
 LOW              -19   03/06/1960
HIGHEST            81   03/24        56      25
LOWEST             11   03/15        24     -13
AVG. MAXIMUM     49.7              48.8     0.9
AVG. MINIMUM     31.7              29.4     2.3
MEAN             40.7              39.1     1.6
DAYS MAX >= 90      0               0.0     0.0
DAYS MAX <= 32      2               2.8    -0.8
DAYS MIN <= 32     15              19.1    -4.1
DAYS MIN <= 0       0               0.1    -0.1

PRECIPITATION (INCHES)
RECORD
 MAXIMUM         7.43   1973
 MINIMUM         0.17   1885
TOTALS           3.49              2.86    0.63
DAILY AVG.       0.11              0.09    0.02
DAYS >= .01        14              10.1     3.9
DAYS >= .10         7
DAYS >= .50         3
DAYS >= 1.00        1               0.6     0.4
GREATEST
 24 HR. TOTAL    1.44   03/29 TO 03/30

SNOWFALL (INCHES)
RECORDS
 TOTAL           24.8   1923
TOTALS            5.9               4.0     1.9
SINCE 7/1        22.4              30.7    -8.3
SNOWDEPTH AVG.      T
DAYS >= TRACE       3               3.2    -0.2
DAYS >= 1.0         3               1.4     1.6
GREATEST
 SNOW DEPTH         4   03/13
 24 HR TOTAL      4.8   03/12 TO 03/13

DEGREE_DAYS
HEATING TOTAL     746               804     -58
 SINCE 7/1       4549              5602   -1053
COOLING TOTAL       0                 1      -1
 SINCE 1/1          0                 1      -1
.................................................

WIND (MPH)
AVERAGE WIND SPEED              11.2
HIGHEST WIND SPEED/DIRECTION    47/260    DATE  03/06
HIGHEST GUST SPEED/DIRECTION    57/270    DATE  03/06

SKY COVER
POSSIBLE SUNSHINE (PERCENT)   MM
AVERAGE SKY COVER           0.50
NUMBER OF DAYS FAIR           12
NUMBER OF DAYS PC             10
NUMBER OF DAYS CLOUDY          9

AVERAGE RH (PERCENT)     63

WEATHER CONDITIONS. NUMBER OF DAYS WITH
THUNDERSTORM              5     HAIL                       0
SLEET                     0     FOG                       15
FOG W/VIS <= 1/4 MILE     1     HAZE                       5

-  INDICATES NEGATIVE NUMBERS.
R  INDICATES RECORD WAS SET OR TIED.
MM INDICATES DATA IS MISSING.
T  INDICATES TRACE AMOUNT.

$$


NOTE: SUPPLEMENTAL CLIMATE DATA WAS USED FROM A NEARBY
CLIMATOLOGICALLY REPRESENTATIVE STATION.
