422
CXUS51 KCAR 020043
CLMMLT


CLIMATE REPORT
NATIONAL WEATHER SERVICE CARIBOU, ME
742 PM EST MON FEB 1 2016

...................................

...THE MILLINOCKET ME CLIMATE SUMMARY FOR THE MONTH OF JANUARY 2016...

CLIMATE NORMAL PERIOD 1981 TO 2010
CLIMATE RECORD PERIOD 1903 TO 2016

WEATHER         OBSERVED          NORMAL  DEPART  LAST YEAR`S
                 VALUE   DATE(S)  VALUE   FROM    VALUE  DATE(S)
                                          NORMAL
................................................................
TEMPERATURE (F)
RECORD
 HIGH              57   01/05/1950
 LOW              -41   01/19/1925
HIGHEST            51   01/11        MM      MM       46  01/19
                        01/10
LOWEST             -4   01/15        MM      MM      -18  01/14
AVG. MAXIMUM     31.1              23.7     7.4     23.3
AVG. MINIMUM     13.4               4.3     9.1      2.2
MEAN             22.2              14.0     8.2     12.7
DAYS MAX >= 90      0               0.0     0.0        0
DAYS MAX <= 32     16              24.3    -8.3       28
DAYS MIN <= 32     31              30.8     0.2       31
DAYS MIN <= 0       5              11.9    -6.9       13

PRECIPITATION (INCHES)
RECORD
 MAXIMUM           MM   MM
 MINIMUM           MM   MM
TOTALS           2.07                     -0.86
DAILY AVG.       0.07              0.09   -0.02     0.06
DAYS >= .01         5                MM      MM       11
DAYS >= .10         3                MM      MM        7
DAYS >= .50         1                MM      MM        0
DAYS >= 1.00        1                MM      MM        0

SNOWFALL (INCHES)
RECORDS
 TOTAL             MM   MM
TOTALS             MM                MM      MM       MM
SINCE 7/1          MM                MM      MM       MM
SNOWDEPTH AVG.     MM                MM      MM       MM
DAYS >= 1.0         0                MM      MM        0
GREATEST
 SNOW DEPTH        MM                                 MM  MM
 24 HR TOTAL       MM                                 MM

DEGREE_DAYS
HEATING TOTAL    1318              1581    -263     1613
 SINCE 7/1       3818              4746    -928     4398
COOLING TOTAL       0                 0       0        0
 SINCE 1/1          0                 0       0        0
.................................................................

WIND (MPH)
AVERAGE WIND SPEED              6.6
HIGHEST WIND SPEED/DIRECTION    30/300    DATE  01/19
HIGHEST GUST SPEED/DIRECTION    48/310    DATE  01/19

SKY COVER
POSSIBLE SUNSHINE (PERCENT)   MM
AVERAGE SKY COVER           0.50
NUMBER OF DAYS FAIR           12
NUMBER OF DAYS PC              9
NUMBER OF DAYS CLOUDY         10

AVERAGE RH (PERCENT)     66

WEATHER CONDITIONS. NUMBER OF DAYS WITH
THUNDERSTORM              0     MIXED PRECIP               0
HEAVY RAIN                1     RAIN                       1
LIGHT RAIN                3     FREEZING RAIN              0
LT FREEZING RAIN          0     HAIL                       0
HEAVY SNOW                1     SNOW                       1
LIGHT SNOW               14     SLEET                      0
FOG                      12     FOG W/VIS <= 1/4 MILE      2
HAZE                     10

-  INDICATES NEGATIVE NUMBERS.
R  INDICATES RECORD WAS SET OR TIED.
MM INDICATES DATA IS MISSING.
T  INDICATES TRACE AMOUNT.

$$
