000
CXUS51 KPHI 022034
CLMMPO


CLIMATE REPORT
NATIONAL WEATHER SERVICE MOUNT HOLLY NJ
434 PM EDT FRI JUN 2 2017

...................................

...THE MOUNT POCONO PA CLIMATE SUMMARY FOR THE MONTH OF MAY 2017...

CLIMATE NORMAL PERIOD 1981 TO 2010
CLIMATE RECORD PERIOD 1901 TO 2017

WEATHER         OBSERVED          NORMAL  DEPART  LAST YEAR`S
                 VALUE   DATE(S)  VALUE   FROM    VALUE
                                          NORMAL
.............................................................
TEMPERATURE (F)
RECORD
 HIGH              94   05/22/1911
 LOW               18   05/15/1914
HIGHEST            86                MM      MM       85
LOWEST             32                MM      MM       29
AVG. MAXIMUM     61.9              65.2    -3.3     63.4
AVG. MINIMUM     44.4              45.0    -0.6     42.6
MEAN             53.1              55.1    -2.0     53.0
DAYS MAX >= 90      0               0.0     0.0        0
DAYS MAX <= 32      0               0.0     0.0        0
DAYS MIN <= 32      1               1.7    -0.7        3
DAYS MIN <= 0       0               0.0     0.0        0

PRECIPITATION (INCHES)
RECORD
 MAXIMUM        10.58   1989
 MINIMUM         0.00   2013
                        1930
TOTALS           4.09              4.39   -0.30     5.91
DAILY AVG.       0.13              0.14   -0.01     0.19
DAYS >= .01        15                MM      MM       16
DAYS >= .10         8                MM      MM       11
DAYS >= .50         3                MM      MM        5
DAYS >= 1.00        1                MM      MM        2
GREATEST
 24 HR. TOTAL    1.31   05/13 TO 05/13              1.30

DEGREE_DAYS
HEATING TOTAL     376               322      54      394
 SINCE 7/1       6524              7016    -492     6052
COOLING TOTAL      15                15       0       29
 SINCE 1/1         18                19      -1       29
..............................................................

WIND (MPH)
AVERAGE WIND SPEED              9.4
HIGHEST WIND SPEED/DIRECTION    31/310    DATE  05/15
HIGHEST GUST SPEED/DIRECTION    45/320    DATE  05/15

SKY COVER
POSSIBLE SUNSHINE (PERCENT)   MM
AVERAGE SKY COVER           0.60
NUMBER OF DAYS FAIR            7
NUMBER OF DAYS PC              9
NUMBER OF DAYS CLOUDY         15

AVERAGE RH (PERCENT)     75

WEATHER CONDITIONS. NUMBER OF DAYS WITH
THUNDERSTORM              0     MIXED PRECIP               0
HEAVY RAIN                3     RAIN                       7
LIGHT RAIN               22     FREEZING RAIN              0
LT FREEZING RAIN          0     HEAVY SNOW                 0
SNOW                      0     LIGHT SNOW                 1
SLEET                     0     FOG                       15
FOG W/VIS <= 1/4 MILE     8     HAZE                       2

-  INDICATES NEGATIVE NUMBERS.
R  INDICATES RECORD WAS SET OR TIED.
MM INDICATES DATA IS MISSING.
T  INDICATES TRACE AMOUNT.

$$
