000
CXUS54 KHUN 021535
CLMMSL


CLIMATE REPORT
NATIONAL WEATHER SERVICE HUNTSVILLE AL
1031 AM CDT SUN JUL 2 2017

...................................

...THE MUSCLE SHOALS CLIMATE SUMMARY FOR THE MONTH OF JUNE 2017...

CLIMATE NORMAL PERIOD 1981 TO 2010
CLIMATE RECORD PERIOD 1893 TO 2017

WEATHER         OBSERVED          NORMAL  DEPART  LAST YEAR`S
                 VALUE   DATE(S)  VALUE   FROM    VALUE
                                          NORMAL
.............................................................
TEMPERATURE (F)
RECORD
 HIGH             108   06/26/1914
 LOW               42   06/01/1894
HIGHEST            93   06/12        MM      MM       96
LOWEST             53   06/09        MM      MM       57
AVG. MAXIMUM     87.5              87.8    -0.3     91.3
AVG. MINIMUM     65.3              66.3    -1.0     68.4
MEAN             76.4              77.0    -0.6     79.9
DAYS MAX >= 90      9              11.6    -2.6       20
DAYS MAX <= 32      0               0.0     0.0        0
DAYS MIN <= 32      0               0.0     0.0        0
DAYS MIN <= 0       0               0.0     0.0        0

PRECIPITATION (INCHES)
RECORD
 MAXIMUM        13.43   1989
 MINIMUM         0.43   1944
TOTALS           2.62              4.76   -2.14     4.69
DAILY AVG.       0.09              0.16   -0.07
DAYS >= .01        12              10.3     1.7        9
DAYS >= .10         5               6.8    -1.8        7
DAYS >= .50         1               3.1    -2.1        4
DAYS >= 1.00        1               1.5    -0.5        1
GREATEST
 24 HR. TOTAL    1.18   06/23 TO 06/23              1.11

SNOWFALL (INCHES)
RECORDS
 TOTAL              T   1994
                        1993
 24 HR TOTAL      0.0   MM
TOTALS            0.0               0.0     0.0      0.0
SINCE 7/1           T               2.2    -2.2        T
DAYS >= TRACE       0               0.0     0.0
DAYS >= 1.0         0               0.0     0.0
GREATEST
 24 HR TOTAL      0.0   06/30 TO 06/30               0.0

DEGREE_DAYS
HEATING TOTAL       0                 1      -1        0
 SINCE 7/1       2094              3104   -1010     2360
COOLING TOTAL     349               362     -13      452
 SINCE 1/1        678               606      72      719

FREEZE DATES
RECORD
 EARLIEST     10/03/1908
 LATEST       04/27/1919
EARLIEST      02/03             11/07
LATEST        03/16             03/28
..............................................................

WIND (MPH)
AVERAGE WIND SPEED              4.8
HIGHEST WIND SPEED/DIRECTION    26/260    DATE  06/23
HIGHEST GUST SPEED/DIRECTION    38/190    DATE  06/03

AVERAGE RH (PERCENT)     69


-  INDICATES NEGATIVE NUMBERS.
R  INDICATES RECORD WAS SET OR TIED.
MM INDICATES DATA IS MISSING.
T  INDICATES TRACE AMOUNT.

$$
